	(3501, 'Ingresado detalle-operaciones', '2022-12-14 15:15:20', 1263, 'IP:172.31.100.102; BROWSER:Chrome-108.0.0.0; OS:Windows'),
	(3502, 'Ingresado detalle-operaciones', '2022-12-14 15:15:50', 1263, 'IP:172.31.100.102; BROWSER:Chrome-108.0.0.0; OS:Windows'),
	(3503, 'Ingresado detalle-operaciones', '2022-12-14 15:16:08', 1263, 'IP:172.31.100.102; BROWSER:Chrome-108.0.0.0; OS:Windows'),
	(3504, 'Ingresado detalle-operaciones', '2022-12-14 15:16:10', 1263, 'IP:172.31.100.102; BROWSER:Chrome-108.0.0.0; OS:Windows'),
	(3505, 'Ingresado detalle-operaciones', '2022-12-14 15:16:16', 1263, 'IP:172.31.100.102; BROWSER:Chrome-108.0.0.0; OS:Windows'),
	(3506, 'Ingresado detalle-operaciones', '2022-12-14 15:16:18', 1263, 'IP:172.31.100.102; BROWSER:Chrome-108.0.0.0; OS:Windows'),
	(3507, 'Ingresado detalle-operaciones', '2022-12-14 15:16:19', 1263, 'IP:172.31.100.102; BROWSER:Chrome-108.0.0.0; OS:Windows'),
	(3508, 'Ingresado detalle-operaciones', '2022-12-14 15:16:20', 1263, 'IP:172.31.100.102; BROWSER:Chrome-108.0.0.0; OS:Windows'),
	(3509, 'Ingresado detalle-operaciones', '2022-12-14 15:16:38', 1263, 'IP:172.31.100.102; BROWSER:Chrome-108.0.0.0; OS:Windows'),
	(3510, 'Ingresado detalle-operaciones', '2022-12-14 15:23:23', 1263, 'IP:172.31.100.102; BROWSER:Chrome-108.0.0.0; OS:Windows'),
	(3511, 'Ingresado detalle-operaciones', '2022-12-14 15:23:24', 1263, 'IP:172.31.100.102; BROWSER:Chrome-108.0.0.0; OS:Windows'),
	(3512, 'Ingresado detalle-operaciones', '2022-12-14 15:23:25', 1263, 'IP:172.31.100.102; BROWSER:Chrome-108.0.0.0; OS:Windows'),
	(3513, 'Identificacion de Usuario', '2022-12-14 16:26:08', 1299, 'IP:172.31.100.102; BROWSER:Chrome-108.0.0.0; OS:Windows'),
	(3514, 'Validacion de equipo frecuente', '2022-12-14 16:26:08', 1299, 'IP:172.31.100.102; BROWSER:Chrome-108.0.0.0; OS:Windows'),
	(3515, 'Generacion de codigo OTP', '2022-12-14 16:26:08', 1299, 'IP:172.31.100.102; BROWSER:Chrome-108.0.0.0; OS:Windows'),
	(3516, 'Validacion de codigo OTP', '2022-12-14 16:36:52', 1299, 'IP:172.31.100.102; BROWSER:Chrome-108.0.0.0; OS:Windows'),
	(3517, 'Ingreso Exitoso UbiBroker', '2022-12-14 16:37:01', 1299, 'IP:172.31.100.102; BROWSER:Chrome-108.0.0.0; OS:Windows'),
	(3518, 'Ingresando Home', '2022-12-14 16:37:01', 1299, 'IP:172.31.100.102; BROWSER:Chrome-108.0.0.0; OS:Windows'),
	(3519, 'Ingresado detalle-operaciones', '2022-12-14 16:47:01', 1299, 'IP:172.31.100.102; BROWSER:Chrome-108.0.0.0; OS:Windows'),
	(3520, 'Ingresado detalle-operaciones', '2022-12-14 16:54:59', 1299, 'IP:172.31.100.102; BROWSER:Chrome-108.0.0.0; OS:Windows'),
	(3521, 'Identificacion de Usuario', '2022-12-15 10:57:50', 1299, 'IP:172.31.100.102; BROWSER:Chrome-108.0.0.0; OS:Windows'),
	(3522, 'Validacion de equipo frecuente', '2022-12-15 10:57:50', 1299, 'IP:172.31.100.102; BROWSER:Chrome-108.0.0.0; OS:Windows'),
	(3523, 'Generacion de codigo OTP', '2022-12-15 10:57:50', 1299, 'IP:172.31.100.102; BROWSER:Chrome-108.0.0.0; OS:Windows'),
	(3524, 'Validacion de codigo OTP', '2022-12-15 10:58:30', 1299, 'IP:172.31.100.102; BROWSER:Chrome-108.0.0.0; OS:Windows'),
	(3525, 'Ingreso Exitoso UbiBroker', '2022-12-15 10:58:39', 1299, 'IP:172.31.100.102; BROWSER:Chrome-108.0.0.0; OS:Windows'),
	(3526, 'Ingresando Home', '2022-12-15 10:58:39', 1299, 'IP:172.31.100.102; BROWSER:Chrome-108.0.0.0; OS:Windows'),
	(3527, 'Ingresado detalle-operaciones', '2022-12-15 10:59:07', 1299, 'IP:172.31.100.102; BROWSER:Chrome-108.0.0.0; OS:Windows'),
	(3528, 'Ingresado detalle-operaciones', '2022-12-15 11:14:24', 1299, 'IP:172.31.100.102; BROWSER:Chrome-108.0.0.0; OS:Windows'),
	(3529, 'Identificacion de Usuario', '2022-12-15 11:27:02', 1299, 'IP:172.31.100.102; BROWSER:Chrome-108.0.0.0; OS:Windows'),
	(3530, 'Validacion de equipo frecuente', '2022-12-15 11:27:02', 1299, 'IP:172.31.100.102; BROWSER:Chrome-108.0.0.0; OS:Windows'),
	(3531, 'Generacion de codigo OTP', '2022-12-15 11:27:02', 1299, 'IP:172.31.100.102; BROWSER:Chrome-108.0.0.0; OS:Windows'),
	(3532, 'Validacion de codigo OTP', '2022-12-15 11:27:42', 1299, 'IP:172.31.100.102; BROWSER:Chrome-108.0.0.0; OS:Windows'),
	(3533, 'Ingreso Exitoso UbiBroker', '2022-12-15 11:27:50', 1299, 'IP:172.31.100.102; BROWSER:Chrome-108.0.0.0; OS:Windows'),
	(3534, 'Ingresando Home', '2022-12-15 11:27:50', 1299, 'IP:172.31.100.102; BROWSER:Chrome-108.0.0.0; OS:Windows'),
	(3535, 'Ingresado detalle-categoria', '2022-12-15 11:27:52', 1299, 'IP:172.31.100.102; BROWSER:Chrome-108.0.0.0; OS:Windows'),
	(3536, 'Ingresado detalle-operaciones', '2022-12-15 11:34:18', 1299, 'IP:172.31.100.102; BROWSER:Chrome-108.0.0.0; OS:Windows'),
	(3537, 'Identificacion de Usuario', '2022-12-15 11:54:22', 1299, 'IP:172.31.100.102; BROWSER:Chrome-108.0.0.0; OS:Windows'),
	(3538, 'Validacion de equipo frecuente', '2022-12-15 11:54:22', 1299, 'IP:172.31.100.102; BROWSER:Chrome-108.0.0.0; OS:Windows'),
	(3539, 'Generacion de codigo OTP', '2022-12-15 11:54:22', 1299, 'IP:172.31.100.102; BROWSER:Chrome-108.0.0.0; OS:Windows'),
	(3540, 'Validacion de codigo OTP', '2022-12-15 11:54:47', 1299, 'IP:172.31.100.102; BROWSER:Chrome-108.0.0.0; OS:Windows'),
	(3541, 'Ingreso Exitoso UbiBroker', '2022-12-15 11:54:54', 1299, 'IP:172.31.100.102; BROWSER:Chrome-108.0.0.0; OS:Windows'),
	(3542, 'Ingresando Home', '2022-12-15 11:54:54', 1299, 'IP:172.31.100.102; BROWSER:Chrome-108.0.0.0; OS:Windows'),
	(3543, 'Ingresado detalle-operaciones', '2022-12-15 11:57:25', 1299, 'IP:172.31.100.102; BROWSER:Chrome-108.0.0.0; OS:Windows'),
	(3544, 'Ingresado detalle-operaciones', '2022-12-15 12:00:27', 1299, 'IP:172.31.100.102; BROWSER:Chrome-108.0.0.0; OS:Windows'),
	(3545, 'Identificacion de Usuario', '2022-12-15 14:40:42', 1299, 'IP:172.31.100.102; BROWSER:Chrome-108.0.0.0; OS:Windows'),
	(3546, 'Validacion de equipo frecuente', '2022-12-15 14:40:42', 1299, 'IP:172.31.100.102; BROWSER:Chrome-108.0.0.0; OS:Windows'),
	(3547, 'Generacion de codigo OTP', '2022-12-15 14:40:42', 1299, 'IP:172.31.100.102; BROWSER:Chrome-108.0.0.0; OS:Windows'),
	(3548, 'Validacion de codigo OTP', '2022-12-15 14:46:20', 1299, 'IP:172.31.100.102; BROWSER:Chrome-108.0.0.0; OS:Windows'),
	(3549, 'Ingreso Exitoso UbiBroker', '2022-12-15 14:46:27', 1299, 'IP:172.31.100.102; BROWSER:Chrome-108.0.0.0; OS:Windows'),
	(3550, 'Ingresando Home', '2022-12-15 14:46:27', 1299, 'IP:172.31.100.102; BROWSER:Chrome-108.0.0.0; OS:Windows'),
	(3551, 'Ingresado detalle-operaciones', '2022-12-15 14:48:45', 1299, 'IP:172.31.100.102; BROWSER:Chrome-108.0.0.0; OS:Windows'),
	(3552, 'Ingresado detalle-operaciones', '2022-12-15 14:52:28', 1299, 'IP:172.31.100.102; BROWSER:Chrome-108.0.0.0; OS:Windows'),
	(3553, 'Identificacion de Usuario', '2022-12-15 16:48:36', 1299, 'IP:172.31.100.102; BROWSER:Chrome-108.0.0.0; OS:Windows'),
	(3554, 'Validacion de equipo frecuente', '2022-12-15 16:48:36', 1299, 'IP:172.31.100.102; BROWSER:Chrome-108.0.0.0; OS:Windows'),
	(3555, 'Generacion de codigo OTP', '2022-12-15 16:48:36', 1299, 'IP:172.31.100.102; BROWSER:Chrome-108.0.0.0; OS:Windows'),
	(3556, 'Validacion de codigo OTP', '2022-12-15 16:49:28', 1299, 'IP:172.31.100.102; BROWSER:Chrome-108.0.0.0; OS:Windows'),
	(3557, 'Ingreso Exitoso UbiBroker', '2022-12-15 16:49:36', 1299, 'IP:172.31.100.102; BROWSER:Chrome-108.0.0.0; OS:Windows'),
	(3558, 'Ingresando Home', '2022-12-15 16:49:36', 1299, 'IP:172.31.100.102; BROWSER:Chrome-108.0.0.0; OS:Windows'),
	(3559, 'Identificacion de Usuario', '2022-12-15 17:08:20', 1299, 'IP:172.31.100.102; BROWSER:Chrome-108.0.0.0; OS:Windows'),
	(3560, 'Validacion de equipo frecuente', '2022-12-15 17:08:20', 1299, 'IP:172.31.100.102; BROWSER:Chrome-108.0.0.0; OS:Windows'),
	(3561, 'Generacion de codigo OTP', '2022-12-15 17:08:20', 1299, 'IP:172.31.100.102; BROWSER:Chrome-108.0.0.0; OS:Windows'),
	(3562, 'Validacion de codigo OTP', '2022-12-15 17:08:51', 1299, 'IP:172.31.100.102; BROWSER:Chrome-108.0.0.0; OS:Windows'),
	(3563, 'Ingreso Exitoso UbiBroker', '2022-12-15 17:08:58', 1299, 'IP:172.31.100.102; BROWSER:Chrome-108.0.0.0; OS:Windows'),
	(3564, 'Ingresando Home', '2022-12-15 17:08:58', 1299, 'IP:172.31.100.102; BROWSER:Chrome-108.0.0.0; OS:Windows'),
	(3565, 'Identificacion de Usuario', '2022-12-16 10:35:46', 1299, 'IP:172.31.100.102; BROWSER:Chrome-108.0.0.0; OS:Windows'),
	(3566, 'Validacion de equipo frecuente', '2022-12-16 10:35:46', 1299, 'IP:172.31.100.102; BROWSER:Chrome-108.0.0.0; OS:Windows'),
	(3567, 'Generacion de codigo OTP', '2022-12-16 10:35:46', 1299, 'IP:172.31.100.102; BROWSER:Chrome-108.0.0.0; OS:Windows'),
	(3568, 'Validacion de codigo OTP', '2022-12-16 10:36:21', 1299, 'IP:172.31.100.102; BROWSER:Chrome-108.0.0.0; OS:Windows'),
	(3569, 'Ingreso Exitoso UbiBroker', '2022-12-16 10:36:30', 1299, 'IP:172.31.100.102; BROWSER:Chrome-108.0.0.0; OS:Windows'),
	(3570, 'Ingresando Home', '2022-12-16 10:36:30', 1299, 'IP:172.31.100.102; BROWSER:Chrome-108.0.0.0; OS:Windows'),
	(3571, 'Identificacion de Usuario', '2022-12-16 10:37:17', 1299, 'IP:172.31.100.102; BROWSER:Chrome-108.0.0.0; OS:Windows'),
	(3572, 'Validacion de equipo frecuente', '2022-12-16 10:37:17', 1299, 'IP:172.31.100.102; BROWSER:Chrome-108.0.0.0; OS:Windows'),
	(3573, 'Generacion de codigo OTP', '2022-12-16 10:37:17', 1299, 'IP:172.31.100.102; BROWSER:Chrome-108.0.0.0; OS:Windows'),
	(3574, 'Validacion de codigo OTP', '2022-12-16 10:37:51', 1299, 'IP:172.31.100.102; BROWSER:Chrome-108.0.0.0; OS:Windows'),
	(3575, 'Ingreso Exitoso UbiBroker', '2022-12-16 10:37:56', 1299, 'IP:172.31.100.102; BROWSER:Chrome-108.0.0.0; OS:Windows'),
	(3576, 'Ingresando Home', '2022-12-16 10:37:56', 1299, 'IP:172.31.100.102; BROWSER:Chrome-108.0.0.0; OS:Windows'),
	(3577, 'Identificacion de Usuario', '2022-12-16 10:53:39', 1263, 'IP:172.31.100.102; BROWSER:Chrome-108.0.0.0; OS:Windows'),
	(3578, 'Validacion de equipo frecuente', '2022-12-16 10:53:39', 1263, 'IP:172.31.100.102; BROWSER:Chrome-108.0.0.0; OS:Windows'),
	(3579, 'Generacion de codigo OTP', '2022-12-16 10:53:39', 1263, 'IP:172.31.100.102; BROWSER:Chrome-108.0.0.0; OS:Windows'),
	(3580, 'Validacion de codigo OTP', '2022-12-16 10:53:58', 1263, 'IP:172.31.100.102; BROWSER:Chrome-108.0.0.0; OS:Windows'),
	(3581, 'Ingreso Exitoso UbiBroker', '2022-12-16 10:54:01', 1263, 'IP:172.31.100.102; BROWSER:Chrome-108.0.0.0; OS:Windows'),
	(3582, 'Ingresando Home', '2022-12-16 10:54:01', 1263, 'IP:172.31.100.102; BROWSER:Chrome-108.0.0.0; OS:Windows'),
	(3583, 'Desconexion UbiBroker', '2022-12-16 10:54:07', 1263, 'IP:172.31.100.102; BROWSER:Chrome-108.0.0.0; OS:Windows'),
	(3584, 'Identificacion de Usuario', '2022-12-16 11:59:54', 1299, 'IP:172.31.100.102; BROWSER:Chrome-108.0.0.0; OS:Windows'),
	(3585, 'Validacion de equipo frecuente', '2022-12-16 11:59:54', 1299, 'IP:172.31.100.102; BROWSER:Chrome-108.0.0.0; OS:Windows'),
	(3586, 'Generacion de codigo OTP', '2022-12-16 11:59:54', 1299, 'IP:172.31.100.102; BROWSER:Chrome-108.0.0.0; OS:Windows'),
	(3587, 'Validacion de codigo OTP', '2022-12-16 12:00:21', 1299, 'IP:172.31.100.102; BROWSER:Chrome-108.0.0.0; OS:Windows'),
	(3588, 'Ingreso Exitoso UbiBroker', '2022-12-16 12:00:27', 1299, 'IP:172.31.100.102; BROWSER:Chrome-108.0.0.0; OS:Windows'),
	(3589, 'Ingresando Home', '2022-12-16 12:00:27', 1299, 'IP:172.31.100.102; BROWSER:Chrome-108.0.0.0; OS:Windows'),
	(3590, 'Identificacion de Usuario', '2022-12-16 16:25:24', 1299, 'IP:172.31.100.102; BROWSER:Chrome-108.0.0.0; OS:Windows'),
	(3591, 'Validacion de equipo frecuente', '2022-12-16 16:25:24', 1299, 'IP:172.31.100.102; BROWSER:Chrome-108.0.0.0; OS:Windows'),
	(3592, 'Generacion de codigo OTP', '2022-12-16 16:25:24', 1299, 'IP:172.31.100.102; BROWSER:Chrome-108.0.0.0; OS:Windows'),
	(3593, 'Validacion de codigo OTP', '2022-12-16 16:26:08', 1299, 'IP:172.31.100.102; BROWSER:Chrome-108.0.0.0; OS:Windows'),
	(3594, 'Ingreso Exitoso UbiBroker', '2022-12-16 16:26:15', 1299, 'IP:172.31.100.102; BROWSER:Chrome-108.0.0.0; OS:Windows'),
	(3595, 'Ingresando Home', '2022-12-16 16:26:15', 1299, 'IP:172.31.100.102; BROWSER:Chrome-108.0.0.0; OS:Windows'),
	(3596, 'Ingresado detalle-categoria', '2022-12-16 16:27:54', 1299, 'IP:172.31.100.102; BROWSER:Chrome-108.0.0.0; OS:Windows'),
	(3597, 'Ingresado detalle-categoria', '2022-12-16 16:30:33', 1299, 'IP:172.31.100.102; BROWSER:Chrome-108.0.0.0; OS:Windows'),
	(3598, 'Ingresado Estado de Cuenta', '2022-12-16 16:31:04', 1299, 'IP:172.31.100.102; BROWSER:Chrome-108.0.0.0; OS:Windows'),
	(3599, 'Busqueda exitosa Estado de Cuenta', '2022-12-16 16:31:10', 1299, 'IP:172.31.100.102; BROWSER:Chrome-108.0.0.0; OS:Windows'),
	(3600, 'Identificacion de Usuario', '2022-12-19 15:19:32', 1299, 'IP:172.31.100.102; BROWSER:Chrome-108.0.0.0; OS:Windows'),
	(3601, 'Validacion de equipo frecuente', '2022-12-19 15:19:32', 1299, 'IP:172.31.100.102; BROWSER:Chrome-108.0.0.0; OS:Windows'),
	(3602, 'Generacion de codigo OTP', '2022-12-19 15:19:32', 1299, 'IP:172.31.100.102; BROWSER:Chrome-108.0.0.0; OS:Windows'),
	(3603, 'Validacion de codigo OTP', '2022-12-19 15:19:52', 1299, 'IP:172.31.100.102; BROWSER:Chrome-108.0.0.0; OS:Windows'),
	(3604, 'Ingreso Exitoso UbiBroker', '2022-12-19 15:20:01', 1299, 'IP:172.31.100.102; BROWSER:Chrome-108.0.0.0; OS:Windows'),
	(3605, 'Ingresando Home', '2022-12-19 15:20:01', 1299, 'IP:172.31.100.102; BROWSER:Chrome-108.0.0.0; OS:Windows'),
	(3606, 'Ingresado detalle-operaciones', '2022-12-19 15:20:45', 1299, 'IP:172.31.100.102; BROWSER:Chrome-108.0.0.0; OS:Windows'),
	(3607, 'Ingresado detalle-operaciones', '2022-12-19 15:23:51', 1299, 'IP:172.31.100.102; BROWSER:Chrome-108.0.0.0; OS:Windows'),
	(3608, 'Ingresado detalle-operaciones', '2022-12-19 15:24:18', 1299, 'IP:172.31.100.102; BROWSER:Chrome-108.0.0.0; OS:Windows'),
	(3609, 'Ingresado detalle-operaciones', '2022-12-19 15:25:00', 1299, 'IP:172.31.100.102; BROWSER:Chrome-108.0.0.0; OS:Windows'),
	(3610, 'Ingresado detalle-operaciones', '2022-12-19 15:25:24', 1299, 'IP:172.31.100.102; BROWSER:Chrome-108.0.0.0; OS:Windows'),
	(3611, 'Ingresado detalle-operaciones', '2022-12-19 15:25:55', 1299, 'IP:172.31.100.102; BROWSER:Chrome-108.0.0.0; OS:Windows'),
	(3612, 'Ingresado detalle-operaciones', '2022-12-19 15:26:38', 1299, 'IP:172.31.100.102; BROWSER:Chrome-108.0.0.0; OS:Windows'),
	(3613, 'Desconexion UbiBroker', '2022-12-19 15:26:48', 1299, 'IP:172.31.100.102; BROWSER:Chrome-108.0.0.0; OS:Windows'),
	(3614, 'Identificacion de Usuario', '2022-12-19 15:26:54', 1299, 'IP:172.31.100.102; BROWSER:Chrome-108.0.0.0; OS:Windows'),
	(3615, 'Validacion de equipo frecuente', '2022-12-19 15:26:54', 1299, 'IP:172.31.100.102; BROWSER:Chrome-108.0.0.0; OS:Windows'),
	(3616, 'Generacion de codigo OTP', '2022-12-19 15:26:54', 1299, 'IP:172.31.100.102; BROWSER:Chrome-108.0.0.0; OS:Windows'),
	(3617, 'Validacion de codigo OTP', '2022-12-19 15:27:08', 1299, 'IP:172.31.100.102; BROWSER:Chrome-108.0.0.0; OS:Windows'),
	(3618, 'Ingreso Exitoso UbiBroker', '2022-12-19 15:27:14', 1299, 'IP:172.31.100.102; BROWSER:Chrome-108.0.0.0; OS:Windows'),
	(3619, 'Ingresando Home', '2022-12-19 15:27:14', 1299, 'IP:172.31.100.102; BROWSER:Chrome-108.0.0.0; OS:Windows'),
	(3620, 'Ingresado detalle-operaciones', '2022-12-19 15:28:11', 1299, 'IP:172.31.100.102; BROWSER:Chrome-108.0.0.0; OS:Windows'),
	(3621, 'Ingresado detalle-operaciones', '2022-12-19 15:28:51', 1299, 'IP:172.31.100.102; BROWSER:Chrome-108.0.0.0; OS:Windows'),
	(3622, 'Ingresado detalle-operaciones', '2022-12-19 15:29:28', 1299, 'IP:172.31.100.102; BROWSER:Chrome-108.0.0.0; OS:Windows'),
	(3623, 'Identificacion de Usuario', '2022-12-19 15:50:07', 1299, 'IP:172.31.100.102; BROWSER:Chrome-108.0.0.0; OS:Windows'),
	(3624, 'Validacion de equipo frecuente', '2022-12-19 15:50:07', 1299, 'IP:172.31.100.102; BROWSER:Chrome-108.0.0.0; OS:Windows'),
	(3625, 'Generacion de codigo OTP', '2022-12-19 15:50:07', 1299, 'IP:172.31.100.102; BROWSER:Chrome-108.0.0.0; OS:Windows'),
	(3626, 'Validacion de codigo OTP', '2022-12-19 15:50:47', 1299, 'IP:172.31.100.102; BROWSER:Chrome-108.0.0.0; OS:Windows'),
	(3627, 'Ingreso Exitoso UbiBroker', '2022-12-19 15:50:54', 1299, 'IP:172.31.100.102; BROWSER:Chrome-108.0.0.0; OS:Windows'),
	(3628, 'Ingresando Home', '2022-12-19 15:50:54', 1299, 'IP:172.31.100.102; BROWSER:Chrome-108.0.0.0; OS:Windows'),
	(3629, 'Ingresado detalle-operaciones', '2022-12-19 15:52:31', 1299, 'IP:172.31.100.102; BROWSER:Chrome-108.0.0.0; OS:Windows'),
	(3630, 'Ingresado detalle-operaciones', '2022-12-19 15:54:31', 1299, 'IP:172.31.100.102; BROWSER:Chrome-108.0.0.0; OS:Windows'),
	(3631, 'Ingresado detalle-operaciones', '2022-12-19 16:07:01', 1299, 'IP:172.31.100.102; BROWSER:Chrome-108.0.0.0; OS:Windows'),
	(3632, 'Ingresado detalle-operaciones', '2022-12-19 16:08:29', 1299, 'IP:172.31.100.102; BROWSER:Chrome-108.0.0.0; OS:Windows'),
	(3633, 'Ingresado detalle-operaciones', '2022-12-19 16:18:58', 1299, 'IP:172.31.100.102; BROWSER:Chrome-108.0.0.0; OS:Windows'),
	(3634, 'Identificacion de Usuario', '2022-12-19 16:43:33', 1299, 'IP:172.31.100.102; BROWSER:Chrome-108.0.0.0; OS:Windows'),
	(3635, 'Validacion de equipo frecuente', '2022-12-19 16:43:33', 1299, 'IP:172.31.100.102; BROWSER:Chrome-108.0.0.0; OS:Windows'),
	(3636, 'Generacion de codigo OTP', '2022-12-19 16:43:33', 1299, 'IP:172.31.100.102; BROWSER:Chrome-108.0.0.0; OS:Windows'),
	(3637, 'Validacion de codigo OTP', '2022-12-19 16:43:56', 1299, 'IP:172.31.100.102; BROWSER:Chrome-108.0.0.0; OS:Windows'),
	(3638, 'Ingreso Exitoso UbiBroker', '2022-12-19 16:44:03', 1299, 'IP:172.31.100.102; BROWSER:Chrome-108.0.0.0; OS:Windows'),
	(3639, 'Ingresando Home', '2022-12-19 16:44:03', 1299, 'IP:172.31.100.102; BROWSER:Chrome-108.0.0.0; OS:Windows'),
	(3640, 'Ingresado detalle-operaciones', '2022-12-19 16:44:07', 1299, 'IP:172.31.100.102; BROWSER:Chrome-108.0.0.0; OS:Windows'),
	(3641, 'Identificacion de Usuario', '2022-12-21 14:31:39', 1299, 'IP:172.31.100.102; BROWSER:Chrome-108.0.0.0; OS:Windows'),
	(3642, 'Validacion de equipo frecuente', '2022-12-21 14:31:39', 1299, 'IP:172.31.100.102; BROWSER:Chrome-108.0.0.0; OS:Windows'),
	(3643, 'Generacion de codigo OTP', '2022-12-21 14:31:39', 1299, 'IP:172.31.100.102; BROWSER:Chrome-108.0.0.0; OS:Windows'),
	(3644, 'Validacion de codigo OTP', '2022-12-21 14:31:57', 1299, 'IP:172.31.100.102; BROWSER:Chrome-108.0.0.0; OS:Windows'),
	(3645, 'Ingreso Exitoso UbiBroker', '2022-12-21 14:32:05', 1299, 'IP:172.31.100.102; BROWSER:Chrome-108.0.0.0; OS:Windows'),
	(3646, 'Ingresando Home', '2022-12-21 14:32:05', 1299, 'IP:172.31.100.102; BROWSER:Chrome-108.0.0.0; OS:Windows'),
	(3647, 'Desconexion UbiBroker', '2022-12-21 14:32:16', 1299, 'IP:172.31.100.102; BROWSER:Chrome-108.0.0.0; OS:Windows'),
	(3648, 'Identificacion de Usuario', '2022-12-21 14:32:26', 1299, 'IP:172.31.100.102; BROWSER:Chrome-108.0.0.0; OS:Windows'),
	(3649, 'Validacion de equipo frecuente', '2022-12-21 14:32:26', 1299, 'IP:172.31.100.102; BROWSER:Chrome-108.0.0.0; OS:Windows'),
	(3650, 'Generacion de codigo OTP', '2022-12-21 14:32:26', 1299, 'IP:172.31.100.102; BROWSER:Chrome-108.0.0.0; OS:Windows'),
	(3651, 'Validacion de codigo OTP', '2022-12-21 14:33:09', 1299, 'IP:172.31.100.102; BROWSER:Chrome-108.0.0.0; OS:Windows'),
	(3652, 'Ingreso Exitoso UbiBroker', '2022-12-21 14:33:14', 1299, 'IP:172.31.100.102; BROWSER:Chrome-108.0.0.0; OS:Windows'),
	(3653, 'Ingresando Home', '2022-12-21 14:33:14', 1299, 'IP:172.31.100.102; BROWSER:Chrome-108.0.0.0; OS:Windows'),
	(3654, 'Ingresado detalle-operaciones', '2022-12-21 14:51:26', 1299, 'IP:172.31.100.102; BROWSER:Chrome-108.0.0.0; OS:Windows'),
	(3655, 'Identificacion de Usuario', '2022-12-21 15:07:44', 1299, 'IP:172.31.100.102; BROWSER:Chrome-108.0.0.0; OS:Windows'),
	(3656, 'Validacion de equipo frecuente', '2022-12-21 15:07:44', 1299, 'IP:172.31.100.102; BROWSER:Chrome-108.0.0.0; OS:Windows'),
	(3657, 'Generacion de codigo OTP', '2022-12-21 15:07:45', 1299, 'IP:172.31.100.102; BROWSER:Chrome-108.0.0.0; OS:Windows'),
	(3658, 'Validacion de codigo OTP', '2022-12-21 15:08:08', 1299, 'IP:172.31.100.102; BROWSER:Chrome-108.0.0.0; OS:Windows'),
	(3659, 'Ingreso Exitoso UbiBroker', '2022-12-21 15:08:14', 1299, 'IP:172.31.100.102; BROWSER:Chrome-108.0.0.0; OS:Windows'),
	(3660, 'Ingresando Home', '2022-12-21 15:08:14', 1299, 'IP:172.31.100.102; BROWSER:Chrome-108.0.0.0; OS:Windows'),
	(3661, 'Ingresado detalle-operaciones', '2022-12-21 15:08:18', 1299, 'IP:172.31.100.102; BROWSER:Chrome-108.0.0.0; OS:Windows'),
	(3662, 'Ingresado detalle-operaciones', '2022-12-21 15:13:06', 1299, 'IP:172.31.100.102; BROWSER:Chrome-108.0.0.0; OS:Windows'),
	(3663, 'Reseteo de cotraseña- API CRM Error:UserPassWebApp Estatus 500(Error generico)', '2022-12-21 16:44:08', 1309, 'IP:172.31.100.102; BROWSER:Chrome-108.0.0.0; OS:Windows'),
	(3664, 'Reseteo de cotraseña- API CRM Error:UserPassWebApp Estatus 500(Error generico)', '2022-12-21 16:45:36', 1309, 'IP:172.31.100.102; BROWSER:Chrome-108.0.0.0; OS:Windows'),
	(3665, 'Reseteo de cotraseña- API CRM Error:UserPassWebApp Estatus 500(Error generico)', '2022-12-21 16:46:09', 1309, 'IP:172.31.100.102; BROWSER:Chrome-108.0.0.0; OS:Windows'),
	(3666, 'Reseteo de cotraseña- API CRM Error:UserPassWebApp Estatus 500(Error generico)', '2022-12-21 16:50:54', 1309, 'IP:172.31.100.102; BROWSER:Chrome-108.0.0.0; OS:Windows'),
	(3667, 'Reseteo de cotraseña- API CRM Error:UserPassWebApp Estatus 500(Error generico)', '2022-12-21 16:50:58', 1309, 'IP:172.31.100.102; BROWSER:Chrome-108.0.0.0; OS:Windows'),
	(3668, 'Identificacion de Usuario', '2022-12-21 17:01:58', 1309, 'IP:172.31.100.102; BROWSER:Chrome-108.0.0.0; OS:Windows'),
	(3669, 'Creacion de preguntas de seguridad', '2022-12-21 17:01:58', 1309, 'IP:172.31.100.102; BROWSER:Chrome-108.0.0.0; OS:Windows'),
	(3670, 'Confirmacion de preguntas de seguridad', '2022-12-21 17:05:36', 1309, 'IP:172.31.100.102; BROWSER:Chrome-108.0.0.0; OS:Windows'),
	(3671, 'Creacion de preguntas de seguridad exitosa ', '2022-12-21 17:05:48', 1309, 'IP:172.31.100.102; BROWSER:Chrome-108.0.0.0; OS:Windows'),
	(3672, 'Ingreso Exitoso UbiBroker', '2022-12-21 17:05:50', 1309, 'IP:172.31.100.102; BROWSER:Chrome-108.0.0.0; OS:Windows'),
	(3673, 'Ingresando Home', '2022-12-21 17:05:50', 1309, 'IP:172.31.100.102; BROWSER:Chrome-108.0.0.0; OS:Windows'),
	(3674, 'Desconexion UbiBroker', '2022-12-21 17:07:34', 1309, 'IP:172.31.100.102; BROWSER:Chrome-108.0.0.0; OS:Windows'),
	(3675, 'Identificacion de Usuario', '2022-12-21 17:09:01', 1308, 'IP:172.31.100.102; BROWSER:Chrome-108.0.0.0; OS:Windows'),
	(3676, 'Creacion de preguntas de seguridad', '2022-12-21 17:09:01', 1308, 'IP:172.31.100.102; BROWSER:Chrome-108.0.0.0; OS:Windows'),
	(3677, 'Confirmacion de preguntas de seguridad', '2022-12-21 17:09:39', 1308, 'IP:172.31.100.102; BROWSER:Chrome-108.0.0.0; OS:Windows'),
	(3678, 'Creacion de preguntas de seguridad exitosa ', '2022-12-21 17:09:47', 1308, 'IP:172.31.100.102; BROWSER:Chrome-108.0.0.0; OS:Windows'),
	(3679, 'Ingreso Exitoso UbiBroker', '2022-12-21 17:09:52', 1308, 'IP:172.31.100.102; BROWSER:Chrome-108.0.0.0; OS:Windows'),
	(3680, 'Ingresando Home', '2022-12-21 17:09:52', 1308, 'IP:172.31.100.102; BROWSER:Chrome-108.0.0.0; OS:Windows'),
	(3681, 'Desconexion UbiBroker', '2022-12-21 17:11:06', 1308, 'IP:172.31.100.102; BROWSER:Chrome-108.0.0.0; OS:Windows'),
	(3682, 'Identificacion de Usuario', '2022-12-22 12:01:39', 1299, 'IP:172.31.100.102; BROWSER:Chrome-108.0.0.0; OS:Windows'),
	(3683, 'Validacion de equipo frecuente', '2022-12-22 12:01:39', 1299, 'IP:172.31.100.102; BROWSER:Chrome-108.0.0.0; OS:Windows'),
	(3684, 'Generacion de codigo OTP', '2022-12-22 12:01:39', 1299, 'IP:172.31.100.102; BROWSER:Chrome-108.0.0.0; OS:Windows'),
	(3685, 'Validacion de codigo OTP', '2022-12-22 12:02:18', 1299, 'IP:172.31.100.102; BROWSER:Chrome-108.0.0.0; OS:Windows'),
	(3686, 'Ingreso Exitoso UbiBroker', '2022-12-22 12:02:35', 1299, 'IP:172.31.100.102; BROWSER:Chrome-108.0.0.0; OS:Windows'),
	(3687, 'Ingresando Home', '2022-12-22 12:02:35', 1299, 'IP:172.31.100.102; BROWSER:Chrome-108.0.0.0; OS:Windows'),
	(3688, 'Usuario o Clave Invalida', '2022-12-22 14:08:28', 1307, 'IP:172.31.100.102; BROWSER:Chrome-108.0.0.0; OS:Windows'),
	(3689, 'Usuario o Clave Invalida', '2022-12-22 14:08:49', 1304, 'IP:172.31.100.102; BROWSER:Chrome-108.0.0.0; OS:Windows'),
	(3690, 'Identificacion de Usuario', '2022-12-22 14:13:25', 1308, 'IP:172.31.100.102; BROWSER:Chrome-108.0.0.0; OS:Windows'),
	(3691, 'Usuario o Clave Invalida', '2022-12-22 14:13:25', 1308, 'IP:172.31.100.102; BROWSER:Chrome-108.0.0.0; OS:Windows'),
	(3692, 'Identificacion de Usuario', '2022-12-22 14:14:23', 1308, 'IP:172.31.100.102; BROWSER:Chrome-108.0.0.0; OS:Windows'),
	(3693, 'Validacion de equipo frecuente', '2022-12-22 14:14:23', 1308, 'IP:172.31.100.102; BROWSER:Chrome-108.0.0.0; OS:Windows'),
	(3694, 'Generacion de codigo OTP', '2022-12-22 14:14:23', 1308, 'IP:172.31.100.102; BROWSER:Chrome-108.0.0.0; OS:Windows'),
	(3695, 'Validacion de codigo OTP', '2022-12-22 14:14:55', 1308, 'IP:172.31.100.102; BROWSER:Chrome-108.0.0.0; OS:Windows'),
	(3696, 'Ingreso Exitoso UbiBroker', '2022-12-22 14:15:00', 1308, 'IP:172.31.100.102; BROWSER:Chrome-108.0.0.0; OS:Windows'),
	(3697, 'Ingresando Home', '2022-12-22 14:15:00', 1308, 'IP:172.31.100.102; BROWSER:Chrome-108.0.0.0; OS:Windows'),
	(3698, 'Desconexion UbiBroker', '2022-12-22 14:22:00', 1308, 'IP:172.31.100.102; BROWSER:Chrome-108.0.0.0; OS:Windows'),
	(3699, 'Identificacion de Usuario', '2022-12-22 14:22:07', 1299, 'IP:172.31.100.102; BROWSER:Chrome-108.0.0.0; OS:Windows'),
	(3700, 'Validacion de equipo frecuente', '2022-12-22 14:22:07', 1299, 'IP:172.31.100.102; BROWSER:Chrome-108.0.0.0; OS:Windows'),
	(3701, 'Generacion de codigo OTP', '2022-12-22 14:22:07', 1299, 'IP:172.31.100.102; BROWSER:Chrome-108.0.0.0; OS:Windows'),
	(3702, 'Validacion de codigo OTP', '2022-12-22 14:22:29', 1299, 'IP:172.31.100.102; BROWSER:Chrome-108.0.0.0; OS:Windows'),
	(3703, 'Ingreso Exitoso UbiBroker', '2022-12-22 14:22:37', 1299, 'IP:172.31.100.102; BROWSER:Chrome-108.0.0.0; OS:Windows'),
	(3704, 'Ingresando Home', '2022-12-22 14:22:37', 1299, 'IP:172.31.100.102; BROWSER:Chrome-108.0.0.0; OS:Windows'),
	(3705, 'Desconexion UbiBroker', '2022-12-22 14:22:53', 1299, 'IP:172.31.100.102; BROWSER:Chrome-108.0.0.0; OS:Windows'),
	(3706, 'Identificacion de Usuario', '2022-12-22 14:23:40', 1309, 'IP:172.31.100.102; BROWSER:Chrome-108.0.0.0; OS:Windows'),
	(3707, 'Validacion de equipo frecuente', '2022-12-22 14:23:40', 1309, 'IP:172.31.100.102; BROWSER:Chrome-108.0.0.0; OS:Windows'),
	(3708, 'Generacion de codigo OTP', '2022-12-22 14:23:40', 1309, 'IP:172.31.100.102; BROWSER:Chrome-108.0.0.0; OS:Windows'),
	(3709, 'Validacion de codigo OTP', '2022-12-22 14:24:42', 1309, 'IP:172.31.100.102; BROWSER:Chrome-108.0.0.0; OS:Windows'),
	(3710, 'Ingreso Exitoso UbiBroker', '2022-12-22 14:24:43', 1309, 'IP:172.31.100.102; BROWSER:Chrome-108.0.0.0; OS:Windows'),
	(3711, 'Ingresando Home', '2022-12-22 14:24:43', 1309, 'IP:172.31.100.102; BROWSER:Chrome-108.0.0.0; OS:Windows'),
	(3712, 'Identificacion de Usuario', '2022-12-22 14:48:28', 1299, 'IP:172.31.100.102; BROWSER:Chrome-108.0.0.0; OS:Windows'),
	(3713, 'Validacion de equipo frecuente', '2022-12-22 14:48:28', 1299, 'IP:172.31.100.102; BROWSER:Chrome-108.0.0.0; OS:Windows'),
	(3714, 'Generacion de codigo OTP', '2022-12-22 14:48:28', 1299, 'IP:172.31.100.102; BROWSER:Chrome-108.0.0.0; OS:Windows'),
	(3715, 'Validacion de codigo OTP', '2022-12-22 14:48:49', 1299, 'IP:172.31.100.102; BROWSER:Chrome-108.0.0.0; OS:Windows'),
	(3716, 'Ingreso Exitoso UbiBroker', '2022-12-22 14:49:00', 1299, 'IP:172.31.100.102; BROWSER:Chrome-108.0.0.0; OS:Windows'),
	(3717, 'Ingresando Home', '2022-12-22 14:49:00', 1299, 'IP:172.31.100.102; BROWSER:Chrome-108.0.0.0; OS:Windows'),
	(3718, 'Ingresado detalle-operaciones', '2022-12-22 14:51:29', 1299, 'IP:172.31.100.102; BROWSER:Chrome-108.0.0.0; OS:Windows'),
	(3719, 'Identificacion de Usuario', '2022-12-22 15:44:17', 1299, 'IP:172.31.100.102; BROWSER:Chrome-108.0.0.0; OS:Windows'),
	(3720, 'Validacion de equipo frecuente', '2022-12-22 15:44:17', 1299, 'IP:172.31.100.102; BROWSER:Chrome-108.0.0.0; OS:Windows'),
	(3721, 'Generacion de codigo OTP', '2022-12-22 15:44:17', 1299, 'IP:172.31.100.102; BROWSER:Chrome-108.0.0.0; OS:Windows'),
	(3722, 'Validacion de codigo OTP', '2022-12-22 15:45:46', 1299, 'IP:172.31.100.102; BROWSER:Chrome-108.0.0.0; OS:Windows'),
	(3723, 'Ingreso Exitoso UbiBroker', '2022-12-22 15:45:54', 1299, 'IP:172.31.100.102; BROWSER:Chrome-108.0.0.0; OS:Windows'),
	(3724, 'Ingresando Home', '2022-12-22 15:45:54', 1299, 'IP:172.31.100.102; BROWSER:Chrome-108.0.0.0; OS:Windows'),
	(3725, 'Identificacion de Usuario', '2022-12-22 16:38:32', 1263, 'IP:172.31.100.102; BROWSER:Chrome-108.0.0.0; OS:Windows'),
	(3726, 'Validacion de equipo frecuente', '2022-12-22 16:38:32', 1263, 'IP:172.31.100.102; BROWSER:Chrome-108.0.0.0; OS:Windows'),
	(3727, 'Generacion de codigo OTP', '2022-12-22 16:38:32', 1263, 'IP:172.31.100.102; BROWSER:Chrome-108.0.0.0; OS:Windows'),
	(3728, 'Validacion de codigo OTP', '2022-12-22 16:39:05', 1263, 'IP:172.31.100.102; BROWSER:Chrome-108.0.0.0; OS:Windows'),
	(3729, 'Ingreso Exitoso UbiBroker', '2022-12-22 16:39:11', 1263, 'IP:172.31.100.102; BROWSER:Chrome-108.0.0.0; OS:Windows'),
	(3730, 'Ingresando Home', '2022-12-22 16:39:11', 1263, 'IP:172.31.100.102; BROWSER:Chrome-108.0.0.0; OS:Windows'),
	(3731, 'Desconexion UbiBroker', '2022-12-22 16:39:34', 1263, 'IP:172.31.100.102; BROWSER:Chrome-108.0.0.0; OS:Windows'),
	(3732, 'Identificacion de Usuario', '2022-12-22 16:52:18', 1263, 'IP:172.31.100.102; BROWSER:Chrome-108.0.0.0; OS:Windows'),
	(3733, 'Validacion de equipo frecuente', '2022-12-22 16:52:18', 1263, 'IP:172.31.100.102; BROWSER:Chrome-108.0.0.0; OS:Windows'),
	(3734, 'Generacion de codigo OTP', '2022-12-22 16:52:18', 1263, 'IP:172.31.100.102; BROWSER:Chrome-108.0.0.0; OS:Windows'),
	(3735, 'Validacion de codigo OTP', '2022-12-22 16:52:36', 1263, 'IP:172.31.100.102; BROWSER:Chrome-108.0.0.0; OS:Windows'),
	(3736, 'Ingreso Exitoso UbiBroker', '2022-12-22 16:52:39', 1263, 'IP:172.31.100.102; BROWSER:Chrome-108.0.0.0; OS:Windows'),
	(3737, 'Ingresando Home', '2022-12-22 16:52:39', 1263, 'IP:172.31.100.102; BROWSER:Chrome-108.0.0.0; OS:Windows'),
	(3738, 'Desconexion UbiBroker', '2022-12-22 16:53:01', 1263, 'IP:172.31.100.102; BROWSER:Chrome-108.0.0.0; OS:Windows'),
	(3739, 'Identificacion de Usuario', '2022-12-22 16:53:09', 1263, 'IP:172.31.100.102; BROWSER:Chrome-108.0.0.0; OS:Windows'),
	(3740, 'Validacion de equipo frecuente', '2022-12-22 16:53:09', 1263, 'IP:172.31.100.102; BROWSER:Chrome-108.0.0.0; OS:Windows'),
	(3741, 'Generacion de codigo OTP', '2022-12-22 16:53:09', 1263, 'IP:172.31.100.102; BROWSER:Chrome-108.0.0.0; OS:Windows'),
	(3742, 'Validacion de codigo OTP', '2022-12-22 16:53:23', 1263, 'IP:172.31.100.102; BROWSER:Chrome-108.0.0.0; OS:Windows'),
	(3743, 'Ingreso Exitoso UbiBroker', '2022-12-22 16:53:24', 1263, 'IP:172.31.100.102; BROWSER:Chrome-108.0.0.0; OS:Windows'),
	(3744, 'Ingresando Home', '2022-12-22 16:53:24', 1263, 'IP:172.31.100.102; BROWSER:Chrome-108.0.0.0; OS:Windows'),
	(3745, 'Ingresado detalle-operaciones', '2022-12-22 16:54:04', 1263, 'IP:172.31.100.102; BROWSER:Chrome-108.0.0.0; OS:Windows'),
	(3746, 'Desconexion UbiBroker', '2022-12-22 16:56:20', 1263, 'IP:172.31.100.102; BROWSER:Chrome-108.0.0.0; OS:Windows'),
	(3747, 'Identificacion de Usuario', '2022-12-22 16:59:09', 1299, 'IP:172.31.100.102; BROWSER:Chrome-108.0.0.0; OS:Windows'),
	(3748, 'Validacion de equipo frecuente', '2022-12-22 16:59:09', 1299, 'IP:172.31.100.102; BROWSER:Chrome-108.0.0.0; OS:Windows'),
	(3749, 'Generacion de codigo OTP', '2022-12-22 16:59:09', 1299, 'IP:172.31.100.102; BROWSER:Chrome-108.0.0.0; OS:Windows'),
	(3750, 'Validacion de codigo OTP', '2022-12-22 16:59:33', 1299, 'IP:172.31.100.102; BROWSER:Chrome-108.0.0.0; OS:Windows'),
	(3751, 'Ingreso Exitoso UbiBroker', '2022-12-22 16:59:40', 1299, 'IP:172.31.100.102; BROWSER:Chrome-108.0.0.0; OS:Windows'),
	(3752, 'Ingresando Home', '2022-12-22 16:59:40', 1299, 'IP:172.31.100.102; BROWSER:Chrome-108.0.0.0; OS:Windows'),
	(3753, 'Ingresado detalle-operaciones', '2022-12-22 17:10:12', 1299, 'IP:172.31.100.102; BROWSER:Chrome-108.0.0.0; OS:Windows'),
	(3754, 'Ingresado detalle-operaciones', '2022-12-22 17:13:50', 1299, 'IP:172.31.100.102; BROWSER:Chrome-108.0.0.0; OS:Windows'),
	(3755, 'Identificacion de Usuario', '2022-12-22 17:33:55', 1309, 'IP:172.31.100.102; BROWSER:Chrome-108.0.0.0; OS:Windows'),
	(3756, 'Validacion de equipo frecuente', '2022-12-22 17:33:55', 1309, 'IP:172.31.100.102; BROWSER:Chrome-108.0.0.0; OS:Windows'),
	(3757, 'Generacion de codigo OTP', '2022-12-22 17:33:55', 1309, 'IP:172.31.100.102; BROWSER:Chrome-108.0.0.0; OS:Windows'),
	(3758, 'Validacion de codigo OTP', '2022-12-22 17:34:36', 1309, 'IP:172.31.100.102; BROWSER:Chrome-108.0.0.0; OS:Windows'),
	(3759, 'Validacion de codigo OTP:El código otp que ingresó es inválido.', '2022-12-22 17:34:36', 1309, 'IP:172.31.100.102; BROWSER:Chrome-108.0.0.0; OS:Windows'),
	(3760, 'Validacion de codigo OTP', '2022-12-22 17:34:52', 1309, 'IP:172.31.100.102; BROWSER:Chrome-108.0.0.0; OS:Windows'),
	(3761, 'Ingreso Exitoso UbiBroker', '2022-12-22 17:34:54', 1309, 'IP:172.31.100.102; BROWSER:Chrome-108.0.0.0; OS:Windows'),
	(3762, 'Ingresando Home', '2022-12-22 17:34:54', 1309, 'IP:172.31.100.102; BROWSER:Chrome-108.0.0.0; OS:Windows'),
	(3763, 'Ingresado detalle-operaciones', '2022-12-22 17:41:22', 1309, 'IP:172.31.100.102; BROWSER:Chrome-108.0.0.0; OS:Windows'),
	(3764, 'Ingresado detalle-operaciones', '2022-12-22 17:50:16', 1309, 'IP:172.31.100.102; BROWSER:Chrome-108.0.0.0; OS:Windows'),
	(3765, 'Ingresado detalle-operaciones', '2022-12-22 17:54:28', 1309, 'IP:172.31.100.102; BROWSER:Chrome-108.0.0.0; OS:Windows'),
	(3766, 'Desconexion UbiBroker', '2022-12-22 17:54:53', 1309, 'IP:172.31.100.102; BROWSER:Chrome-108.0.0.0; OS:Windows'),
	(3767, 'Identificacion de Usuario', '2022-12-22 17:55:57', 1299, 'IP:172.31.100.102; BROWSER:Chrome-108.0.0.0; OS:Windows'),
	(3768, 'Validacion de equipo frecuente', '2022-12-22 17:55:57', 1299, 'IP:172.31.100.102; BROWSER:Chrome-108.0.0.0; OS:Windows'),
	(3769, 'Generacion de codigo OTP', '2022-12-22 17:55:57', 1299, 'IP:172.31.100.102; BROWSER:Chrome-108.0.0.0; OS:Windows'),
	(3770, 'Validacion de codigo OTP', '2022-12-22 17:56:18', 1299, 'IP:172.31.100.102; BROWSER:Chrome-108.0.0.0; OS:Windows'),
	(3771, 'Ingreso Exitoso UbiBroker', '2022-12-22 17:56:24', 1299, 'IP:172.31.100.102; BROWSER:Chrome-108.0.0.0; OS:Windows'),
	(3772, 'Ingresando Home', '2022-12-22 17:56:24', 1299, 'IP:172.31.100.102; BROWSER:Chrome-108.0.0.0; OS:Windows'),
	(3773, 'Ingresado detalle-operaciones', '2022-12-22 17:57:17', 1299, 'IP:172.31.100.102; BROWSER:Chrome-108.0.0.0; OS:Windows'),
	(3774, 'Ingresado detalle-operaciones', '2022-12-22 17:58:18', 1299, 'IP:172.31.100.102; BROWSER:Chrome-108.0.0.0; OS:Windows'),
	(3775, 'Ingresado detalle-operaciones', '2022-12-22 17:59:23', 1299, 'IP:172.31.100.102; BROWSER:Chrome-108.0.0.0; OS:Windows'),
	(3776, 'Desconexion UbiBroker', '2022-12-22 17:59:38', 1299, 'IP:172.31.100.102; BROWSER:Chrome-108.0.0.0; OS:Windows'),
	(3777, 'Identificacion de Usuario', '2022-12-22 17:59:52', 1299, 'IP:172.31.100.102; BROWSER:Chrome-108.0.0.0; OS:Windows'),
	(3778, 'Validacion de equipo frecuente', '2022-12-22 17:59:52', 1299, 'IP:172.31.100.102; BROWSER:Chrome-108.0.0.0; OS:Windows'),
	(3779, 'Generacion de codigo OTP', '2022-12-22 17:59:52', 1299, 'IP:172.31.100.102; BROWSER:Chrome-108.0.0.0; OS:Windows'),
	(3780, 'Validacion de codigo OTP', '2022-12-22 18:00:14', 1299, 'IP:172.31.100.102; BROWSER:Chrome-108.0.0.0; OS:Windows'),
	(3781, 'Ingreso Exitoso UbiBroker', '2022-12-22 18:00:20', 1299, 'IP:172.31.100.102; BROWSER:Chrome-108.0.0.0; OS:Windows'),
	(3782, 'Ingresando Home', '2022-12-22 18:00:20', 1299, 'IP:172.31.100.102; BROWSER:Chrome-108.0.0.0; OS:Windows'),
	(3783, 'Ingresado detalle-operaciones', '2022-12-22 18:00:22', 1299, 'IP:172.31.100.102; BROWSER:Chrome-108.0.0.0; OS:Windows'),
	(3784, 'Ingresado detalle-operaciones', '2022-12-22 18:07:49', 1299, 'IP:172.31.100.102; BROWSER:Chrome-108.0.0.0; OS:Windows'),
	(3785, 'Ingresado detalle-operaciones', '2022-12-22 18:10:08', 1299, 'IP:172.31.100.102; BROWSER:Chrome-108.0.0.0; OS:Windows'),
	(3786, 'Ingresado detalle-operaciones', '2022-12-22 18:12:48', 1299, 'IP:172.31.100.102; BROWSER:Chrome-108.0.0.0; OS:Windows'),
	(3787, 'Ingresado detalle-operaciones', '2022-12-22 18:16:47', 1299, 'IP:172.31.100.102; BROWSER:Chrome-108.0.0.0; OS:Windows'),
	(3788, 'Ingresado detalle-operaciones', '2022-12-22 18:17:24', 1299, 'IP:172.31.100.102; BROWSER:Chrome-108.0.0.0; OS:Windows'),
	(3789, 'Desconexion UbiBroker', '2022-12-22 18:23:02', 1299, 'IP:172.31.100.102; BROWSER:Chrome-108.0.0.0; OS:Windows'),
	(3790, 'Identificacion de Usuario', '2022-12-22 18:24:28', 1299, 'IP:172.31.100.102; BROWSER:Chrome-108.0.0.0; OS:Windows'),
	(3791, 'Validacion de equipo frecuente', '2022-12-22 18:24:28', 1299, 'IP:172.31.100.102; BROWSER:Chrome-108.0.0.0; OS:Windows'),
	(3792, 'Generacion de codigo OTP', '2022-12-22 18:24:28', 1299, 'IP:172.31.100.102; BROWSER:Chrome-108.0.0.0; OS:Windows'),
	(3793, 'Validacion de codigo OTP', '2022-12-22 18:24:44', 1299, 'IP:172.31.100.102; BROWSER:Chrome-108.0.0.0; OS:Windows'),
	(3794, 'Ingreso Exitoso UbiBroker', '2022-12-22 18:24:49', 1299, 'IP:172.31.100.102; BROWSER:Chrome-108.0.0.0; OS:Windows'),
	(3795, 'Ingresando Home', '2022-12-22 18:24:49', 1299, 'IP:172.31.100.102; BROWSER:Chrome-108.0.0.0; OS:Windows'),
	(3796, 'Ingresado detalle-operaciones', '2022-12-22 18:24:55', 1299, 'IP:172.31.100.102; BROWSER:Chrome-108.0.0.0; OS:Windows'),
	(3797, 'Ingresado detalle-operaciones', '2022-12-22 18:26:26', 1299, 'IP:172.31.100.102; BROWSER:Chrome-108.0.0.0; OS:Windows'),
	(3798, 'Ingresado detalle-operaciones', '2022-12-22 18:26:29', 1299, 'IP:172.31.100.102; BROWSER:Chrome-108.0.0.0; OS:Windows'),
	(3799, 'Ingresado detalle-operaciones', '2022-12-22 18:26:32', 1299, 'IP:172.31.100.102; BROWSER:Chrome-108.0.0.0; OS:Windows'),
	(3800, 'Ingresado detalle-operaciones', '2022-12-22 18:26:37', 1299, 'IP:172.31.100.102; BROWSER:Chrome-108.0.0.0; OS:Windows'),
	(3801, 'Desconexion UbiBroker', '2022-12-22 18:33:30', 1299, 'IP:172.31.100.102; BROWSER:Chrome-108.0.0.0; OS:Windows'),
	(3802, 'Identificacion de Usuario', '2022-12-22 18:36:47', 1299, 'IP:172.31.100.102; BROWSER:Chrome-108.0.0.0; OS:Windows'),
	(3803, 'Validacion de equipo frecuente', '2022-12-22 18:36:47', 1299, 'IP:172.31.100.102; BROWSER:Chrome-108.0.0.0; OS:Windows'),
	(3804, 'Generacion de codigo OTP', '2022-12-22 18:36:47', 1299, 'IP:172.31.100.102; BROWSER:Chrome-108.0.0.0; OS:Windows'),
	(3805, 'Validacion de codigo OTP', '2022-12-22 18:37:03', 1299, 'IP:172.31.100.102; BROWSER:Chrome-108.0.0.0; OS:Windows'),
	(3806, 'Ingreso Exitoso UbiBroker', '2022-12-22 18:37:10', 1299, 'IP:172.31.100.102; BROWSER:Chrome-108.0.0.0; OS:Windows'),
	(3807, 'Ingresando Home', '2022-12-22 18:37:10', 1299, 'IP:172.31.100.102; BROWSER:Chrome-108.0.0.0; OS:Windows'),
	(3808, 'Ingresado detalle-operaciones', '2022-12-22 18:37:12', 1299, 'IP:172.31.100.102; BROWSER:Chrome-108.0.0.0; OS:Windows'),
	(3809, 'Ingresado detalle-operaciones', '2022-12-22 18:38:53', 1299, 'IP:172.31.100.102; BROWSER:Chrome-108.0.0.0; OS:Windows'),
	(3810, 'Ingresado detalle-operaciones', '2022-12-22 18:46:43', 1299, 'IP:172.31.100.102; BROWSER:Chrome-108.0.0.0; OS:Windows'),
	(3811, 'Ingresado detalle-operaciones', '2022-12-22 18:47:31', 1299, 'IP:172.31.100.102; BROWSER:Chrome-108.0.0.0; OS:Windows'),
	(3812, 'Ingresado detalle-operaciones', '2022-12-22 18:50:16', 1299, 'IP:172.31.100.102; BROWSER:Chrome-108.0.0.0; OS:Windows'),
	(3813, 'Ingresado detalle-operaciones', '2022-12-22 18:51:00', 1299, 'IP:172.31.100.102; BROWSER:Chrome-108.0.0.0; OS:Windows'),
	(3814, 'Ingresado detalle-operaciones', '2022-12-22 18:57:03', 1299, 'IP:172.31.100.102; BROWSER:Chrome-108.0.0.0; OS:Windows'),
	(3815, 'Ingresado detalle-operaciones', '2022-12-22 18:57:33', 1299, 'IP:172.31.100.102; BROWSER:Chrome-108.0.0.0; OS:Windows'),
	(3816, 'Ingresado detalle-operaciones', '2022-12-22 18:57:41', 1299, 'IP:172.31.100.102; BROWSER:Chrome-108.0.0.0; OS:Windows'),
	(3817, 'Ingresado detalle-operaciones', '2022-12-22 18:58:22', 1299, 'IP:172.31.100.102; BROWSER:Chrome-108.0.0.0; OS:Windows'),
	(3818, 'Ingresado detalle-operaciones', '2022-12-22 18:58:26', 1299, 'IP:172.31.100.102; BROWSER:Chrome-108.0.0.0; OS:Windows'),
	(3819, 'Ingresado detalle-operaciones', '2022-12-22 18:58:30', 1299, 'IP:172.31.100.102; BROWSER:Chrome-108.0.0.0; OS:Windows'),
	(3820, 'Ingresado detalle-operaciones', '2022-12-22 18:58:34', 1299, 'IP:172.31.100.102; BROWSER:Chrome-108.0.0.0; OS:Windows'),
	(3821, 'Ingresado detalle-operaciones', '2022-12-22 18:58:38', 1299, 'IP:172.31.100.102; BROWSER:Chrome-108.0.0.0; OS:Windows'),
	(3822, 'Ingresado detalle-operaciones', '2022-12-22 18:58:41', 1299, 'IP:172.31.100.102; BROWSER:Chrome-108.0.0.0; OS:Windows'),
	(3823, 'Ingresado detalle-operaciones', '2022-12-22 18:59:08', 1299, 'IP:172.31.100.102; BROWSER:Chrome-108.0.0.0; OS:Windows'),
	(3824, 'Ingresado detalle-operaciones', '2022-12-22 18:59:23', 1299, 'IP:172.31.100.102; BROWSER:Chrome-108.0.0.0; OS:Windows'),
	(3825, 'Ingresado detalle-operaciones', '2022-12-22 19:04:27', 1299, 'IP:172.31.100.102; BROWSER:Chrome-108.0.0.0; OS:Windows'),
	(3826, 'Identificacion de Usuario', '2022-12-22 19:20:33', 1299, 'IP:172.31.100.102; BROWSER:Chrome-108.0.0.0; OS:Windows'),
	(3827, 'Validacion de equipo frecuente', '2022-12-22 19:20:33', 1299, 'IP:172.31.100.102; BROWSER:Chrome-108.0.0.0; OS:Windows'),
	(3828, 'Generacion de codigo OTP', '2022-12-22 19:20:33', 1299, 'IP:172.31.100.102; BROWSER:Chrome-108.0.0.0; OS:Windows'),
	(3829, 'Validacion de codigo OTP', '2022-12-22 19:20:58', 1299, 'IP:172.31.100.102; BROWSER:Chrome-108.0.0.0; OS:Windows'),
	(3830, 'Ingreso Exitoso UbiBroker', '2022-12-22 19:21:03', 1299, 'IP:172.31.100.102; BROWSER:Chrome-108.0.0.0; OS:Windows'),
	(3831, 'Ingresando Home', '2022-12-22 19:21:03', 1299, 'IP:172.31.100.102; BROWSER:Chrome-108.0.0.0; OS:Windows'),
	(3832, 'Ingresado detalle-operaciones', '2022-12-22 19:21:10', 1299, 'IP:172.31.100.102; BROWSER:Chrome-108.0.0.0; OS:Windows'),
	(3833, 'Ingresado detalle-operaciones', '2022-12-22 19:22:34', 1299, 'IP:172.31.100.102; BROWSER:Chrome-108.0.0.0; OS:Windows'),
	(3834, 'Ingresado detalle-operaciones', '2022-12-22 19:22:38', 1299, 'IP:172.31.100.102; BROWSER:Chrome-108.0.0.0; OS:Windows'),
	(3835, 'Ingresado detalle-operaciones', '2022-12-22 19:22:45', 1299, 'IP:172.31.100.102; BROWSER:Chrome-108.0.0.0; OS:Windows'),
	(3836, 'Ingresado detalle-operaciones', '2022-12-22 19:23:14', 1299, 'IP:172.31.100.102; BROWSER:Chrome-108.0.0.0; OS:Windows'),
	(3837, 'Ingresado detalle-operaciones', '2022-12-22 19:23:23', 1299, 'IP:172.31.100.102; BROWSER:Chrome-108.0.0.0; OS:Windows'),
	(3838, 'Ingresado detalle-operaciones', '2022-12-22 19:23:31', 1299, 'IP:172.31.100.102; BROWSER:Chrome-108.0.0.0; OS:Windows'),
	(3839, 'Identificacion de Usuario', '2022-12-23 09:22:19', 1299, 'IP:172.31.100.102; BROWSER:Chrome-108.0.0.0; OS:Windows'),
	(3840, 'Validacion de equipo frecuente', '2022-12-23 09:22:19', 1299, 'IP:172.31.100.102; BROWSER:Chrome-108.0.0.0; OS:Windows'),
	(3841, 'Generacion de codigo OTP', '2022-12-23 09:22:19', 1299, 'IP:172.31.100.102; BROWSER:Chrome-108.0.0.0; OS:Windows'),
	(3842, 'Validacion de codigo OTP', '2022-12-23 09:23:24', 1299, 'IP:172.31.100.102; BROWSER:Chrome-108.0.0.0; OS:Windows'),
	(3843, 'Ingreso Exitoso UbiBroker', '2022-12-23 09:23:33', 1299, 'IP:172.31.100.102; BROWSER:Chrome-108.0.0.0; OS:Windows'),
	(3844, 'Ingresando Home', '2022-12-23 09:23:33', 1299, 'IP:172.31.100.102; BROWSER:Chrome-108.0.0.0; OS:Windows'),
	(3845, 'Ingresado detalle-operaciones', '2022-12-23 09:33:24', 1299, 'IP:172.31.100.102; BROWSER:Chrome-108.0.0.0; OS:Windows'),
	(3846, 'Identificacion de Usuario', '2022-12-23 09:59:31', 1299, 'IP:172.31.100.102; BROWSER:Chrome-108.0.0.0; OS:Windows'),
	(3847, 'Validacion de equipo frecuente', '2022-12-23 09:59:31', 1299, 'IP:172.31.100.102; BROWSER:Chrome-108.0.0.0; OS:Windows'),
	(3848, 'Generacion de codigo OTP', '2022-12-23 09:59:31', 1299, 'IP:172.31.100.102; BROWSER:Chrome-108.0.0.0; OS:Windows'),
	(3849, 'Validacion de codigo OTP', '2022-12-23 10:00:02', 1299, 'IP:172.31.100.102; BROWSER:Chrome-108.0.0.0; OS:Windows'),
	(3850, 'Ingreso Exitoso UbiBroker', '2022-12-23 10:00:09', 1299, 'IP:172.31.100.102; BROWSER:Chrome-108.0.0.0; OS:Windows'),
	(3851, 'Ingresando Home', '2022-12-23 10:00:09', 1299, 'IP:172.31.100.102; BROWSER:Chrome-108.0.0.0; OS:Windows'),
	(3852, 'Ingresado detalle-operaciones', '2022-12-23 10:00:21', 1299, 'IP:172.31.100.102; BROWSER:Chrome-108.0.0.0; OS:Windows'),
	(3853, 'Ingresado detalle-operaciones', '2022-12-23 10:13:02', 1299, 'IP:172.31.100.102; BROWSER:Chrome-108.0.0.0; OS:Windows'),
	(3854, 'Ingresado detalle-operaciones', '2022-12-23 10:17:49', 1299, 'IP:172.31.100.102; BROWSER:Chrome-108.0.0.0; OS:Windows'),
	(3855, 'Ingresado detalle-operaciones', '2022-12-23 10:22:25', 1299, 'IP:172.31.100.102; BROWSER:Chrome-108.0.0.0; OS:Windows'),
	(3856, 'Ingresado detalle-operaciones', '2022-12-23 10:25:25', 1299, 'IP:172.31.100.102; BROWSER:Chrome-108.0.0.0; OS:Windows'),
	(3857, 'Identificacion de Usuario', '2022-12-23 10:48:54', 1299, 'IP:172.31.100.102; BROWSER:Chrome-108.0.0.0; OS:Windows'),
	(3858, 'Validacion de equipo frecuente', '2022-12-23 10:48:54', 1299, 'IP:172.31.100.102; BROWSER:Chrome-108.0.0.0; OS:Windows'),
	(3859, 'Generacion de codigo OTP', '2022-12-23 10:48:54', 1299, 'IP:172.31.100.102; BROWSER:Chrome-108.0.0.0; OS:Windows'),
	(3860, 'Validacion de codigo OTP', '2022-12-23 10:49:17', 1299, 'IP:172.31.100.102; BROWSER:Chrome-108.0.0.0; OS:Windows'),
	(3861, 'Ingreso Exitoso UbiBroker', '2022-12-23 10:49:24', 1299, 'IP:172.31.100.102; BROWSER:Chrome-108.0.0.0; OS:Windows'),
	(3862, 'Ingresando Home', '2022-12-23 10:49:24', 1299, 'IP:172.31.100.102; BROWSER:Chrome-108.0.0.0; OS:Windows'),
	(3863, 'Identificacion de Usuario', '2022-12-23 11:04:55', 1299, 'IP:172.31.100.102; BROWSER:Chrome-108.0.0.0; OS:Windows'),
	(3864, 'Validacion de equipo frecuente', '2022-12-23 11:04:55', 1299, 'IP:172.31.100.102; BROWSER:Chrome-108.0.0.0; OS:Windows'),
	(3865, 'Generacion de codigo OTP', '2022-12-23 11:04:55', 1299, 'IP:172.31.100.102; BROWSER:Chrome-108.0.0.0; OS:Windows'),
	(3866, 'Validacion de codigo OTP', '2022-12-23 11:05:33', 1299, 'IP:172.31.100.102; BROWSER:Chrome-108.0.0.0; OS:Windows'),
	(3867, 'Ingreso Exitoso UbiBroker', '2022-12-23 11:05:39', 1299, 'IP:172.31.100.102; BROWSER:Chrome-108.0.0.0; OS:Windows'),
	(3868, 'Ingresando Home', '2022-12-23 11:05:39', 1299, 'IP:172.31.100.102; BROWSER:Chrome-108.0.0.0; OS:Windows'),
	(3869, 'Identificacion de Usuario', '2022-12-23 13:02:14', 1263, 'IP:172.31.100.102; BROWSER:Chrome-108.0.0.0; OS:Windows'),
	(3870, 'Validacion de equipo frecuente', '2022-12-23 13:02:14', 1263, 'IP:172.31.100.102; BROWSER:Chrome-108.0.0.0; OS:Windows'),
	(3871, 'Generacion de codigo OTP', '2022-12-23 13:02:14', 1263, 'IP:172.31.100.102; BROWSER:Chrome-108.0.0.0; OS:Windows'),
	(3872, 'Validacion de codigo OTP', '2022-12-23 13:02:30', 1263, 'IP:172.31.100.102; BROWSER:Chrome-108.0.0.0; OS:Windows'),
	(3873, 'Ingreso Exitoso UbiBroker', '2022-12-23 13:02:33', 1263, 'IP:172.31.100.102; BROWSER:Chrome-108.0.0.0; OS:Windows'),
	(3874, 'Ingresando Home', '2022-12-23 13:02:33', 1263, 'IP:172.31.100.102; BROWSER:Chrome-108.0.0.0; OS:Windows'),
	(3875, 'Ingresado detalle-operaciones', '2022-12-23 13:03:37', 1263, 'IP:172.31.100.102; BROWSER:Chrome-108.0.0.0; OS:Windows'),
	(3876, 'Desconexion UbiBroker', '2022-12-23 13:04:34', 1263, 'IP:172.31.100.102; BROWSER:Chrome-108.0.0.0; OS:Windows'),
	(3877, 'Identificacion de Usuario', '2022-12-23 14:42:11', 1299, 'IP:172.31.100.102; BROWSER:Chrome-108.0.0.0; OS:Windows'),
	(3878, 'Validacion de equipo frecuente', '2022-12-23 14:42:11', 1299, 'IP:172.31.100.102; BROWSER:Chrome-108.0.0.0; OS:Windows'),
	(3879, 'Generacion de codigo OTP', '2022-12-23 14:42:11', 1299, 'IP:172.31.100.102; BROWSER:Chrome-108.0.0.0; OS:Windows'),
	(3880, 'Validacion de codigo OTP', '2022-12-23 14:42:28', 1299, 'IP:172.31.100.102; BROWSER:Chrome-108.0.0.0; OS:Windows'),
	(3881, 'Ingreso Exitoso UbiBroker', '2022-12-23 14:42:34', 1299, 'IP:172.31.100.102; BROWSER:Chrome-108.0.0.0; OS:Windows'),
	(3882, 'Ingresando Home', '2022-12-23 14:42:34', 1299, 'IP:172.31.100.102; BROWSER:Chrome-108.0.0.0; OS:Windows'),
	(3883, 'Ingresado detalle-operaciones', '2022-12-23 14:46:58', 1299, 'IP:172.31.100.102; BROWSER:Chrome-108.0.0.0; OS:Windows'),
	(3884, 'Identificacion de Usuario', '2022-12-23 15:23:12', 1299, 'IP:172.31.100.102; BROWSER:Chrome-108.0.0.0; OS:Windows'),
	(3885, 'Validacion de equipo frecuente', '2022-12-23 15:23:12', 1299, 'IP:172.31.100.102; BROWSER:Chrome-108.0.0.0; OS:Windows'),
	(3886, 'Generacion de codigo OTP', '2022-12-23 15:23:12', 1299, 'IP:172.31.100.102; BROWSER:Chrome-108.0.0.0; OS:Windows'),
	(3887, 'Validacion de codigo OTP', '2022-12-23 15:23:52', 1299, 'IP:172.31.100.102; BROWSER:Chrome-108.0.0.0; OS:Windows'),
	(3888, 'Ingreso Exitoso UbiBroker', '2022-12-23 15:23:59', 1299, 'IP:172.31.100.102; BROWSER:Chrome-108.0.0.0; OS:Windows'),
	(3889, 'Ingresando Home', '2022-12-23 15:23:59', 1299, 'IP:172.31.100.102; BROWSER:Chrome-108.0.0.0; OS:Windows'),
	(3890, 'Ingresado detalle-operaciones', '2022-12-23 15:24:05', 1299, 'IP:172.31.100.102; BROWSER:Chrome-108.0.0.0; OS:Windows'),
	(3891, 'Usuario o Clave Invalida', '2022-12-28 15:28:43', 1305, 'IP:172.31.100.102; BROWSER:Chrome-108.0.0.0; OS:Windows'),
	(3892, 'Usuario o Clave Invalida', '2022-12-28 15:28:58', 1305, 'IP:172.31.100.102; BROWSER:Chrome-108.0.0.0; OS:Windows'),
	(3893, 'Identificacion de Usuario', '2022-12-28 15:29:52', 1163, 'IP:172.31.100.102; BROWSER:Chrome-108.0.0.0; OS:Windows'),
	(3894, 'Usuario o Clave Invalida', '2022-12-28 15:29:52', 1163, 'IP:172.31.100.102; BROWSER:Chrome-108.0.0.0; OS:Windows'),
	(3895, 'Identificacion de Usuario', '2022-12-28 15:31:56', 1299, 'IP:172.31.100.102; BROWSER:Chrome-108.0.0.0; OS:Windows'),
	(3896, 'Validacion de equipo frecuente', '2022-12-28 15:31:56', 1299, 'IP:172.31.100.102; BROWSER:Chrome-108.0.0.0; OS:Windows'),
	(3897, 'Generacion de codigo OTP', '2022-12-28 15:31:56', 1299, 'IP:172.31.100.102; BROWSER:Chrome-108.0.0.0; OS:Windows'),
	(3898, 'Identificacion de Usuario', '2022-12-28 15:32:41', 1163, 'IP:172.31.100.102; BROWSER:Chrome-108.0.0.0; OS:Windows'),
	(3899, 'Validacion de equipo frecuente', '2022-12-28 15:32:41', 1163, 'IP:172.31.100.102; BROWSER:Chrome-108.0.0.0; OS:Windows'),
	(3900, 'Generacion de codigo OTP', '2022-12-28 15:32:41', 1163, 'IP:172.31.100.102; BROWSER:Chrome-108.0.0.0; OS:Windows'),
	(3901, 'Validacion de codigo OTP', '2022-12-28 15:33:12', 1163, 'IP:172.31.100.102; BROWSER:Chrome-108.0.0.0; OS:Windows'),
	(3902, 'Ingreso Exitoso UbiBroker', '2022-12-28 15:33:23', 1163, 'IP:172.31.100.102; BROWSER:Chrome-108.0.0.0; OS:Windows'),
	(3903, 'Ingresando Home', '2022-12-28 15:33:23', 1163, 'IP:172.31.100.102; BROWSER:Chrome-108.0.0.0; OS:Windows'),
	(3904, 'Ingresado detalle-perfil', '2022-12-28 15:46:51', 1163, 'IP:172.31.100.102; BROWSER:Chrome-108.0.0.0; OS:Windows'),
	(3905, 'Ingresado detalle-perfil', '2022-12-28 15:46:57', 1163, 'IP:172.31.100.102; BROWSER:Chrome-108.0.0.0; OS:Windows'),
	(3906, 'Ingresado detalle-perfil', '2022-12-28 15:47:27', 1163, 'IP:172.31.100.102; BROWSER:Chrome-108.0.0.0; OS:Windows'),
	(3907, 'Desconexion UbiBroker', '2022-12-28 15:47:35', 1163, 'IP:172.31.100.102; BROWSER:Chrome-108.0.0.0; OS:Windows'),
	(3908, 'Identificacion de Usuario', '2022-12-28 15:48:24', 1163, 'IP:172.31.100.102; BROWSER:Chrome-108.0.0.0; OS:Windows'),
	(3909, 'Validacion de equipo frecuente', '2022-12-28 15:48:24', 1163, 'IP:172.31.100.102; BROWSER:Chrome-108.0.0.0; OS:Windows'),
	(3910, 'Generacion de codigo OTP', '2022-12-28 15:48:24', 1163, 'IP:172.31.100.102; BROWSER:Chrome-108.0.0.0; OS:Windows'),
	(3911, 'Identificacion de Usuario', '2022-12-28 15:48:41', 1163, 'IP:172.31.100.102; BROWSER:Chrome-108.0.0.0; OS:Windows'),
	(3912, 'Validacion de equipo frecuente', '2022-12-28 15:48:41', 1163, 'IP:172.31.100.102; BROWSER:Chrome-108.0.0.0; OS:Windows'),
	(3913, 'Generacion de codigo OTP', '2022-12-28 15:48:41', 1163, 'IP:172.31.100.102; BROWSER:Chrome-108.0.0.0; OS:Windows'),
	(3914, 'Validacion de codigo OTP', '2022-12-28 15:50:00', 1163, 'IP:172.31.100.102; BROWSER:Chrome-108.0.0.0; OS:Windows'),
	(3915, 'Ingreso Exitoso UbiBroker', '2022-12-28 15:50:04', 1163, 'IP:172.31.100.102; BROWSER:Chrome-108.0.0.0; OS:Windows'),
	(3916, 'Ingresando Home', '2022-12-28 15:50:04', 1163, 'IP:172.31.100.102; BROWSER:Chrome-108.0.0.0; OS:Windows'),
	(3917, 'Ingresado detalle-operaciones', '2022-12-28 16:03:12', 1163, 'IP:172.31.100.102; BROWSER:Chrome-108.0.0.0; OS:Windows'),
	(3918, 'Desconexion UbiBroker', '2022-12-28 16:15:37', 1163, 'IP:172.31.100.102; BROWSER:Chrome-108.0.0.0; OS:Windows'),
	(3919, 'Identificacion de Usuario', '2022-12-28 16:16:18', 1309, 'IP:172.31.100.102; BROWSER:Chrome-108.0.0.0; OS:Windows'),
	(3920, 'Validacion de equipo frecuente', '2022-12-28 16:16:18', 1309, 'IP:172.31.100.102; BROWSER:Chrome-108.0.0.0; OS:Windows'),
	(3921, 'Generacion de codigo OTP', '2022-12-28 16:16:18', 1309, 'IP:172.31.100.102; BROWSER:Chrome-108.0.0.0; OS:Windows'),
	(3922, 'Validacion de codigo OTP', '2022-12-28 16:17:14', 1309, 'IP:172.31.100.102; BROWSER:Chrome-108.0.0.0; OS:Windows'),
	(3923, 'Ingreso Exitoso UbiBroker', '2022-12-28 16:17:16', 1309, 'IP:172.31.100.102; BROWSER:Chrome-108.0.0.0; OS:Windows'),
	(3924, 'Ingresando Home', '2022-12-28 16:17:16', 1309, 'IP:172.31.100.102; BROWSER:Chrome-108.0.0.0; OS:Windows'),
	(3925, 'Ingresado detalle-operaciones', '2022-12-28 16:31:08', 1309, 'IP:172.31.100.102; BROWSER:Chrome-108.0.0.0; OS:Windows'),
	(3926, 'Desconexion UbiBroker', '2022-12-28 16:31:57', 1309, 'IP:172.31.100.102; BROWSER:Chrome-108.0.0.0; OS:Windows'),
	(3927, 'Identificacion de Usuario', '2022-12-28 16:32:19', 1163, 'IP:172.31.100.102; BROWSER:Chrome-108.0.0.0; OS:Windows'),
	(3928, 'Validacion de equipo frecuente', '2022-12-28 16:32:19', 1163, 'IP:172.31.100.102; BROWSER:Chrome-108.0.0.0; OS:Windows'),
	(3929, 'Validacion de preguntas de seguridad', '2022-12-28 16:32:19', 1163, 'IP:172.31.100.102; BROWSER:Chrome-108.0.0.0; OS:Windows'),
	(3930, 'Identificacion de Usuario', '2022-12-28 16:32:28', 1163, 'IP:172.31.100.102; BROWSER:Chrome-108.0.0.0; OS:Windows'),
	(3931, 'Validacion de equipo frecuente', '2022-12-28 16:32:28', 1163, 'IP:172.31.100.102; BROWSER:Chrome-108.0.0.0; OS:Windows'),
	(3932, 'Generacion de codigo OTP', '2022-12-28 16:32:28', 1163, 'IP:172.31.100.102; BROWSER:Chrome-108.0.0.0; OS:Windows'),
	(3933, 'Validacion de codigo OTP', '2022-12-28 16:33:13', 1163, 'IP:172.31.100.102; BROWSER:Chrome-108.0.0.0; OS:Windows'),
	(3934, 'Ingreso Exitoso UbiBroker', '2022-12-28 16:33:19', 1163, 'IP:172.31.100.102; BROWSER:Chrome-108.0.0.0; OS:Windows'),
	(3935, 'Ingresando Home', '2022-12-28 16:33:19', 1163, 'IP:172.31.100.102; BROWSER:Chrome-108.0.0.0; OS:Windows'),
	(3936, 'Ingresado detalle-operaciones', '2022-12-28 16:47:17', 1163, 'IP:172.31.100.102; BROWSER:Chrome-108.0.0.0; OS:Windows'),
	(3937, 'Ingresado detalle-perfil', '2022-12-28 16:52:46', 1163, 'IP:172.31.100.102; BROWSER:Chrome-108.0.0.0; OS:Windows'),
	(3938, 'Desconexion UbiBroker', '2022-12-28 16:52:56', 1163, 'IP:172.31.100.102; BROWSER:Chrome-108.0.0.0; OS:Windows'),
	(3939, 'Identificacion de Usuario', '2022-12-28 16:54:40', 1309, 'IP:172.31.100.102; BROWSER:Chrome-108.0.0.0; OS:Windows'),
	(3940, 'Validacion de equipo frecuente', '2022-12-28 16:54:40', 1309, 'IP:172.31.100.102; BROWSER:Chrome-108.0.0.0; OS:Windows'),
	(3941, 'Generacion de codigo OTP', '2022-12-28 16:54:40', 1309, 'IP:172.31.100.102; BROWSER:Chrome-108.0.0.0; OS:Windows'),
	(3942, 'Validacion de codigo OTP', '2022-12-28 16:55:40', 1309, 'IP:172.31.100.102; BROWSER:Chrome-108.0.0.0; OS:Windows'),
	(3943, 'Ingreso Exitoso UbiBroker', '2022-12-28 16:55:43', 1309, 'IP:172.31.100.102; BROWSER:Chrome-108.0.0.0; OS:Windows'),
	(3944, 'Ingresando Home', '2022-12-28 16:55:43', 1309, 'IP:172.31.100.102; BROWSER:Chrome-108.0.0.0; OS:Windows'),
	(3945, 'Ingresado detalle-operaciones', '2022-12-28 16:59:10', 1309, 'IP:172.31.100.102; BROWSER:Chrome-108.0.0.0; OS:Windows'),
	(3946, 'Identificacion de Usuario', '2022-12-29 09:25:01', 1309, 'IP:172.31.100.102; BROWSER:Chrome-108.0.0.0; OS:Windows'),
	(3947, 'Validacion de equipo frecuente', '2022-12-29 09:25:02', 1309, 'IP:172.31.100.102; BROWSER:Chrome-108.0.0.0; OS:Windows'),
	(3948, 'Generacion de codigo OTP', '2022-12-29 09:25:02', 1309, 'IP:172.31.100.102; BROWSER:Chrome-108.0.0.0; OS:Windows'),
	(3949, 'Validacion de codigo OTP', '2022-12-29 09:25:50', 1309, 'IP:172.31.100.102; BROWSER:Chrome-108.0.0.0; OS:Windows'),
	(3950, 'Ingreso Exitoso UbiBroker', '2022-12-29 09:25:52', 1309, 'IP:172.31.100.102; BROWSER:Chrome-108.0.0.0; OS:Windows'),
	(3951, 'Ingresando Home', '2022-12-29 09:25:52', 1309, 'IP:172.31.100.102; BROWSER:Chrome-108.0.0.0; OS:Windows'),
	(3952, 'Ingresado detalle-operaciones', '2022-12-29 09:26:54', 1309, 'IP:172.31.100.102; BROWSER:Chrome-108.0.0.0; OS:Windows'),
	(3953, 'Ingresado detalle-operaciones', '2022-12-29 09:33:04', 1309, 'IP:172.31.100.102; BROWSER:Chrome-108.0.0.0; OS:Windows'),
	(3954, 'Ingresado detalle-operaciones', '2022-12-29 09:33:09', 1309, 'IP:172.31.100.102; BROWSER:Chrome-108.0.0.0; OS:Windows'),
	(3955, 'Ingresado detalle-operaciones', '2022-12-29 09:35:36', 1309, 'IP:172.31.100.102; BROWSER:Chrome-108.0.0.0; OS:Windows'),
	(3956, 'Ingresado detalle-operaciones', '2022-12-29 09:35:38', 1309, 'IP:172.31.100.102; BROWSER:Chrome-108.0.0.0; OS:Windows'),
	(3957, 'Ingresado detalle-operaciones', '2022-12-29 09:35:41', 1309, 'IP:172.31.100.102; BROWSER:Chrome-108.0.0.0; OS:Windows'),
	(3958, 'Ingresado detalle-operaciones', '2022-12-29 09:35:42', 1309, 'IP:172.31.100.102; BROWSER:Chrome-108.0.0.0; OS:Windows'),
	(3959, 'Desconexion UbiBroker', '2022-12-29 09:44:11', 1309, 'IP:172.31.100.102; BROWSER:Chrome-108.0.0.0; OS:Windows'),
	(3960, 'Identificacion de Usuario', '2022-12-29 09:44:23', 1163, 'IP:172.31.100.102; BROWSER:Chrome-108.0.0.0; OS:Windows'),
	(3961, 'Validacion de equipo frecuente', '2022-12-29 09:44:23', 1163, 'IP:172.31.100.102; BROWSER:Chrome-108.0.0.0; OS:Windows'),
	(3962, 'Generacion de codigo OTP', '2022-12-29 09:44:23', 1163, 'IP:172.31.100.102; BROWSER:Chrome-108.0.0.0; OS:Windows'),
	(3963, 'Validacion de codigo OTP', '2022-12-29 09:45:06', 1163, 'IP:172.31.100.102; BROWSER:Chrome-108.0.0.0; OS:Windows'),
	(3964, 'Ingreso Exitoso UbiBroker', '2022-12-29 09:45:14', 1163, 'IP:172.31.100.102; BROWSER:Chrome-108.0.0.0; OS:Windows'),
	(3965, 'Ingresando Home', '2022-12-29 09:45:14', 1163, 'IP:172.31.100.102; BROWSER:Chrome-108.0.0.0; OS:Windows'),
	(3966, 'Ingresado detalle-operaciones', '2022-12-29 09:45:59', 1163, 'IP:172.31.100.102; BROWSER:Chrome-108.0.0.0; OS:Windows'),
	(3967, 'Ingresado detalle-operaciones', '2022-12-29 09:49:04', 1163, 'IP:172.31.100.102; BROWSER:Chrome-108.0.0.0; OS:Windows'),
	(3968, 'Ingresado detalle-perfil', '2022-12-29 09:53:50', 1163, 'IP:172.31.100.102; BROWSER:Chrome-108.0.0.0; OS:Windows'),
	(3969, 'Ingresado detalle-perfil', '2022-12-29 09:53:51', 1163, 'IP:172.31.100.102; BROWSER:Chrome-108.0.0.0; OS:Windows'),
	(3970, 'Ingresado detalle-operaciones', '2022-12-29 09:54:02', 1163, 'IP:172.31.100.102; BROWSER:Chrome-108.0.0.0; OS:Windows'),
	(3971, 'Identificacion de Usuario', '2022-12-29 09:56:26', 1309, 'IP:172.31.100.102; BROWSER:Chrome-108.0.0.0; OS:Windows'),
	(3972, 'Validacion de equipo frecuente', '2022-12-29 09:56:26', 1309, 'IP:172.31.100.102; BROWSER:Chrome-108.0.0.0; OS:Windows'),
	(3973, 'Generacion de codigo OTP', '2022-12-29 09:56:26', 1309, 'IP:172.31.100.102; BROWSER:Chrome-108.0.0.0; OS:Windows'),
	(3974, 'Validacion de codigo OTP', '2022-12-29 10:01:13', 1309, 'IP:172.31.100.102; BROWSER:Chrome-108.0.0.0; OS:Windows'),
	(3975, 'Ingreso Exitoso UbiBroker', '2022-12-29 10:01:14', 1309, 'IP:172.31.100.102; BROWSER:Chrome-108.0.0.0; OS:Windows'),
	(3976, 'Ingresando Home', '2022-12-29 10:01:14', 1309, 'IP:172.31.100.102; BROWSER:Chrome-108.0.0.0; OS:Windows'),
	(3977, 'Ingresado detalle-operaciones', '2022-12-29 10:01:29', 1309, 'IP:172.31.100.102; BROWSER:Chrome-108.0.0.0; OS:Windows'),
	(3978, 'Ingresado detalle-operaciones', '2022-12-29 10:07:31', 1163, 'IP:172.31.100.102; BROWSER:Chrome-108.0.0.0; OS:Windows'),
	(3979, 'Ingresado detalle-operaciones', '2022-12-29 10:23:19', 1163, 'IP:172.31.100.102; BROWSER:Chrome-108.0.0.0; OS:Windows'),
	(3980, 'Ingresado detalle-operaciones', '2022-12-29 10:29:21', 1163, 'IP:172.31.100.102; BROWSER:Chrome-108.0.0.0; OS:Windows'),
	(3981, 'Ingresado detalle-operaciones', '2022-12-29 10:38:12', 1163, 'IP:172.31.100.102; BROWSER:Chrome-108.0.0.0; OS:Windows'),
	(3982, 'Ingresado detalle-operaciones', '2022-12-29 10:38:55', 1163, 'IP:172.31.100.102; BROWSER:Chrome-108.0.0.0; OS:Windows'),
	(3983, 'Ingresado detalle-operaciones', '2022-12-29 10:40:01', 1163, 'IP:172.31.100.102; BROWSER:Chrome-108.0.0.0; OS:Windows'),
	(3984, 'Ingresado detalle-operaciones', '2022-12-29 10:43:05', 1163, 'IP:172.31.100.102; BROWSER:Chrome-108.0.0.0; OS:Windows'),
	(3985, 'Ingresado detalle-operaciones', '2022-12-29 10:45:51', 1163, 'IP:172.31.100.102; BROWSER:Chrome-108.0.0.0; OS:Windows'),
	(3986, 'Ingresado detalle-operaciones', '2022-12-29 10:49:51', 1163, 'IP:172.31.100.102; BROWSER:Chrome-108.0.0.0; OS:Windows'),
	(3987, 'Desconexion UbiBroker', '2022-12-29 10:50:13', 1163, 'IP:172.31.100.102; BROWSER:Chrome-108.0.0.0; OS:Windows'),
	(3988, 'Identificacion de Usuario', '2022-12-29 11:05:32', 1163, 'IP:172.31.100.102; BROWSER:Chrome-108.0.0.0; OS:Windows'),
	(3989, 'Validacion de equipo frecuente', '2022-12-29 11:05:32', 1163, 'IP:172.31.100.102; BROWSER:Chrome-108.0.0.0; OS:Windows'),
	(3990, 'Generacion de codigo OTP', '2022-12-29 11:05:32', 1163, 'IP:172.31.100.102; BROWSER:Chrome-108.0.0.0; OS:Windows'),
	(3991, 'Validacion de codigo OTP', '2022-12-29 11:06:28', 1163, 'IP:172.31.100.102; BROWSER:Chrome-108.0.0.0; OS:Windows'),
	(3992, 'Ingreso Exitoso UbiBroker', '2022-12-29 11:06:35', 1163, 'IP:172.31.100.102; BROWSER:Chrome-108.0.0.0; OS:Windows'),
	(3993, 'Ingresando Home', '2022-12-29 11:06:35', 1163, 'IP:172.31.100.102; BROWSER:Chrome-108.0.0.0; OS:Windows'),
	(3994, 'Ingresado detalle-operaciones', '2022-12-29 11:06:41', 1163, 'IP:172.31.100.102; BROWSER:Chrome-108.0.0.0; OS:Windows'),
	(3995, 'Identificacion de Usuario', '2022-12-29 11:24:25', 1163, 'IP:172.31.100.102; BROWSER:Chrome-108.0.0.0; OS:Windows'),
	(3996, 'Validacion de equipo frecuente', '2022-12-29 11:24:25', 1163, 'IP:172.31.100.102; BROWSER:Chrome-108.0.0.0; OS:Windows'),
	(3997, 'Generacion de codigo OTP', '2022-12-29 11:24:25', 1163, 'IP:172.31.100.102; BROWSER:Chrome-108.0.0.0; OS:Windows'),
	(3998, 'Validacion de codigo OTP', '2022-12-29 11:26:19', 1163, 'IP:172.31.100.102; BROWSER:Chrome-108.0.0.0; OS:Windows'),
	(3999, 'Ingreso Exitoso UbiBroker', '2022-12-29 11:26:27', 1163, 'IP:172.31.100.102; BROWSER:Chrome-108.0.0.0; OS:Windows'),
	(4000, 'Ingresando Home', '2022-12-29 11:26:27', 1163, 'IP:172.31.100.102; BROWSER:Chrome-108.0.0.0; OS:Windows'),
	(4001, 'Ingresado detalle-operaciones', '2022-12-29 11:26:55', 1163, 'IP:172.31.100.102; BROWSER:Chrome-108.0.0.0; OS:Windows'),
	(4002, 'Ingresado detalle-operaciones', '2022-12-29 11:30:23', 1163, 'IP:172.31.100.102; BROWSER:Chrome-108.0.0.0; OS:Windows'),
	(4003, 'Ingresado detalle-operaciones', '2022-12-29 11:30:39', 1163, 'IP:172.31.100.102; BROWSER:Chrome-108.0.0.0; OS:Windows'),
	(4004, 'Ingresado detalle-operaciones', '2022-12-29 11:32:19', 1163, 'IP:172.31.100.102; BROWSER:Chrome-108.0.0.0; OS:Windows'),
	(4005, 'Ingresado detalle-operaciones', '2022-12-29 11:32:22', 1163, 'IP:172.31.100.102; BROWSER:Chrome-108.0.0.0; OS:Windows'),
	(4006, 'Ingresado detalle-operaciones', '2022-12-29 11:33:59', 1163, 'IP:172.31.100.102; BROWSER:Chrome-108.0.0.0; OS:Windows'),
	(4007, 'Ingresado detalle-operaciones', '2022-12-29 11:34:22', 1163, 'IP:172.31.100.102; BROWSER:Chrome-108.0.0.0; OS:Windows'),
	(4008, 'Ingresado detalle-operaciones', '2022-12-29 11:43:34', 1163, 'IP:172.31.100.102; BROWSER:Chrome-108.0.0.0; OS:Windows'),
	(4009, 'Ingresado detalle-operaciones', '2022-12-29 12:04:21', 1163, 'IP:172.31.100.102; BROWSER:Chrome-108.0.0.0; OS:Windows'),
	(4010, 'Ingresado detalle-operaciones', '2022-12-29 12:05:09', 1163, 'IP:172.31.100.102; BROWSER:Chrome-108.0.0.0; OS:Windows'),
	(4011, 'Ingresado detalle-operaciones', '2022-12-29 12:05:12', 1163, 'IP:172.31.100.102; BROWSER:Chrome-108.0.0.0; OS:Windows'),
	(4012, 'Ingresado detalle-operaciones', '2022-12-29 12:05:12', 1163, 'IP:172.31.100.102; BROWSER:Chrome-108.0.0.0; OS:Windows'),
	(4013, 'Ingresado detalle-operaciones', '2022-12-29 12:05:15', 1163, 'IP:172.31.100.102; BROWSER:Chrome-108.0.0.0; OS:Windows'),
	(4014, 'Ingresado detalle-operaciones', '2022-12-29 12:05:17', 1163, 'IP:172.31.100.102; BROWSER:Chrome-108.0.0.0; OS:Windows'),
	(4015, 'Ingresado detalle-operaciones', '2022-12-29 12:05:37', 1163, 'IP:172.31.100.102; BROWSER:Chrome-108.0.0.0; OS:Windows'),
	(4016, 'Ingresado detalle-operaciones', '2022-12-29 12:05:41', 1163, 'IP:172.31.100.102; BROWSER:Chrome-108.0.0.0; OS:Windows'),
	(4017, 'Ingresado detalle-operaciones', '2022-12-29 12:07:22', 1163, 'IP:172.31.100.102; BROWSER:Chrome-108.0.0.0; OS:Windows'),
	(4018, 'Ingresado detalle-operaciones', '2022-12-29 12:07:46', 1163, 'IP:172.31.100.102; BROWSER:Chrome-108.0.0.0; OS:Windows'),
	(4019, 'Ingresado detalle-operaciones', '2022-12-29 12:12:47', 1163, 'IP:172.31.100.102; BROWSER:Chrome-108.0.0.0; OS:Windows'),
	(4020, 'Ingresado detalle-operaciones', '2022-12-29 12:18:49', 1163, 'IP:172.31.100.102; BROWSER:Chrome-108.0.0.0; OS:Windows'),
	(4021, 'Identificacion de Usuario', '2023-01-04 18:48:00', 1263, 'IP:172.31.100.102; BROWSER:Chrome-108.0.0.0; OS:Windows'),
	(4022, 'Validacion de equipo frecuente', '2023-01-04 18:48:00', 1263, 'IP:172.31.100.102; BROWSER:Chrome-108.0.0.0; OS:Windows'),
	(4023, 'Generacion de codigo OTP', '2023-01-04 18:48:00', 1263, 'IP:172.31.100.102; BROWSER:Chrome-108.0.0.0; OS:Windows'),
	(4024, 'Validacion de codigo OTP', '2023-01-04 18:48:33', 1263, 'IP:172.31.100.102; BROWSER:Chrome-108.0.0.0; OS:Windows'),
	(4025, 'Ingreso Exitoso UbiBroker', '2023-01-04 18:48:36', 1263, 'IP:172.31.100.102; BROWSER:Chrome-108.0.0.0; OS:Windows'),
	(4026, 'Ingresando Home', '2023-01-04 18:48:36', 1263, 'IP:172.31.100.102; BROWSER:Chrome-108.0.0.0; OS:Windows'),
	(4027, 'Ingresado detalle-operaciones', '2023-01-04 18:48:38', 1263, 'IP:172.31.100.102; BROWSER:Chrome-108.0.0.0; OS:Windows'),
	(4028, 'Desconexion UbiBroker', '2023-01-04 18:50:23', 1263, 'IP:172.31.100.102; BROWSER:Chrome-108.0.0.0; OS:Windows'),
	(4029, 'Identificacion de Usuario', '2023-01-04 18:51:32', 1299, 'IP:172.31.100.102; BROWSER:Chrome-108.0.0.0; OS:Windows'),
	(4030, 'Validacion de equipo frecuente', '2023-01-04 18:51:33', 1299, 'IP:172.31.100.102; BROWSER:Chrome-108.0.0.0; OS:Windows'),
	(4031, 'Generacion de codigo OTP', '2023-01-04 18:51:33', 1299, 'IP:172.31.100.102; BROWSER:Chrome-108.0.0.0; OS:Windows'),
	(4032, 'Validacion de codigo OTP', '2023-01-04 18:51:53', 1299, 'IP:172.31.100.102; BROWSER:Chrome-108.0.0.0; OS:Windows'),
	(4033, 'Ingreso Exitoso UbiBroker', '2023-01-04 18:52:01', 1299, 'IP:172.31.100.102; BROWSER:Chrome-108.0.0.0; OS:Windows'),
	(4034, 'Ingresando Home', '2023-01-04 18:52:01', 1299, 'IP:172.31.100.102; BROWSER:Chrome-108.0.0.0; OS:Windows'),
	(4035, 'Ingresado detalle-operaciones', '2023-01-04 18:52:03', 1299, 'IP:172.31.100.102; BROWSER:Chrome-108.0.0.0; OS:Windows'),
	(4036, 'Identificacion de Usuario', '2023-01-05 13:52:24', 1310, 'IP:172.31.100.102; BROWSER:Chrome-108.0.0.0; OS:Windows'),
	(4037, 'Creacion de preguntas de seguridad', '2023-01-05 13:52:24', 1310, 'IP:172.31.100.102; BROWSER:Chrome-108.0.0.0; OS:Windows'),
	(4038, 'Identificacion de Usuario', '2023-01-05 16:19:46', 1310, 'IP:172.31.100.102; BROWSER:Chrome-108.0.0.0; OS:Windows'),
	(4039, 'Creacion de preguntas de seguridad', '2023-01-05 16:19:46', 1310, 'IP:172.31.100.102; BROWSER:Chrome-108.0.0.0; OS:Windows'),
	(4040, 'Identificacion de Usuario', '2023-01-05 16:20:03', 1310, 'IP:172.31.100.102; BROWSER:Chrome-108.0.0.0; OS:Windows'),
	(4041, 'Creacion de preguntas de seguridad', '2023-01-05 16:20:03', 1310, 'IP:172.31.100.102; BROWSER:Chrome-108.0.0.0; OS:Windows'),
	(4042, 'Confirmacion de preguntas de seguridad', '2023-01-05 16:20:28', 1310, 'IP:172.31.100.102; BROWSER:Chrome-108.0.0.0; OS:Windows'),
	(4043, 'Creacion de preguntas de seguridad:Las respuestas no pueden estar repetidas.', '2023-01-05 16:20:28', 1310, 'IP:172.31.100.102; BROWSER:Chrome-108.0.0.0; OS:Windows'),
	(4044, 'Confirmacion de preguntas de seguridad', '2023-01-05 16:20:47', 1310, 'IP:172.31.100.102; BROWSER:Chrome-108.0.0.0; OS:Windows'),
	(4045, 'Creacion de preguntas de seguridad:Las respuestas no pueden estar repetidas.', '2023-01-05 16:20:47', 1310, 'IP:172.31.100.102; BROWSER:Chrome-108.0.0.0; OS:Windows'),
	(4046, 'Confirmacion de preguntas de seguridad', '2023-01-05 16:20:57', 1310, 'IP:172.31.100.102; BROWSER:Chrome-108.0.0.0; OS:Windows'),
	(4047, 'Creacion de preguntas de seguridad:Las respuestas no pueden estar repetidas.', '2023-01-05 16:20:57', 1310, 'IP:172.31.100.102; BROWSER:Chrome-108.0.0.0; OS:Windows'),
	(4048, 'Confirmacion de preguntas de seguridad', '2023-01-05 16:21:25', 1310, 'IP:172.31.100.102; BROWSER:Chrome-108.0.0.0; OS:Windows'),
	(4049, 'Creacion de preguntas de seguridad exitosa ', '2023-01-05 16:21:40', 1310, 'IP:172.31.100.102; BROWSER:Chrome-108.0.0.0; OS:Windows'),
	(4050, 'Ingreso Exitoso UbiBroker', '2023-01-05 16:21:44', 1310, 'IP:172.31.100.102; BROWSER:Chrome-108.0.0.0; OS:Windows'),
	(4051, 'Ingresando Home', '2023-01-05 16:21:44', 1310, 'IP:172.31.100.102; BROWSER:Chrome-108.0.0.0; OS:Windows'),
	(4052, 'Identificacion de Usuario', '2023-01-05 16:45:49', 1310, 'IP:172.31.100.102; BROWSER:Chrome-108.0.0.0; OS:Windows'),
	(4053, 'Validacion de equipo frecuente', '2023-01-05 16:45:49', 1310, 'IP:172.31.100.102; BROWSER:Chrome-108.0.0.0; OS:Windows'),
	(4054, 'Generacion de codigo OTP', '2023-01-05 16:45:49', 1310, 'IP:172.31.100.102; BROWSER:Chrome-108.0.0.0; OS:Windows'),
	(4055, 'Identificacion de Usuario', '2023-01-06 14:02:45', 1311, 'IP:172.31.100.102; BROWSER:Chrome-108.0.0.0; OS:Windows'),
	(4056, 'Creacion de preguntas de seguridad', '2023-01-06 14:02:45', 1311, 'IP:172.31.100.102; BROWSER:Chrome-108.0.0.0; OS:Windows'),
	(4057, 'Confirmacion de preguntas de seguridad', '2023-01-06 14:03:09', 1311, 'IP:172.31.100.102; BROWSER:Chrome-108.0.0.0; OS:Windows'),
	(4058, 'Creacion de preguntas de seguridad exitosa ', '2023-01-06 14:03:20', 1311, 'IP:172.31.100.102; BROWSER:Chrome-108.0.0.0; OS:Windows'),
	(4059, 'Ingreso Exitoso UbiBroker', '2023-01-06 14:03:23', 1311, 'IP:172.31.100.102; BROWSER:Chrome-108.0.0.0; OS:Windows'),
	(4060, 'Ingresando Home', '2023-01-06 14:03:24', 1311, 'IP:172.31.100.102; BROWSER:Chrome-108.0.0.0; OS:Windows'),
	(4061, 'Ingresado detalle-operaciones', '2023-01-06 14:11:00', 1311, 'IP:172.31.100.102; BROWSER:Chrome-108.0.0.0; OS:Windows'),
	(4062, 'Desconexion UbiBroker', '2023-01-06 14:15:22', 1311, 'IP:172.31.100.102; BROWSER:Chrome-108.0.0.0; OS:Windows'),
	(4063, 'Identificacion de Usuario', '2023-01-06 14:17:05', 1311, 'IP:172.31.100.102; BROWSER:Chrome-108.0.0.0; OS:Windows'),
	(4064, 'Validacion de equipo frecuente', '2023-01-06 14:17:05', 1311, 'IP:172.31.100.102; BROWSER:Chrome-108.0.0.0; OS:Windows'),
	(4065, 'Generacion de codigo OTP', '2023-01-06 14:17:05', 1311, 'IP:172.31.100.102; BROWSER:Chrome-108.0.0.0; OS:Windows'),
	(4066, 'Validacion de codigo OTP', '2023-01-06 14:17:29', 1311, 'IP:172.31.100.102; BROWSER:Chrome-108.0.0.0; OS:Windows'),
	(4067, 'Ingreso Exitoso UbiBroker', '2023-01-06 14:17:30', 1311, 'IP:172.31.100.102; BROWSER:Chrome-108.0.0.0; OS:Windows'),
	(4068, 'Ingresando Home', '2023-01-06 14:17:31', 1311, 'IP:172.31.100.102; BROWSER:Chrome-108.0.0.0; OS:Windows'),
	(4069, 'Ingresado detalle-operaciones', '2023-01-06 14:19:32', 1311, 'IP:172.31.100.102; BROWSER:Chrome-108.0.0.0; OS:Windows'),
	(4070, 'Ingresado detalle-operaciones', '2023-01-06 14:19:53', 1311, 'IP:172.31.100.102; BROWSER:Chrome-108.0.0.0; OS:Windows'),
	(4071, 'Ingresado detalle-operaciones', '2023-01-06 14:19:56', 1311, 'IP:172.31.100.102; BROWSER:Chrome-108.0.0.0; OS:Windows'),
	(4072, 'Ingresado detalle-operaciones', '2023-01-06 14:23:11', 1311, 'IP:172.31.100.102; BROWSER:Chrome-108.0.0.0; OS:Windows'),
	(4073, 'Desconexion UbiBroker', '2023-01-06 14:33:46', 1311, 'IP:172.31.100.102; BROWSER:Chrome-108.0.0.0; OS:Windows'),
	(4074, 'Identificacion de Usuario', '2023-01-06 17:04:36', 1311, 'IP:172.31.100.102; BROWSER:Chrome-108.0.0.0; OS:Windows'),
	(4075, 'Validacion de equipo frecuente', '2023-01-06 17:04:36', 1311, 'IP:172.31.100.102; BROWSER:Chrome-108.0.0.0; OS:Windows'),
	(4076, 'Generacion de codigo OTP', '2023-01-06 17:04:36', 1311, 'IP:172.31.100.102; BROWSER:Chrome-108.0.0.0; OS:Windows'),
	(4077, 'Validacion de codigo OTP', '2023-01-06 17:04:54', 1311, 'IP:172.31.100.102; BROWSER:Chrome-108.0.0.0; OS:Windows'),
	(4078, 'Ingreso Exitoso UbiBroker', '2023-01-06 17:04:59', 1311, 'IP:172.31.100.102; BROWSER:Chrome-108.0.0.0; OS:Windows'),
	(4079, 'Ingresando Home', '2023-01-06 17:04:59', 1311, 'IP:172.31.100.102; BROWSER:Chrome-108.0.0.0; OS:Windows'),
	(4080, 'Ingresado detalle-operaciones', '2023-01-06 17:06:38', 1311, 'IP:172.31.100.102; BROWSER:Chrome-108.0.0.0; OS:Windows'),
	(4081, 'Ingresado detalle-operaciones', '2023-01-06 17:08:25', 1311, 'IP:172.31.100.102; BROWSER:Chrome-108.0.0.0; OS:Windows'),
	(4082, 'Identificacion de Usuario', '2023-01-06 17:43:17', 1311, 'IP:172.31.100.102; BROWSER:Chrome-108.0.0.0; OS:Windows'),
	(4083, 'Validacion de equipo frecuente', '2023-01-06 17:43:17', 1311, 'IP:172.31.100.102; BROWSER:Chrome-108.0.0.0; OS:Windows'),
	(4084, 'Generacion de codigo OTP', '2023-01-06 17:43:18', 1311, 'IP:172.31.100.102; BROWSER:Chrome-108.0.0.0; OS:Windows'),
	(4085, 'Validacion de codigo OTP', '2023-01-06 17:43:42', 1311, 'IP:172.31.100.102; BROWSER:Chrome-108.0.0.0; OS:Windows'),
	(4086, 'Ingreso Exitoso UbiBroker', '2023-01-06 17:43:46', 1311, 'IP:172.31.100.102; BROWSER:Chrome-108.0.0.0; OS:Windows'),
	(4087, 'Ingresando Home', '2023-01-06 17:43:47', 1311, 'IP:172.31.100.102; BROWSER:Chrome-108.0.0.0; OS:Windows'),
	(4088, 'Ingresado detalle-operaciones', '2023-01-06 17:43:52', 1311, 'IP:172.31.100.102; BROWSER:Chrome-108.0.0.0; OS:Windows'),
	(4089, 'Identificacion de Usuario', '2023-01-06 18:08:07', 1311, 'IP:172.31.100.102; BROWSER:Chrome-108.0.0.0; OS:Windows'),
	(4090, 'Validacion de equipo frecuente', '2023-01-06 18:08:07', 1311, 'IP:172.31.100.102; BROWSER:Chrome-108.0.0.0; OS:Windows'),
	(4091, 'Generacion de codigo OTP', '2023-01-06 18:08:07', 1311, 'IP:172.31.100.102; BROWSER:Chrome-108.0.0.0; OS:Windows'),
	(4092, 'Validacion de codigo OTP', '2023-01-06 18:08:31', 1311, 'IP:172.31.100.102; BROWSER:Chrome-108.0.0.0; OS:Windows'),
	(4093, 'Ingreso Exitoso UbiBroker', '2023-01-06 18:08:33', 1311, 'IP:172.31.100.102; BROWSER:Chrome-108.0.0.0; OS:Windows'),
	(4094, 'Ingresando Home', '2023-01-06 18:08:33', 1311, 'IP:172.31.100.102; BROWSER:Chrome-108.0.0.0; OS:Windows'),
	(4095, 'Ingresado detalle-operaciones', '2023-01-06 18:11:04', 1311, 'IP:172.31.100.102; BROWSER:Chrome-108.0.0.0; OS:Windows'),
	(4096, 'Ingresado detalle-operaciones', '2023-01-06 18:12:10', 1311, 'IP:172.31.100.102; BROWSER:Chrome-108.0.0.0; OS:Windows'),
	(4097, 'Identificacion de Usuario', '2023-01-10 13:03:31', 1263, 'IP:172.31.100.102; BROWSER:Chrome-108.0.0.0; OS:Windows'),
	(4098, 'Validacion de equipo frecuente', '2023-01-10 13:03:31', 1263, 'IP:172.31.100.102; BROWSER:Chrome-108.0.0.0; OS:Windows'),
	(4099, 'Generacion de codigo OTP', '2023-01-10 13:03:31', 1263, 'IP:172.31.100.102; BROWSER:Chrome-108.0.0.0; OS:Windows'),
	(4100, 'Identificacion de Usuario', '2023-01-10 14:29:36', 1311, 'IP:172.31.100.102; BROWSER:Chrome-108.0.0.0; OS:Windows'),
	(4101, 'Validacion de equipo frecuente', '2023-01-10 14:29:36', 1311, 'IP:172.31.100.102; BROWSER:Chrome-108.0.0.0; OS:Windows'),
	(4102, 'Generacion de codigo OTP', '2023-01-10 14:29:36', 1311, 'IP:172.31.100.102; BROWSER:Chrome-108.0.0.0; OS:Windows'),
	(4103, 'Validacion de codigo OTP', '2023-01-10 14:29:54', 1311, 'IP:172.31.100.102; BROWSER:Chrome-108.0.0.0; OS:Windows'),
	(4104, 'Ingreso Exitoso UbiBroker', '2023-01-10 14:29:58', 1311, 'IP:172.31.100.102; BROWSER:Chrome-108.0.0.0; OS:Windows'),
	(4105, 'Ingresando Home', '2023-01-10 14:29:58', 1311, 'IP:172.31.100.102; BROWSER:Chrome-108.0.0.0; OS:Windows'),
	(4106, 'Ingresado detalle-operaciones', '2023-01-10 14:33:54', 1311, 'IP:172.31.100.102; BROWSER:Chrome-108.0.0.0; OS:Windows'),
	(4107, 'Ingresado detalle-operaciones', '2023-01-10 14:35:07', 1311, 'IP:172.31.100.102; BROWSER:Chrome-108.0.0.0; OS:Windows'),
	(4108, 'Identificacion de Usuario', '2023-01-10 18:08:53', 1263, 'IP:172.31.100.102; BROWSER:Chrome-108.0.0.0; OS:Windows'),
	(4109, 'Validacion de equipo frecuente', '2023-01-10 18:08:53', 1263, 'IP:172.31.100.102; BROWSER:Chrome-108.0.0.0; OS:Windows'),
	(4110, 'Generacion de codigo OTP', '2023-01-10 18:08:53', 1263, 'IP:172.31.100.102; BROWSER:Chrome-108.0.0.0; OS:Windows'),
	(4111, 'Validacion de codigo OTP', '2023-01-10 18:11:20', 1263, 'IP:172.31.100.102; BROWSER:Chrome-108.0.0.0; OS:Windows'),
	(4112, 'Ingreso Exitoso UbiBroker', '2023-01-10 18:11:23', 1263, 'IP:172.31.100.102; BROWSER:Chrome-108.0.0.0; OS:Windows'),
	(4113, 'Ingresando Home', '2023-01-10 18:11:23', 1263, 'IP:172.31.100.102; BROWSER:Chrome-108.0.0.0; OS:Windows'),
	(4114, 'Desconexion UbiBroker', '2023-01-10 18:14:12', 1263, 'IP:172.31.100.102; BROWSER:Chrome-108.0.0.0; OS:Windows'),
	(4115, 'Identificacion de Usuario', '2023-01-11 12:02:40', 1310, 'IP:172.31.100.102; BROWSER:Chrome-108.0.0.0; OS:Windows'),
	(4116, 'Validacion de equipo frecuente', '2023-01-11 12:02:40', 1310, 'IP:172.31.100.102; BROWSER:Chrome-108.0.0.0; OS:Windows'),
	(4117, 'Generacion de codigo OTP', '2023-01-11 12:02:40', 1310, 'IP:172.31.100.102; BROWSER:Chrome-108.0.0.0; OS:Windows'),
	(4118, 'Validacion de codigo OTP', '2023-01-11 12:02:53', 1310, 'IP:172.31.100.102; BROWSER:Chrome-108.0.0.0; OS:Windows'),
	(4119, 'Validacion de codigo OTP:El código otp que ingresó es inválido.', '2023-01-11 12:02:53', 1310, 'IP:172.31.100.102; BROWSER:Chrome-108.0.0.0; OS:Windows'),
	(4120, 'Validacion de codigo OTP', '2023-01-11 12:03:21', 1310, 'IP:172.31.100.102; BROWSER:Chrome-108.0.0.0; OS:Windows'),
	(4121, 'Ingreso Exitoso UbiBroker', '2023-01-11 12:03:23', 1310, 'IP:172.31.100.102; BROWSER:Chrome-108.0.0.0; OS:Windows'),
	(4122, 'Ingresando Home', '2023-01-11 12:03:23', 1310, 'IP:172.31.100.102; BROWSER:Chrome-108.0.0.0; OS:Windows'),
	(4123, 'Desconexion UbiBroker', '2023-01-11 12:03:27', 1310, 'IP:172.31.100.102; BROWSER:Chrome-108.0.0.0; OS:Windows'),
	(4124, 'Identificacion de Usuario', '2023-01-11 12:03:54', 1311, 'IP:172.31.100.102; BROWSER:Chrome-108.0.0.0; OS:Windows'),
	(4125, 'Validacion de equipo frecuente', '2023-01-11 12:03:54', 1311, 'IP:172.31.100.102; BROWSER:Chrome-108.0.0.0; OS:Windows'),
	(4126, 'Generacion de codigo OTP', '2023-01-11 12:03:54', 1311, 'IP:172.31.100.102; BROWSER:Chrome-108.0.0.0; OS:Windows'),
	(4127, 'Validacion de codigo OTP', '2023-01-11 12:04:18', 1311, 'IP:172.31.100.102; BROWSER:Chrome-108.0.0.0; OS:Windows'),
	(4128, 'Ingreso Exitoso UbiBroker', '2023-01-11 12:04:19', 1311, 'IP:172.31.100.102; BROWSER:Chrome-108.0.0.0; OS:Windows'),
	(4129, 'Ingresando Home', '2023-01-11 12:04:19', 1311, 'IP:172.31.100.102; BROWSER:Chrome-108.0.0.0; OS:Windows'),
	(4130, 'Ingresado detalle-operaciones', '2023-01-11 12:04:42', 1311, 'IP:172.31.100.102; BROWSER:Chrome-108.0.0.0; OS:Windows'),
	(4131, 'Ingresado detalle-operaciones', '2023-01-11 12:06:26', 1311, 'IP:172.31.100.102; BROWSER:Chrome-108.0.0.0; OS:Windows'),
	(4132, 'Ingresado detalle-operaciones', '2023-01-11 12:13:39', 1311, 'IP:172.31.100.102; BROWSER:Chrome-108.0.0.0; OS:Windows'),
	(4133, 'Desconexion UbiBroker', '2023-01-11 12:15:35', 1311, 'IP:172.31.100.102; BROWSER:Chrome-108.0.0.0; OS:Windows'),
	(4134, 'Identificacion de Usuario', '2023-01-11 19:34:24', 1311, 'IP:172.31.100.102; BROWSER:Chrome-108.0.0.0; OS:Windows'),
	(4135, 'Validacion de equipo frecuente', '2023-01-11 19:34:24', 1311, 'IP:172.31.100.102; BROWSER:Chrome-108.0.0.0; OS:Windows'),
	(4136, 'Generacion de codigo OTP', '2023-01-11 19:34:24', 1311, 'IP:172.31.100.102; BROWSER:Chrome-108.0.0.0; OS:Windows'),
	(4137, 'Validacion de codigo OTP', '2023-01-11 19:34:53', 1311, 'IP:172.31.100.102; BROWSER:Chrome-108.0.0.0; OS:Windows'),
	(4138, 'Ingreso Exitoso UbiBroker', '2023-01-11 19:34:58', 1311, 'IP:172.31.100.102; BROWSER:Chrome-108.0.0.0; OS:Windows'),
	(4139, 'Ingresando Home', '2023-01-11 19:34:59', 1311, 'IP:172.31.100.102; BROWSER:Chrome-108.0.0.0; OS:Windows'),
	(4140, 'Ingresado detalle-operaciones', '2023-01-11 19:35:21', 1311, 'IP:172.31.100.102; BROWSER:Chrome-108.0.0.0; OS:Windows'),
	(4141, 'Desconexion UbiBroker', '2023-01-11 19:40:25', 1311, 'IP:172.31.100.102; BROWSER:Chrome-108.0.0.0; OS:Windows'),
	(4142, 'Identificacion de Usuario', '2023-01-11 19:40:43', 1311, 'IP:172.31.100.102; BROWSER:Chrome-108.0.0.0; OS:Windows'),
	(4143, 'Validacion de equipo frecuente', '2023-01-11 19:40:43', 1311, 'IP:172.31.100.102; BROWSER:Chrome-108.0.0.0; OS:Windows'),
	(4144, 'Generacion de codigo OTP', '2023-01-11 19:40:43', 1311, 'IP:172.31.100.102; BROWSER:Chrome-108.0.0.0; OS:Windows'),
	(4145, 'Validacion de codigo OTP', '2023-01-11 19:41:01', 1311, 'IP:172.31.100.102; BROWSER:Chrome-108.0.0.0; OS:Windows'),
	(4146, 'Ingreso Exitoso UbiBroker', '2023-01-11 19:41:03', 1311, 'IP:172.31.100.102; BROWSER:Chrome-108.0.0.0; OS:Windows'),
	(4147, 'Ingresando Home', '2023-01-11 19:41:03', 1311, 'IP:172.31.100.102; BROWSER:Chrome-108.0.0.0; OS:Windows'),
	(4148, 'Ingresado detalle-operaciones', '2023-01-11 19:41:09', 1311, 'IP:172.31.100.102; BROWSER:Chrome-108.0.0.0; OS:Windows'),
	(4149, 'Identificacion de Usuario', '2023-01-16 13:28:06', 1310, 'IP:172.31.100.102; BROWSER:Chrome-108.0.0.0; OS:Windows'),
	(4150, 'Validacion de equipo frecuente', '2023-01-16 13:28:06', 1310, 'IP:172.31.100.102; BROWSER:Chrome-108.0.0.0; OS:Windows'),
	(4151, 'Generacion de codigo OTP', '2023-01-16 13:28:06', 1310, 'IP:172.31.100.102; BROWSER:Chrome-108.0.0.0; OS:Windows'),
	(4152, 'Ingresando Home Embebido', '2023-01-16 13:39:10', 1241, '172.31.100.102'),
	(4153, 'Identificacion de Usuario', '2023-01-16 13:54:21', 1263, 'IP:172.31.100.102; BROWSER:Chrome-108.0.0.0; OS:Windows'),
	(4154, 'Validacion de equipo frecuente', '2023-01-16 13:54:21', 1263, 'IP:172.31.100.102; BROWSER:Chrome-108.0.0.0; OS:Windows'),
	(4155, 'Generacion de codigo OTP', '2023-01-16 13:54:21', 1263, 'IP:172.31.100.102; BROWSER:Chrome-108.0.0.0; OS:Windows'),
	(4156, 'Identificacion de Usuario', '2023-01-16 13:54:28', 1280, 'IP:172.31.100.102; BROWSER:Chrome-108.0.0.0; OS:Windows'),
	(4157, 'Usuario o Clave Invalida', '2023-01-16 13:54:28', 1280, 'IP:172.31.100.102; BROWSER:Chrome-108.0.0.0; OS:Windows'),
	(4158, 'Identificacion de Usuario', '2023-01-17 14:14:01', 1310, 'IP:172.31.100.102; BROWSER:Chrome-108.0.0.0; OS:Windows'),
	(4159, 'Validacion de equipo frecuente', '2023-01-17 14:14:01', 1310, 'IP:172.31.100.102; BROWSER:Chrome-108.0.0.0; OS:Windows'),
	(4160, 'Generacion de codigo OTP', '2023-01-17 14:14:01', 1310, 'IP:172.31.100.102; BROWSER:Chrome-108.0.0.0; OS:Windows'),
	(4161, 'Validacion de codigo OTP', '2023-01-17 14:19:27', 1310, 'IP:172.31.100.102; BROWSER:Chrome-108.0.0.0; OS:Windows'),
	(4162, 'Ingreso Exitoso UbiBroker', '2023-01-17 14:19:31', 1310, 'IP:172.31.100.102; BROWSER:Chrome-108.0.0.0; OS:Windows'),
	(4163, 'Ingresando Home', '2023-01-17 14:19:32', 1310, 'IP:172.31.100.102; BROWSER:Chrome-108.0.0.0; OS:Windows'),
	(4164, 'Ingresado Generación de Orden', '2023-01-17 14:19:45', 1310, 'IP:172.31.100.102; BROWSER:Chrome-108.0.0.0; OS:Windows'),
	(4165, 'Generación de Orden - SBB Cubierto con Mutuos', '2023-01-17 14:19:55', 1310, 'IP:172.31.100.102; BROWSER:Chrome-108.0.0.0; OS:Windows'),
	(4166, 'Generación de Orden - Resumen de operación', '2023-01-17 14:20:15', 1310, 'IP:172.31.100.102; BROWSER:Chrome-108.0.0.0; OS:Windows'),
	(4167, 'Generación de Orden - Orden Generada Satisfactoriamente ID:13', '2023-01-17 14:20:21', 1310, 'IP:172.31.100.102; BROWSER:Chrome-108.0.0.0; OS:Windows'),
	(4168, 'Ingresado detalle-operaciones', '2023-01-17 14:20:22', 1310, 'IP:172.31.100.102; BROWSER:Chrome-108.0.0.0; OS:Windows'),
	(4169, 'Ingresado Generación de Orden', '2023-01-17 14:21:06', 1310, 'IP:172.31.100.102; BROWSER:Chrome-108.0.0.0; OS:Windows'),
	(4170, 'Generación de Orden - Renta Fija(Seleccion de titulo)', '2023-01-17 14:21:07', 1310, 'IP:172.31.100.102; BROWSER:Chrome-108.0.0.0; OS:Windows'),
	(4171, 'Generación de Orden - Resumen de operación', '2023-01-17 14:21:35', 1310, 'IP:172.31.100.102; BROWSER:Chrome-108.0.0.0; OS:Windows'),
	(4172, 'Ingresado detalle-operaciones', '2023-01-17 14:21:43', 1310, 'IP:172.31.100.102; BROWSER:Chrome-108.0.0.0; OS:Windows'),
	(4173, 'Ingresado Generación de Orden', '2023-01-17 14:23:08', 1310, 'IP:172.31.100.102; BROWSER:Chrome-108.0.0.0; OS:Windows'),
	(4174, 'Generación de Orden - Renta Fija(Seleccion de titulo)', '2023-01-17 14:23:10', 1310, 'IP:172.31.100.102; BROWSER:Chrome-108.0.0.0; OS:Windows'),
	(4175, 'Generación de Orden - Resumen de operación', '2023-01-17 14:23:27', 1310, 'IP:172.31.100.102; BROWSER:Chrome-108.0.0.0; OS:Windows'),
	(4176, 'Generación de Orden - Orden Generada Satisfactoriamente ID:15', '2023-01-17 14:23:33', 1310, 'IP:172.31.100.102; BROWSER:Chrome-108.0.0.0; OS:Windows'),
	(4177, 'Ingresado detalle-operaciones', '2023-01-17 14:23:34', 1310, 'IP:172.31.100.102; BROWSER:Chrome-108.0.0.0; OS:Windows'),
	(4178, 'Ingresado Generación de Orden', '2023-01-17 14:24:16', 1310, 'IP:172.31.100.102; BROWSER:Chrome-108.0.0.0; OS:Windows'),
	(4179, 'Generación de Orden - SBB Cubierto con Mutuos', '2023-01-17 14:24:20', 1310, 'IP:172.31.100.102; BROWSER:Chrome-108.0.0.0; OS:Windows'),
	(4180, 'Generación de Orden - Resumen de operación', '2023-01-17 14:24:39', 1310, 'IP:172.31.100.102; BROWSER:Chrome-108.0.0.0; OS:Windows'),
	(4181, 'Generación de Orden - Resumen de operación', '2023-01-17 14:25:26', 1310, 'IP:172.31.100.102; BROWSER:Chrome-108.0.0.0; OS:Windows'),
	(4182, 'Generación de Orden - Resumen de operación', '2023-01-17 14:25:40', 1310, 'IP:172.31.100.102; BROWSER:Chrome-108.0.0.0; OS:Windows'),
	(4183, 'Generación de Orden - Resumen de operación', '2023-01-17 14:25:44', 1310, 'IP:172.31.100.102; BROWSER:Chrome-108.0.0.0; OS:Windows'),
	(4184, 'Generación de Orden - Resumen de operación', '2023-01-17 14:25:48', 1310, 'IP:172.31.100.102; BROWSER:Chrome-108.0.0.0; OS:Windows'),
	(4185, 'Generación de Orden - Orden Generada Satisfactoriamente ID:16', '2023-01-17 14:26:07', 1310, 'IP:172.31.100.102; BROWSER:Chrome-108.0.0.0; OS:Windows'),
	(4186, 'Ingresado detalle-operaciones', '2023-01-17 14:26:09', 1310, 'IP:172.31.100.102; BROWSER:Chrome-108.0.0.0; OS:Windows'),
	(4187, 'Ingresado Generación de Orden', '2023-01-17 14:27:07', 1310, 'IP:172.31.100.102; BROWSER:Chrome-108.0.0.0; OS:Windows'),
	(4188, 'Generación de Orden - SBB Cubierto con Mutuos', '2023-01-17 14:27:10', 1310, 'IP:172.31.100.102; BROWSER:Chrome-108.0.0.0; OS:Windows'),
	(4189, 'Generación de Orden - Resumen de operación', '2023-01-17 14:27:37', 1310, 'IP:172.31.100.102; BROWSER:Chrome-108.0.0.0; OS:Windows'),
	(4190, 'Generación de Orden - Orden Generada Satisfactoriamente ID:17', '2023-01-17 14:27:47', 1310, 'IP:172.31.100.102; BROWSER:Chrome-108.0.0.0; OS:Windows'),
	(4191, 'Ingresado detalle-operaciones', '2023-01-17 14:27:51', 1310, 'IP:172.31.100.102; BROWSER:Chrome-108.0.0.0; OS:Windows'),
	(4192, 'Ingresado Generación de Orden', '2023-01-17 14:28:14', 1310, 'IP:172.31.100.102; BROWSER:Chrome-108.0.0.0; OS:Windows'),
	(4193, 'Generación de Orden - Renta Fija(Seleccion de titulo)', '2023-01-17 14:28:18', 1310, 'IP:172.31.100.102; BROWSER:Chrome-108.0.0.0; OS:Windows'),
	(4194, 'Generación de Orden - Resumen de operación', '2023-01-17 14:28:40', 1310, 'IP:172.31.100.102; BROWSER:Chrome-108.0.0.0; OS:Windows'),
	(4195, 'Generación de Orden - Orden Generada Satisfactoriamente ID:18', '2023-01-17 14:28:46', 1310, 'IP:172.31.100.102; BROWSER:Chrome-108.0.0.0; OS:Windows'),
	(4196, 'Ingresado detalle-operaciones', '2023-01-17 14:28:47', 1310, 'IP:172.31.100.102; BROWSER:Chrome-108.0.0.0; OS:Windows'),
	(4197, 'Ingresado Generación de Orden', '2023-01-17 14:31:41', 1310, 'IP:172.31.100.102; BROWSER:Chrome-108.0.0.0; OS:Windows'),
	(4198, 'Generación de Orden - SBB Cubierto con Mutuos', '2023-01-17 14:31:42', 1310, 'IP:172.31.100.102; BROWSER:Chrome-108.0.0.0; OS:Windows'),
	(4199, 'Generación de Orden - Resumen de operación', '2023-01-17 14:32:05', 1310, 'IP:172.31.100.102; BROWSER:Chrome-108.0.0.0; OS:Windows'),
	(4200, 'Generación de Orden - Orden Generada Satisfactoriamente ID:19', '2023-01-17 14:32:10', 1310, 'IP:172.31.100.102; BROWSER:Chrome-108.0.0.0; OS:Windows'),
	(4201, 'Ingresado detalle-operaciones', '2023-01-17 14:32:12', 1310, 'IP:172.31.100.102; BROWSER:Chrome-108.0.0.0; OS:Windows'),
	(4202, 'Identificacion de Usuario', '2023-01-17 14:53:09', 1310, 'IP:172.31.100.102; BROWSER:Chrome-108.0.0.0; OS:Windows'),
	(4203, 'Validacion de equipo frecuente', '2023-01-17 14:53:09', 1310, 'IP:172.31.100.102; BROWSER:Chrome-108.0.0.0; OS:Windows'),
	(4204, 'Generacion de codigo OTP', '2023-01-17 14:53:09', 1310, 'IP:172.31.100.102; BROWSER:Chrome-108.0.0.0; OS:Windows'),
	(4205, 'Validacion de codigo OTP', '2023-01-17 14:53:46', 1310, 'IP:172.31.100.102; BROWSER:Chrome-108.0.0.0; OS:Windows'),
	(4206, 'Ingreso Exitoso UbiBroker', '2023-01-17 14:53:48', 1310, 'IP:172.31.100.102; BROWSER:Chrome-108.0.0.0; OS:Windows'),
	(4207, 'Ingresando Home', '2023-01-17 14:53:48', 1310, 'IP:172.31.100.102; BROWSER:Chrome-108.0.0.0; OS:Windows'),
	(4208, 'Ingresado detalle-operaciones', '2023-01-17 14:54:26', 1310, 'IP:172.31.100.102; BROWSER:Chrome-108.0.0.0; OS:Windows'),
	(4209, 'Ingresado Generación de Orden', '2023-01-17 14:54:36', 1310, 'IP:172.31.100.102; BROWSER:Chrome-108.0.0.0; OS:Windows'),
	(4210, 'Generación de Orden - SBB Cubierto con Mutuos', '2023-01-17 14:54:37', 1310, 'IP:172.31.100.102; BROWSER:Chrome-108.0.0.0; OS:Windows'),
	(4211, 'Generación de Orden - Resumen de operación', '2023-01-17 14:58:49', 1310, 'IP:172.31.100.102; BROWSER:Chrome-108.0.0.0; OS:Windows'),
	(4212, 'Generación de Orden - Resumen de operación', '2023-01-17 14:58:54', 1310, 'IP:172.31.100.102; BROWSER:Chrome-108.0.0.0; OS:Windows'),
	(4213, 'Generación de Orden - Resumen de operación', '2023-01-17 14:58:58', 1310, 'IP:172.31.100.102; BROWSER:Chrome-108.0.0.0; OS:Windows'),
	(4214, 'Generación de Orden - Resumen de operación', '2023-01-17 14:59:04', 1310, 'IP:172.31.100.102; BROWSER:Chrome-108.0.0.0; OS:Windows'),
	(4215, 'Generación de Orden - Resumen de operación', '2023-01-17 14:59:08', 1310, 'IP:172.31.100.102; BROWSER:Chrome-108.0.0.0; OS:Windows'),
	(4216, 'Generación de Orden - Resumen de operación', '2023-01-17 14:59:12', 1310, 'IP:172.31.100.102; BROWSER:Chrome-108.0.0.0; OS:Windows'),
	(4217, 'Generación de Orden - Resumen de operación', '2023-01-17 14:59:16', 1310, 'IP:172.31.100.102; BROWSER:Chrome-108.0.0.0; OS:Windows'),
	(4218, 'Generación de Orden - Resumen de operación', '2023-01-17 14:59:20', 1310, 'IP:172.31.100.102; BROWSER:Chrome-108.0.0.0; OS:Windows'),
	(4219, 'Generación de Orden - Orden Generada Satisfactoriamente ID:20', '2023-01-17 14:59:27', 1310, 'IP:172.31.100.102; BROWSER:Chrome-108.0.0.0; OS:Windows'),
	(4220, 'Ingresado detalle-operaciones', '2023-01-17 14:59:29', 1310, 'IP:172.31.100.102; BROWSER:Chrome-108.0.0.0; OS:Windows'),
	(4221, 'Ingresado Generación de Orden', '2023-01-17 14:59:56', 1310, 'IP:172.31.100.102; BROWSER:Chrome-108.0.0.0; OS:Windows'),
	(4222, 'Generación de Orden - SBB Cubierto con Mutuos', '2023-01-17 14:59:58', 1310, 'IP:172.31.100.102; BROWSER:Chrome-108.0.0.0; OS:Windows'),
	(4223, 'Ingresado Generación de Orden', '2023-01-17 15:00:12', 1310, 'IP:172.31.100.102; BROWSER:Chrome-108.0.0.0; OS:Windows'),
	(4224, 'Desconexion UbiBroker', '2023-01-17 15:00:25', 1310, 'IP:172.31.100.102; BROWSER:Chrome-108.0.0.0; OS:Windows'),
	(4225, 'Identificacion de Usuario', '2023-01-17 15:00:46', 1313, 'IP:172.31.100.102; BROWSER:Chrome-108.0.0.0; OS:Windows'),
	(4226, 'Creacion de preguntas de seguridad', '2023-01-17 15:00:46', 1313, 'IP:172.31.100.102; BROWSER:Chrome-108.0.0.0; OS:Windows'),
	(4227, 'Confirmacion de preguntas de seguridad', '2023-01-17 15:01:15', 1313, 'IP:172.31.100.102; BROWSER:Chrome-108.0.0.0; OS:Windows'),
	(4228, 'Creacion de preguntas de seguridad exitosa ', '2023-01-17 15:01:23', 1313, 'IP:172.31.100.102; BROWSER:Chrome-108.0.0.0; OS:Windows'),
	(4229, 'Ingreso Exitoso UbiBroker', '2023-01-17 15:01:25', 1313, 'IP:172.31.100.102; BROWSER:Chrome-108.0.0.0; OS:Windows'),
	(4230, 'Ingresando Home', '2023-01-17 15:01:25', 1313, 'IP:172.31.100.102; BROWSER:Chrome-108.0.0.0; OS:Windows'),
	(4231, 'Ingresado Generación de Orden', '2023-01-17 15:01:31', 1313, 'IP:172.31.100.102; BROWSER:Chrome-108.0.0.0; OS:Windows'),
	(4232, 'Ingresado detalle-operaciones', '2023-01-17 15:01:34', 1313, 'IP:172.31.100.102; BROWSER:Chrome-108.0.0.0; OS:Windows'),
	(4233, 'Ingresado Generación de Orden', '2023-01-17 15:01:50', 1313, 'IP:172.31.100.102; BROWSER:Chrome-108.0.0.0; OS:Windows'),
	(4234, 'Generación de Orden - SBB Cubierto con Mutuos', '2023-01-17 15:01:51', 1313, 'IP:172.31.100.102; BROWSER:Chrome-108.0.0.0; OS:Windows'),
	(4235, 'Generación de Orden - Resumen de operación', '2023-01-17 15:03:13', 1313, 'IP:172.31.100.102; BROWSER:Chrome-108.0.0.0; OS:Windows'),
	(4236, 'Generación de Orden - Resumen de operación', '2023-01-17 15:03:17', 1313, 'IP:172.31.100.102; BROWSER:Chrome-108.0.0.0; OS:Windows'),
	(4237, 'Generación de Orden - Resumen de operación', '2023-01-17 15:03:22', 1313, 'IP:172.31.100.102; BROWSER:Chrome-108.0.0.0; OS:Windows'),
	(4238, 'Generación de Orden - Resumen de operación', '2023-01-17 15:03:26', 1313, 'IP:172.31.100.102; BROWSER:Chrome-108.0.0.0; OS:Windows'),
	(4239, 'Generación de Orden - Resumen de operación', '2023-01-17 15:03:31', 1313, 'IP:172.31.100.102; BROWSER:Chrome-108.0.0.0; OS:Windows'),
	(4240, 'Ingresado Generación de Orden', '2023-01-17 15:10:44', 1313, 'IP:172.31.100.102; BROWSER:Chrome-108.0.0.0; OS:Windows'),
	(4241, 'Ingresado Generación de Orden', '2023-01-17 15:10:48', 1313, 'IP:172.31.100.102; BROWSER:Chrome-108.0.0.0; OS:Windows'),
	(4242, 'Ingresado Generación de Orden', '2023-01-17 15:11:08', 1313, 'IP:172.31.100.102; BROWSER:Chrome-108.0.0.0; OS:Windows'),
	(4243, 'Ingresado Generación de Orden', '2023-01-17 15:11:33', 1313, 'IP:172.31.100.102; BROWSER:Chrome-108.0.0.0; OS:Windows'),
	(4244, 'Desconexion UbiBroker', '2023-01-17 15:11:37', 1313, 'IP:172.31.100.102; BROWSER:Chrome-108.0.0.0; OS:Windows'),
	(4245, 'Identificacion de Usuario', '2023-01-17 15:11:43', 1310, 'IP:172.31.100.102; BROWSER:Chrome-108.0.0.0; OS:Windows'),
	(4246, 'Validacion de equipo frecuente', '2023-01-17 15:11:43', 1310, 'IP:172.31.100.102; BROWSER:Chrome-108.0.0.0; OS:Windows'),
	(4247, 'Generacion de codigo OTP', '2023-01-17 15:11:43', 1310, 'IP:172.31.100.102; BROWSER:Chrome-108.0.0.0; OS:Windows'),
	(4248, 'Validacion de codigo OTP', '2023-01-17 15:20:09', 1310, 'IP:172.31.100.102; BROWSER:Chrome-108.0.0.0; OS:Windows'),
	(4249, 'Ingreso Exitoso UbiBroker', '2023-01-17 15:20:13', 1310, 'IP:172.31.100.102; BROWSER:Chrome-108.0.0.0; OS:Windows'),
	(4250, 'Ingresando Home', '2023-01-17 15:20:13', 1310, 'IP:172.31.100.102; BROWSER:Chrome-108.0.0.0; OS:Windows'),
	(4251, 'Ingresado Generación de Orden', '2023-01-17 15:20:23', 1310, 'IP:172.31.100.102; BROWSER:Chrome-108.0.0.0; OS:Windows'),
	(4252, 'Generación de Orden - SBB Cubierto con Mutuos', '2023-01-17 15:20:25', 1310, 'IP:172.31.100.102; BROWSER:Chrome-108.0.0.0; OS:Windows'),
	(4253, 'Generación de Orden - Resumen de operación', '2023-01-17 15:20:47', 1310, 'IP:172.31.100.102; BROWSER:Chrome-108.0.0.0; OS:Windows'),
	(4254, 'Generación de Orden - Orden Generada Satisfactoriamente ID:21', '2023-01-17 15:20:53', 1310, 'IP:172.31.100.102; BROWSER:Chrome-108.0.0.0; OS:Windows'),
	(4255, 'Ingresado detalle-operaciones', '2023-01-17 15:20:54', 1310, 'IP:172.31.100.102; BROWSER:Chrome-108.0.0.0; OS:Windows'),
	(4256, 'Ingresado Generación de Orden', '2023-01-17 15:23:44', 1310, 'IP:172.31.100.102; BROWSER:Chrome-108.0.0.0; OS:Windows'),
	(4257, 'Generación de Orden - SBB Cubierto con Mutuos', '2023-01-17 15:23:45', 1310, 'IP:172.31.100.102; BROWSER:Chrome-108.0.0.0; OS:Windows'),
	(4258, 'Generación de Orden - Resumen de operación', '2023-01-17 15:24:07', 1310, 'IP:172.31.100.102; BROWSER:Chrome-108.0.0.0; OS:Windows'),
	(4259, 'Generación de Orden - Orden Generada Satisfactoriamente ID:22', '2023-01-17 15:24:11', 1310, 'IP:172.31.100.102; BROWSER:Chrome-108.0.0.0; OS:Windows'),
	(4260, 'Ingresado detalle-operaciones', '2023-01-17 15:24:13', 1310, 'IP:172.31.100.102; BROWSER:Chrome-108.0.0.0; OS:Windows'),
	(4261, 'Ingresado Generación de Orden', '2023-01-17 15:25:21', 1310, 'IP:172.31.100.102; BROWSER:Chrome-108.0.0.0; OS:Windows'),
	(4262, 'Generación de Orden - SBB Cubierto con Mutuos', '2023-01-17 15:25:23', 1310, 'IP:172.31.100.102; BROWSER:Chrome-108.0.0.0; OS:Windows'),
	(4263, 'Generación de Orden - Resumen de operación', '2023-01-17 15:25:39', 1310, 'IP:172.31.100.102; BROWSER:Chrome-108.0.0.0; OS:Windows'),
	(4264, 'Ingresado Generación de Orden', '2023-01-17 15:27:12', 1310, 'IP:172.31.100.102; BROWSER:Chrome-108.0.0.0; OS:Windows'),
	(4265, 'Generación de Orden - Renta Fija(Seleccion de titulo)', '2023-01-17 15:27:15', 1310, 'IP:172.31.100.102; BROWSER:Chrome-108.0.0.0; OS:Windows'),
	(4266, 'Generación de Orden - Resumen de operación', '2023-01-17 15:27:34', 1310, 'IP:172.31.100.102; BROWSER:Chrome-108.0.0.0; OS:Windows'),
	(4267, 'Desconexion UbiBroker', '2023-01-17 15:29:34', 1310, 'IP:172.31.100.102; BROWSER:Chrome-108.0.0.0; OS:Windows'),
	(4268, 'Identificacion de Usuario', '2023-01-17 15:29:43', 1313, 'IP:172.31.100.102; BROWSER:Chrome-108.0.0.0; OS:Windows'),
	(4269, 'Validacion de equipo frecuente', '2023-01-17 15:29:43', 1313, 'IP:172.31.100.102; BROWSER:Chrome-108.0.0.0; OS:Windows'),
	(4270, 'Generacion de codigo OTP', '2023-01-17 15:29:43', 1313, 'IP:172.31.100.102; BROWSER:Chrome-108.0.0.0; OS:Windows'),
	(4271, 'Validacion de codigo OTP', '2023-01-17 15:30:24', 1313, 'IP:172.31.100.102; BROWSER:Chrome-108.0.0.0; OS:Windows'),
	(4272, 'Ingreso Exitoso UbiBroker', '2023-01-17 15:30:26', 1313, 'IP:172.31.100.102; BROWSER:Chrome-108.0.0.0; OS:Windows'),
	(4273, 'Ingresando Home', '2023-01-17 15:30:26', 1313, 'IP:172.31.100.102; BROWSER:Chrome-108.0.0.0; OS:Windows'),
	(4274, 'Ingresado Generación de Orden', '2023-01-17 15:30:34', 1313, 'IP:172.31.100.102; BROWSER:Chrome-108.0.0.0; OS:Windows'),
	(4275, 'Generación de Orden - SBB Cubierto con Mutuos', '2023-01-17 15:30:41', 1313, 'IP:172.31.100.102; BROWSER:Chrome-108.0.0.0; OS:Windows'),
	(4276, 'Generación de Orden - Resumen de operación', '2023-01-17 15:30:56', 1313, 'IP:172.31.100.102; BROWSER:Chrome-108.0.0.0; OS:Windows'),
	(4277, 'Ingresado Generación de Orden', '2023-01-17 15:31:47', 1313, 'IP:172.31.100.102; BROWSER:Chrome-108.0.0.0; OS:Windows'),
	(4278, 'Generación de Orden - Renta Fija(Seleccion de titulo)', '2023-01-17 15:31:50', 1313, 'IP:172.31.100.102; BROWSER:Chrome-108.0.0.0; OS:Windows'),
	(4279, 'Generación de Orden - Resumen de operación', '2023-01-17 15:32:07', 1313, 'IP:172.31.100.102; BROWSER:Chrome-108.0.0.0; OS:Windows'),
	(4280, 'Desconexion UbiBroker', '2023-01-17 15:33:30', 1313, 'IP:172.31.100.102; BROWSER:Chrome-108.0.0.0; OS:Windows'),
	(4281, 'Identificacion de Usuario', '2023-01-17 15:33:37', 1310, 'IP:172.31.100.102; BROWSER:Chrome-108.0.0.0; OS:Windows'),
	(4282, 'Validacion de equipo frecuente', '2023-01-17 15:33:37', 1310, 'IP:172.31.100.102; BROWSER:Chrome-108.0.0.0; OS:Windows'),
	(4283, 'Generacion de codigo OTP', '2023-01-17 15:33:37', 1310, 'IP:172.31.100.102; BROWSER:Chrome-108.0.0.0; OS:Windows'),
	(4284, 'Validacion de codigo OTP', '2023-01-17 15:34:04', 1310, 'IP:172.31.100.102; BROWSER:Chrome-108.0.0.0; OS:Windows'),
	(4285, 'Ingreso Exitoso UbiBroker', '2023-01-17 15:34:04', 1310, 'IP:172.31.100.102; BROWSER:Chrome-108.0.0.0; OS:Windows'),
	(4286, 'Ingresando Home', '2023-01-17 15:34:04', 1310, 'IP:172.31.100.102; BROWSER:Chrome-108.0.0.0; OS:Windows'),
	(4287, 'Ingresado Generación de Orden', '2023-01-17 15:34:13', 1310, 'IP:172.31.100.102; BROWSER:Chrome-108.0.0.0; OS:Windows'),
	(4288, 'Generación de Orden - SBB Cubierto con Mutuos', '2023-01-17 15:34:14', 1310, 'IP:172.31.100.102; BROWSER:Chrome-108.0.0.0; OS:Windows'),
	(4289, 'Generación de Orden - Resumen de operación', '2023-01-17 15:34:31', 1310, 'IP:172.31.100.102; BROWSER:Chrome-108.0.0.0; OS:Windows'),
	(4290, 'Ingresado Generación de Orden', '2023-01-17 15:43:21', 1310, 'IP:172.31.100.102; BROWSER:Chrome-108.0.0.0; OS:Windows'),
	(4291, 'Generación de Orden - SBB Cubierto con Mutuos', '2023-01-17 15:43:22', 1310, 'IP:172.31.100.102; BROWSER:Chrome-108.0.0.0; OS:Windows'),
	(4292, 'Generación de Orden - Resumen de operación', '2023-01-17 15:43:55', 1310, 'IP:172.31.100.102; BROWSER:Chrome-108.0.0.0; OS:Windows'),
	(4293, 'Generación de Orden - Orden Generada Satisfactoriamente ID:23', '2023-01-17 15:44:00', 1310, 'IP:172.31.100.102; BROWSER:Chrome-108.0.0.0; OS:Windows'),
	(4294, 'Ingresado detalle-operaciones', '2023-01-17 15:44:01', 1310, 'IP:172.31.100.102; BROWSER:Chrome-108.0.0.0; OS:Windows'),
	(4295, 'Ingresado Generación de Orden', '2023-01-17 15:44:09', 1310, 'IP:172.31.100.102; BROWSER:Chrome-108.0.0.0; OS:Windows'),
	(4296, 'Generación de Orden - SBB Cubierto con Mutuos', '2023-01-17 15:44:10', 1310, 'IP:172.31.100.102; BROWSER:Chrome-108.0.0.0; OS:Windows'),
	(4297, 'Generación de Orden - Resumen de operación', '2023-01-17 15:44:34', 1310, 'IP:172.31.100.102; BROWSER:Chrome-108.0.0.0; OS:Windows'),
	(4298, 'Ingresado detalle-operaciones', '2023-01-17 15:44:45', 1310, 'IP:172.31.100.102; BROWSER:Chrome-108.0.0.0; OS:Windows'),
	(4299, 'Identificacion de Usuario', '2023-01-17 16:02:20', 1310, 'IP:172.31.100.102; BROWSER:Chrome-108.0.0.0; OS:Windows'),
	(4300, 'Validacion de equipo frecuente', '2023-01-17 16:02:20', 1310, 'IP:172.31.100.102; BROWSER:Chrome-108.0.0.0; OS:Windows'),
	(4301, 'Generacion de codigo OTP', '2023-01-17 16:02:20', 1310, 'IP:172.31.100.102; BROWSER:Chrome-108.0.0.0; OS:Windows'),
	(4302, 'Validacion de codigo OTP', '2023-01-17 16:02:59', 1310, 'IP:172.31.100.102; BROWSER:Chrome-108.0.0.0; OS:Windows'),
	(4303, 'Ingreso Exitoso UbiBroker', '2023-01-17 16:03:01', 1310, 'IP:172.31.100.102; BROWSER:Chrome-108.0.0.0; OS:Windows'),
	(4304, 'Ingresando Home', '2023-01-17 16:03:01', 1310, 'IP:172.31.100.102; BROWSER:Chrome-108.0.0.0; OS:Windows'),
	(4305, 'Ingresado Generación de Orden', '2023-01-17 16:03:11', 1310, 'IP:172.31.100.102; BROWSER:Chrome-108.0.0.0; OS:Windows'),
	(4306, 'Generación de Orden - SBB Cubierto con Mutuos', '2023-01-17 16:03:12', 1310, 'IP:172.31.100.102; BROWSER:Chrome-108.0.0.0; OS:Windows'),
	(4307, 'Generación de Orden - Resumen de operación', '2023-01-17 16:03:42', 1310, 'IP:172.31.100.102; BROWSER:Chrome-108.0.0.0; OS:Windows'),
	(4308, 'Desconexion UbiBroker', '2023-01-17 16:03:48', 1310, 'IP:172.31.100.102; BROWSER:Chrome-108.0.0.0; OS:Windows'),
	(4309, 'Identificacion de Usuario', '2023-01-17 16:04:01', 1313, 'IP:172.31.100.102; BROWSER:Chrome-108.0.0.0; OS:Windows'),
	(4310, 'Validacion de equipo frecuente', '2023-01-17 16:04:01', 1313, 'IP:172.31.100.102; BROWSER:Chrome-108.0.0.0; OS:Windows'),
	(4311, 'Generacion de codigo OTP', '2023-01-17 16:04:01', 1313, 'IP:172.31.100.102; BROWSER:Chrome-108.0.0.0; OS:Windows'),
	(4312, 'Validacion de codigo OTP', '2023-01-17 16:04:47', 1313, 'IP:172.31.100.102; BROWSER:Chrome-108.0.0.0; OS:Windows'),
	(4313, 'Ingreso Exitoso UbiBroker', '2023-01-17 16:04:48', 1313, 'IP:172.31.100.102; BROWSER:Chrome-108.0.0.0; OS:Windows'),
	(4314, 'Ingresando Home', '2023-01-17 16:04:48', 1313, 'IP:172.31.100.102; BROWSER:Chrome-108.0.0.0; OS:Windows'),
	(4315, 'Ingresado Generación de Orden', '2023-01-17 16:04:57', 1313, 'IP:172.31.100.102; BROWSER:Chrome-108.0.0.0; OS:Windows'),
	(4316, 'Generación de Orden - SBB Cubierto con Mutuos', '2023-01-17 16:05:02', 1313, 'IP:172.31.100.102; BROWSER:Chrome-108.0.0.0; OS:Windows'),
	(4317, 'Generación de Orden - Resumen de operación', '2023-01-17 16:05:19', 1313, 'IP:172.31.100.102; BROWSER:Chrome-108.0.0.0; OS:Windows'),
	(4318, 'Generación de Orden - Orden Generada Satisfactoriamente ID:25', '2023-01-17 16:05:23', 1313, 'IP:172.31.100.102; BROWSER:Chrome-108.0.0.0; OS:Windows'),
	(4319, 'Ingresado detalle-operaciones', '2023-01-17 16:05:24', 1313, 'IP:172.31.100.102; BROWSER:Chrome-108.0.0.0; OS:Windows'),
	(4320, 'Ingresado Generación de Orden', '2023-01-17 16:05:32', 1313, 'IP:172.31.100.102; BROWSER:Chrome-108.0.0.0; OS:Windows'),
	(4321, 'Generación de Orden - SBB Cubierto con Mutuos', '2023-01-17 16:05:33', 1313, 'IP:172.31.100.102; BROWSER:Chrome-108.0.0.0; OS:Windows'),
	(4322, 'Generación de Orden - Resumen de operación', '2023-01-17 16:05:53', 1313, 'IP:172.31.100.102; BROWSER:Chrome-108.0.0.0; OS:Windows'),
	(4323, 'Generación de Orden - Orden Generada Satisfactoriamente ID:26', '2023-01-17 16:06:02', 1313, 'IP:172.31.100.102; BROWSER:Chrome-108.0.0.0; OS:Windows'),
	(4324, 'Ingresado detalle-operaciones', '2023-01-17 16:06:03', 1313, 'IP:172.31.100.102; BROWSER:Chrome-108.0.0.0; OS:Windows'),
	(4325, 'Ingresado detalle-operaciones', '2023-01-17 16:06:10', 1313, 'IP:172.31.100.102; BROWSER:Chrome-108.0.0.0; OS:Windows'),
	(4326, 'Ingresado Generación de Orden', '2023-01-17 16:06:14', 1313, 'IP:172.31.100.102; BROWSER:Chrome-108.0.0.0; OS:Windows'),
	(4327, 'Generación de Orden - Renta Fija(Seleccion de titulo)', '2023-01-17 16:06:15', 1313, 'IP:172.31.100.102; BROWSER:Chrome-108.0.0.0; OS:Windows'),
	(4328, 'Generación de Orden - Resumen de operación', '2023-01-17 16:06:52', 1313, 'IP:172.31.100.102; BROWSER:Chrome-108.0.0.0; OS:Windows'),
	(4329, 'Generación de Orden - Resumen de operación', '2023-01-17 16:06:59', 1313, 'IP:172.31.100.102; BROWSER:Chrome-108.0.0.0; OS:Windows'),
	(4330, 'Generación de Orden - Orden Generada Satisfactoriamente ID:27', '2023-01-17 16:07:19', 1313, 'IP:172.31.100.102; BROWSER:Chrome-108.0.0.0; OS:Windows'),
	(4331, 'Ingresado detalle-operaciones', '2023-01-17 16:07:23', 1313, 'IP:172.31.100.102; BROWSER:Chrome-108.0.0.0; OS:Windows'),
	(4332, 'Ingresado Generación de Orden', '2023-01-17 16:07:28', 1313, 'IP:172.31.100.102; BROWSER:Chrome-108.0.0.0; OS:Windows'),
	(4333, 'Generación de Orden - Renta Fija(Seleccion de titulo)', '2023-01-17 16:07:29', 1313, 'IP:172.31.100.102; BROWSER:Chrome-108.0.0.0; OS:Windows'),
	(4334, 'Generación de Orden - Resumen de operación', '2023-01-17 16:07:49', 1313, 'IP:172.31.100.102; BROWSER:Chrome-108.0.0.0; OS:Windows'),
	(4335, 'Generación de Orden - Orden Generada Satisfactoriamente ID:28', '2023-01-17 16:07:57', 1313, 'IP:172.31.100.102; BROWSER:Chrome-108.0.0.0; OS:Windows'),
	(4336, 'Ingresado detalle-operaciones', '2023-01-17 16:07:58', 1313, 'IP:172.31.100.102; BROWSER:Chrome-108.0.0.0; OS:Windows'),
	(4337, 'Ingresado Generación de Orden', '2023-01-17 16:08:06', 1313, 'IP:172.31.100.102; BROWSER:Chrome-108.0.0.0; OS:Windows'),
	(4338, 'Generación de Orden - Renta Fija(Seleccion de titulo)', '2023-01-17 16:08:08', 1313, 'IP:172.31.100.102; BROWSER:Chrome-108.0.0.0; OS:Windows'),
	(4339, 'Desconexion UbiBroker', '2023-01-17 16:09:24', 1313, 'IP:172.31.100.102; BROWSER:Chrome-108.0.0.0; OS:Windows'),
	(4340, 'Identificacion de Usuario', '2023-01-17 16:09:31', 1310, 'IP:172.31.100.102; BROWSER:Chrome-108.0.0.0; OS:Windows'),
	(4341, 'Validacion de equipo frecuente', '2023-01-17 16:09:31', 1310, 'IP:172.31.100.102; BROWSER:Chrome-108.0.0.0; OS:Windows'),
	(4342, 'Generacion de codigo OTP', '2023-01-17 16:09:31', 1310, 'IP:172.31.100.102; BROWSER:Chrome-108.0.0.0; OS:Windows'),
	(4343, 'Validacion de codigo OTP', '2023-01-17 16:10:03', 1310, 'IP:172.31.100.102; BROWSER:Chrome-108.0.0.0; OS:Windows'),
	(4344, 'Ingreso Exitoso UbiBroker', '2023-01-17 16:10:03', 1310, 'IP:172.31.100.102; BROWSER:Chrome-108.0.0.0; OS:Windows'),
	(4345, 'Ingresando Home', '2023-01-17 16:10:03', 1310, 'IP:172.31.100.102; BROWSER:Chrome-108.0.0.0; OS:Windows'),
	(4346, 'Ingresado Generación de Orden', '2023-01-17 16:10:34', 1310, 'IP:172.31.100.102; BROWSER:Chrome-108.0.0.0; OS:Windows'),
	(4347, 'Desconexion UbiBroker', '2023-01-17 16:11:08', 1310, 'IP:172.31.100.102; BROWSER:Chrome-108.0.0.0; OS:Windows'),
	(4348, 'Identificacion de Usuario', '2023-01-17 16:17:10', 1311, 'IP:172.31.100.102; BROWSER:Chrome-108.0.0.0; OS:Windows'),
	(4349, 'Validacion de equipo frecuente', '2023-01-17 16:17:10', 1311, 'IP:172.31.100.102; BROWSER:Chrome-108.0.0.0; OS:Windows'),
	(4350, 'Generacion de codigo OTP', '2023-01-17 16:17:10', 1311, 'IP:172.31.100.102; BROWSER:Chrome-108.0.0.0; OS:Windows'),
	(4351, 'Identificacion de Usuario', '2023-01-17 16:18:21', 1311, 'IP:172.31.100.102; BROWSER:Chrome-108.0.0.0; OS:Windows'),
	(4352, 'Validacion de equipo frecuente', '2023-01-17 16:18:21', 1311, 'IP:172.31.100.102; BROWSER:Chrome-108.0.0.0; OS:Windows'),
	(4353, 'Generacion de codigo OTP', '2023-01-17 16:18:21', 1311, 'IP:172.31.100.102; BROWSER:Chrome-108.0.0.0; OS:Windows'),
	(4354, 'Validacion de codigo OTP', '2023-01-17 16:18:58', 1311, 'IP:172.31.100.102; BROWSER:Chrome-108.0.0.0; OS:Windows'),
	(4355, 'Ingreso Exitoso UbiBroker', '2023-01-17 16:19:00', 1311, 'IP:172.31.100.102; BROWSER:Chrome-108.0.0.0; OS:Windows'),
	(4356, 'Ingresando Home', '2023-01-17 16:19:00', 1311, 'IP:172.31.100.102; BROWSER:Chrome-108.0.0.0; OS:Windows'),
	(4357, 'Ingresado Generación de Orden', '2023-01-17 16:19:06', 1311, 'IP:172.31.100.102; BROWSER:Chrome-108.0.0.0; OS:Windows'),
	(4358, 'Generación de Orden - SBB Cubierto con Mutuos', '2023-01-17 16:19:08', 1311, 'IP:172.31.100.102; BROWSER:Chrome-108.0.0.0; OS:Windows'),
	(4359, 'Generación de Orden - Resumen de operación', '2023-01-17 16:21:33', 1311, 'IP:172.31.100.102; BROWSER:Chrome-108.0.0.0; OS:Windows'),
	(4360, 'Generación de Orden - Orden Generada Satisfactoriamente ID:29', '2023-01-17 16:21:41', 1311, 'IP:172.31.100.102; BROWSER:Chrome-108.0.0.0; OS:Windows'),
	(4361, 'Ingresado detalle-operaciones', '2023-01-17 16:21:42', 1311, 'IP:172.31.100.102; BROWSER:Chrome-108.0.0.0; OS:Windows'),
	(4362, 'Ingresado Generación de Orden', '2023-01-17 16:22:09', 1311, 'IP:172.31.100.102; BROWSER:Chrome-108.0.0.0; OS:Windows'),
	(4363, 'Generación de Orden - SBB Cubierto con Mutuos', '2023-01-17 16:22:10', 1311, 'IP:172.31.100.102; BROWSER:Chrome-108.0.0.0; OS:Windows'),
	(4364, 'Ingresado Generación de Orden', '2023-01-17 16:22:13', 1311, 'IP:172.31.100.102; BROWSER:Chrome-108.0.0.0; OS:Windows'),
	(4365, 'Generación de Orden - Renta Fija(Seleccion de titulo)', '2023-01-17 16:22:14', 1311, 'IP:172.31.100.102; BROWSER:Chrome-108.0.0.0; OS:Windows'),
	(4366, 'Generación de Orden - Resumen de operación', '2023-01-17 16:22:35', 1311, 'IP:172.31.100.102; BROWSER:Chrome-108.0.0.0; OS:Windows'),
	(4367, 'Ingresado detalle-operaciones', '2023-01-17 16:22:45', 1311, 'IP:172.31.100.102; BROWSER:Chrome-108.0.0.0; OS:Windows'),
	(4368, 'Ingresado Generación de Orden', '2023-01-17 16:24:41', 1311, 'IP:172.31.100.102; BROWSER:Chrome-108.0.0.0; OS:Windows'),
	(4369, 'Generación de Orden - SBB Cubierto con Mutuos', '2023-01-17 16:24:42', 1311, 'IP:172.31.100.102; BROWSER:Chrome-108.0.0.0; OS:Windows'),
	(4370, 'Generación de Orden - Resumen de operación', '2023-01-17 16:25:27', 1311, 'IP:172.31.100.102; BROWSER:Chrome-108.0.0.0; OS:Windows'),
	(4371, 'Generación de Orden - Resumen de operación', '2023-01-17 16:25:44', 1311, 'IP:172.31.100.102; BROWSER:Chrome-108.0.0.0; OS:Windows'),
	(4372, 'Ingresado Generación de Orden', '2023-01-17 16:26:31', 1311, 'IP:172.31.100.102; BROWSER:Chrome-108.0.0.0; OS:Windows'),
	(4373, 'Generación de Orden - Renta Fija(Seleccion de titulo)', '2023-01-17 16:26:32', 1311, 'IP:172.31.100.102; BROWSER:Chrome-108.0.0.0; OS:Windows'),
	(4374, 'Generación de Orden - Resumen de operación', '2023-01-17 16:26:47', 1311, 'IP:172.31.100.102; BROWSER:Chrome-108.0.0.0; OS:Windows'),
	(4375, 'Generación de Orden - Resumen de operación', '2023-01-17 16:27:12', 1311, 'IP:172.31.100.102; BROWSER:Chrome-108.0.0.0; OS:Windows'),
	(4376, 'Identificacion de Usuario', '2023-01-18 09:22:59', 1221, 'IP:172.31.100.102; BROWSER:Chrome-108.0.0.0; OS:Windows'),
	(4377, 'Validacion de equipo frecuente', '2023-01-18 09:22:59', 1221, 'IP:172.31.100.102; BROWSER:Chrome-108.0.0.0; OS:Windows'),
	(4378, 'Generacion de codigo OTP', '2023-01-18 09:22:59', 1221, 'IP:172.31.100.102; BROWSER:Chrome-108.0.0.0; OS:Windows'),
	(4379, 'Validacion de codigo OTP', '2023-01-18 09:23:20', 1221, 'IP:172.31.100.102; BROWSER:Chrome-108.0.0.0; OS:Windows'),
	(4380, 'Ingreso Exitoso UbiBroker', '2023-01-18 09:23:30', 1221, 'IP:172.31.100.102; BROWSER:Chrome-108.0.0.0; OS:Windows'),
	(4381, 'Ingresando Home', '2023-01-18 09:23:30', 1221, 'IP:172.31.100.102; BROWSER:Chrome-108.0.0.0; OS:Windows'),
	(4382, 'Ingresado detalle-categoria', '2023-01-18 09:23:33', 1221, 'IP:172.31.100.102; BROWSER:Chrome-108.0.0.0; OS:Windows'),
	(4383, 'Ingresado detalle-categoria', '2023-01-18 09:31:52', 1221, 'IP:172.31.100.102; BROWSER:Chrome-108.0.0.0; OS:Windows'),
	(4384, 'Desconexion UbiBroker', '2023-01-18 09:40:43', 1221, 'IP:172.31.100.102; BROWSER:Chrome-108.0.0.0; OS:Windows'),
	(4385, 'Identificacion de Usuario', '2023-01-18 09:40:50', 1310, 'IP:172.31.100.102; BROWSER:Chrome-108.0.0.0; OS:Windows'),
	(4386, 'Validacion de equipo frecuente', '2023-01-18 09:40:50', 1310, 'IP:172.31.100.102; BROWSER:Chrome-108.0.0.0; OS:Windows'),
	(4387, 'Generacion de codigo OTP', '2023-01-18 09:40:50', 1310, 'IP:172.31.100.102; BROWSER:Chrome-108.0.0.0; OS:Windows'),
	(4388, 'Identificacion de Usuario', '2023-01-18 09:41:36', 1310, 'IP:172.31.100.102; BROWSER:Chrome-108.0.0.0; OS:Windows'),
	(4389, 'Validacion de equipo frecuente', '2023-01-18 09:41:36', 1310, 'IP:172.31.100.102; BROWSER:Chrome-108.0.0.0; OS:Windows'),
	(4390, 'Generacion de codigo OTP', '2023-01-18 09:41:36', 1310, 'IP:172.31.100.102; BROWSER:Chrome-108.0.0.0; OS:Windows'),
	(4391, 'Validacion de codigo OTP', '2023-01-18 09:42:01', 1310, 'IP:172.31.100.102; BROWSER:Chrome-108.0.0.0; OS:Windows'),
	(4392, 'Ingreso Exitoso UbiBroker', '2023-01-18 09:42:03', 1310, 'IP:172.31.100.102; BROWSER:Chrome-108.0.0.0; OS:Windows'),
	(4393, 'Ingresando Home', '2023-01-18 09:42:03', 1310, 'IP:172.31.100.102; BROWSER:Chrome-108.0.0.0; OS:Windows'),
	(4394, 'Ingresado Generación de Orden', '2023-01-18 09:42:12', 1310, 'IP:172.31.100.102; BROWSER:Chrome-108.0.0.0; OS:Windows'),
	(4395, 'Generación de Orden - SBB Cubierto con Mutuos', '2023-01-18 09:42:32', 1310, 'IP:172.31.100.102; BROWSER:Chrome-108.0.0.0; OS:Windows'),
	(4396, 'Ingresado detalle-operaciones', '2023-01-18 09:43:34', 1310, 'IP:172.31.100.102; BROWSER:Chrome-108.0.0.0; OS:Windows'),
	(4397, 'Ingresado detalle-operaciones', '2023-01-18 09:58:34', 1310, 'IP:172.31.100.102; BROWSER:Chrome-108.0.0.0; OS:Windows'),
	(4398, 'Ingresado detalle-operaciones', '2023-01-18 10:01:20', 1310, 'IP:172.31.100.102; BROWSER:Chrome-108.0.0.0; OS:Windows'),
	(4399, 'Ingresado detalle-operaciones', '2023-01-18 10:01:26', 1310, 'IP:172.31.100.102; BROWSER:Chrome-108.0.0.0; OS:Windows'),
	(4400, 'Ingresado Generación de Orden', '2023-01-18 10:01:40', 1310, 'IP:172.31.100.102; BROWSER:Chrome-108.0.0.0; OS:Windows'),
	(4401, 'Generación de Orden - SBB Cubierto con Mutuos', '2023-01-18 10:01:41', 1310, 'IP:172.31.100.102; BROWSER:Chrome-108.0.0.0; OS:Windows'),
	(4402, 'Generación de Orden - Resumen de operación', '2023-01-18 10:02:08', 1310, 'IP:172.31.100.102; BROWSER:Chrome-108.0.0.0; OS:Windows'),
	(4403, 'Generación de Orden - Orden Generada Satisfactoriamente ID:31', '2023-01-18 10:02:12', 1310, 'IP:172.31.100.102; BROWSER:Chrome-108.0.0.0; OS:Windows'),
	(4404, 'Ingresado detalle-operaciones', '2023-01-18 10:02:16', 1310, 'IP:172.31.100.102; BROWSER:Chrome-108.0.0.0; OS:Windows'),
	(4405, 'Ingresado detalle-operaciones', '2023-01-18 10:02:52', 1310, 'IP:172.31.100.102; BROWSER:Chrome-108.0.0.0; OS:Windows'),
	(4406, 'Ingresado detalle-operaciones', '2023-01-18 10:08:14', 1310, 'IP:172.31.100.102; BROWSER:Chrome-108.0.0.0; OS:Windows'),
	(4407, 'Ingresado detalle-operaciones', '2023-01-18 10:10:06', 1310, 'IP:172.31.100.102; BROWSER:Chrome-108.0.0.0; OS:Windows'),
	(4408, 'Ingresado detalle-operaciones', '2023-01-18 10:12:32', 1310, 'IP:172.31.100.102; BROWSER:Chrome-108.0.0.0; OS:Windows'),
	(4409, 'Ingresado detalle-operaciones', '2023-01-18 10:22:57', 1310, 'IP:172.31.100.102; BROWSER:Chrome-108.0.0.0; OS:Windows'),
	(4410, 'Ingresado detalle-operaciones', '2023-01-18 10:23:17', 1310, 'IP:172.31.100.102; BROWSER:Chrome-108.0.0.0; OS:Windows'),
	(4411, 'Ingresado detalle-operaciones', '2023-01-18 10:23:29', 1310, 'IP:172.31.100.102; BROWSER:Chrome-108.0.0.0; OS:Windows'),
	(4412, 'Ingresado Generación de Orden', '2023-01-18 10:25:07', 1310, 'IP:172.31.100.102; BROWSER:Chrome-108.0.0.0; OS:Windows'),
	(4413, 'Generación de Orden - SBB Cubierto con Mutuos', '2023-01-18 10:25:09', 1310, 'IP:172.31.100.102; BROWSER:Chrome-108.0.0.0; OS:Windows'),
	(4414, 'Generación de Orden - Resumen de operación', '2023-01-18 10:25:26', 1310, 'IP:172.31.100.102; BROWSER:Chrome-108.0.0.0; OS:Windows'),
	(4415, 'Generación de Orden - Resumen de operación', '2023-01-18 10:25:39', 1310, 'IP:172.31.100.102; BROWSER:Chrome-108.0.0.0; OS:Windows'),
	(4416, 'Desconexion UbiBroker', '2023-01-18 10:27:15', 1310, 'IP:172.31.100.102; BROWSER:Chrome-108.0.0.0; OS:Windows'),
	(4417, 'Identificacion de Usuario', '2023-01-18 10:27:29', 1313, 'IP:172.31.100.102; BROWSER:Chrome-108.0.0.0; OS:Windows'),
	(4418, 'Validacion de equipo frecuente', '2023-01-18 10:27:29', 1313, 'IP:172.31.100.102; BROWSER:Chrome-108.0.0.0; OS:Windows'),
	(4419, 'Generacion de codigo OTP', '2023-01-18 10:27:29', 1313, 'IP:172.31.100.102; BROWSER:Chrome-108.0.0.0; OS:Windows'),
	(4420, 'Validacion de codigo OTP', '2023-01-18 10:29:10', 1313, 'IP:172.31.100.102; BROWSER:Chrome-108.0.0.0; OS:Windows'),
	(4421, 'Ingreso Exitoso UbiBroker', '2023-01-18 10:29:14', 1313, 'IP:172.31.100.102; BROWSER:Chrome-108.0.0.0; OS:Windows'),
	(4422, 'Ingresando Home', '2023-01-18 10:29:14', 1313, 'IP:172.31.100.102; BROWSER:Chrome-108.0.0.0; OS:Windows'),
	(4423, 'Ingresado Generación de Orden', '2023-01-18 10:29:15', 1313, 'IP:172.31.100.102; BROWSER:Chrome-108.0.0.0; OS:Windows'),
	(4424, 'Ingresado detalle-operaciones', '2023-01-18 10:29:22', 1313, 'IP:172.31.100.102; BROWSER:Chrome-108.0.0.0; OS:Windows'),
	(4425, 'Ingresado detalle-operaciones', '2023-01-18 10:41:54', 1313, 'IP:172.31.100.102; BROWSER:Chrome-108.0.0.0; OS:Windows'),
	(4426, 'Identificacion de Usuario', '2023-01-18 11:17:17', 1310, 'IP:172.31.100.102; BROWSER:Chrome-108.0.0.0; OS:Windows'),
	(4427, 'Validacion de equipo frecuente', '2023-01-18 11:17:17', 1310, 'IP:172.31.100.102; BROWSER:Chrome-108.0.0.0; OS:Windows'),
	(4428, 'Generacion de codigo OTP', '2023-01-18 11:17:18', 1310, 'IP:172.31.100.102; BROWSER:Chrome-108.0.0.0; OS:Windows'),
	(4429, 'Validacion de codigo OTP', '2023-01-18 11:17:43', 1310, 'IP:172.31.100.102; BROWSER:Chrome-108.0.0.0; OS:Windows'),
	(4430, 'Ingreso Exitoso UbiBroker', '2023-01-18 11:17:46', 1310, 'IP:172.31.100.102; BROWSER:Chrome-108.0.0.0; OS:Windows'),
	(4431, 'Ingresando Home', '2023-01-18 11:17:46', 1310, 'IP:172.31.100.102; BROWSER:Chrome-108.0.0.0; OS:Windows'),
	(4432, 'Ingresado detalle-operaciones', '2023-01-18 11:17:48', 1310, 'IP:172.31.100.102; BROWSER:Chrome-108.0.0.0; OS:Windows'),
	(4433, 'Desconexion UbiBroker', '2023-01-18 11:18:57', 1310, 'IP:172.31.100.102; BROWSER:Chrome-108.0.0.0; OS:Windows'),
	(4434, 'Identificacion de Usuario', '2023-01-18 11:19:24', 1310, 'IP:172.31.100.102; BROWSER:Chrome-108.0.0.0; OS:Windows'),
	(4435, 'Validacion de equipo frecuente', '2023-01-18 11:19:24', 1310, 'IP:172.31.100.102; BROWSER:Chrome-108.0.0.0; OS:Windows'),
	(4436, 'Generacion de codigo OTP', '2023-01-18 11:19:24', 1310, 'IP:172.31.100.102; BROWSER:Chrome-108.0.0.0; OS:Windows'),
	(4437, 'Validacion de codigo OTP', '2023-01-18 11:19:56', 1310, 'IP:172.31.100.102; BROWSER:Chrome-108.0.0.0; OS:Windows'),
	(4438, 'Ingreso Exitoso UbiBroker', '2023-01-18 11:19:56', 1310, 'IP:172.31.100.102; BROWSER:Chrome-108.0.0.0; OS:Windows'),
	(4439, 'Ingresando Home', '2023-01-18 11:19:56', 1310, 'IP:172.31.100.102; BROWSER:Chrome-108.0.0.0; OS:Windows'),
	(4440, 'Ingresado detalle-operaciones', '2023-01-18 11:19:58', 1310, 'IP:172.31.100.102; BROWSER:Chrome-108.0.0.0; OS:Windows'),
	(4441, 'Desconexion UbiBroker', '2023-01-18 11:23:42', 1310, 'IP:172.31.100.102; BROWSER:Chrome-108.0.0.0; OS:Windows'),
	(4442, 'Identificacion de Usuario', '2023-01-18 11:23:43', 1310, 'IP:172.31.100.102; BROWSER:Chrome-108.0.0.0; OS:Windows'),
	(4443, 'Validacion de equipo frecuente', '2023-01-18 11:23:43', 1310, 'IP:172.31.100.102; BROWSER:Chrome-108.0.0.0; OS:Windows'),
	(4444, 'Generacion de codigo OTP', '2023-01-18 11:23:43', 1310, 'IP:172.31.100.102; BROWSER:Chrome-108.0.0.0; OS:Windows'),
	(4445, 'Validacion de codigo OTP', '2023-01-18 11:24:13', 1310, 'IP:172.31.100.102; BROWSER:Chrome-108.0.0.0; OS:Windows'),
	(4446, 'Ingreso Exitoso UbiBroker', '2023-01-18 11:24:16', 1310, 'IP:172.31.100.102; BROWSER:Chrome-108.0.0.0; OS:Windows'),
	(4447, 'Ingresando Home', '2023-01-18 11:24:16', 1310, 'IP:172.31.100.102; BROWSER:Chrome-108.0.0.0; OS:Windows'),
	(4448, 'Ingresado detalle-operaciones', '2023-01-18 11:24:19', 1310, 'IP:172.31.100.102; BROWSER:Chrome-108.0.0.0; OS:Windows'),
	(4449, 'Desconexion UbiBroker', '2023-01-18 11:27:28', 1310, 'IP:172.31.100.102; BROWSER:Chrome-108.0.0.0; OS:Windows'),
	(4450, 'Identificacion de Usuario', '2023-01-18 11:27:29', 1310, 'IP:172.31.100.102; BROWSER:Chrome-108.0.0.0; OS:Windows'),
	(4451, 'Validacion de equipo frecuente', '2023-01-18 11:27:29', 1310, 'IP:172.31.100.102; BROWSER:Chrome-108.0.0.0; OS:Windows'),
	(4452, 'Generacion de codigo OTP', '2023-01-18 11:27:29', 1310, 'IP:172.31.100.102; BROWSER:Chrome-108.0.0.0; OS:Windows'),
	(4453, 'Validacion de codigo OTP', '2023-01-18 11:27:49', 1310, 'IP:172.31.100.102; BROWSER:Chrome-108.0.0.0; OS:Windows'),
	(4454, 'Ingreso Exitoso UbiBroker', '2023-01-18 11:27:49', 1310, 'IP:172.31.100.102; BROWSER:Chrome-108.0.0.0; OS:Windows'),
	(4455, 'Ingresando Home', '2023-01-18 11:27:49', 1310, 'IP:172.31.100.102; BROWSER:Chrome-108.0.0.0; OS:Windows'),
	(4456, 'Ingresado detalle-operaciones', '2023-01-18 11:27:54', 1310, 'IP:172.31.100.102; BROWSER:Chrome-108.0.0.0; OS:Windows'),
	(4457, 'Desconexion UbiBroker', '2023-01-18 11:29:36', 1310, 'IP:172.31.100.102; BROWSER:Chrome-108.0.0.0; OS:Windows'),
	(4458, 'Identificacion de Usuario', '2023-01-18 11:31:04', 1310, 'IP:172.31.100.102; BROWSER:Chrome-108.0.0.0; OS:Windows'),
	(4459, 'Validacion de equipo frecuente', '2023-01-18 11:31:04', 1310, 'IP:172.31.100.102; BROWSER:Chrome-108.0.0.0; OS:Windows'),
	(4460, 'Generacion de codigo OTP', '2023-01-18 11:31:04', 1310, 'IP:172.31.100.102; BROWSER:Chrome-108.0.0.0; OS:Windows'),
	(4461, 'Validacion de codigo OTP', '2023-01-18 11:31:21', 1310, 'IP:172.31.100.102; BROWSER:Chrome-108.0.0.0; OS:Windows'),
	(4462, 'Ingreso Exitoso UbiBroker', '2023-01-18 11:31:22', 1310, 'IP:172.31.100.102; BROWSER:Chrome-108.0.0.0; OS:Windows'),
	(4463, 'Ingresando Home', '2023-01-18 11:31:23', 1310, 'IP:172.31.100.102; BROWSER:Chrome-108.0.0.0; OS:Windows'),
	(4464, 'Ingresado Generación de Orden', '2023-01-18 11:31:24', 1310, 'IP:172.31.100.102; BROWSER:Chrome-108.0.0.0; OS:Windows'),
	(4465, 'Generación de Orden - SBB Cubierto con Mutuos', '2023-01-18 11:31:26', 1310, 'IP:172.31.100.102; BROWSER:Chrome-108.0.0.0; OS:Windows'),
	(4466, 'Generación de Orden - Resumen de operación', '2023-01-18 11:32:01', 1310, 'IP:172.31.100.102; BROWSER:Chrome-108.0.0.0; OS:Windows'),
	(4467, 'Ingresado Generación de Orden', '2023-01-18 11:32:59', 1310, 'IP:172.31.100.102; BROWSER:Chrome-108.0.0.0; OS:Windows'),
	(4468, 'Generación de Orden - SBB Cubierto con Mutuos', '2023-01-18 11:33:01', 1310, 'IP:172.31.100.102; BROWSER:Chrome-108.0.0.0; OS:Windows'),
	(4469, 'Generación de Orden - Resumen de operación', '2023-01-18 11:33:24', 1310, 'IP:172.31.100.102; BROWSER:Chrome-108.0.0.0; OS:Windows'),
	(4470, 'Generación de Orden - Resumen de operación', '2023-01-18 11:33:49', 1310, 'IP:172.31.100.102; BROWSER:Chrome-108.0.0.0; OS:Windows'),
	(4471, 'Generación de Orden - Orden Generada Satisfactoriamente ID:32', '2023-01-18 11:33:55', 1310, 'IP:172.31.100.102; BROWSER:Chrome-108.0.0.0; OS:Windows'),
	(4472, 'Ingresado detalle-operaciones', '2023-01-18 11:33:57', 1310, 'IP:172.31.100.102; BROWSER:Chrome-108.0.0.0; OS:Windows'),
	(4473, 'Identificacion de Usuario', '2023-01-18 12:14:59', 1313, 'IP:172.31.100.102; BROWSER:Chrome-108.0.0.0; OS:Windows'),
	(4474, 'Validacion de equipo frecuente', '2023-01-18 12:14:59', 1313, 'IP:172.31.100.102; BROWSER:Chrome-108.0.0.0; OS:Windows'),
	(4475, 'Generacion de codigo OTP', '2023-01-18 12:14:59', 1313, 'IP:172.31.100.102; BROWSER:Chrome-108.0.0.0; OS:Windows'),
	(4476, 'Validacion de codigo OTP', '2023-01-18 12:15:49', 1313, 'IP:172.31.100.102; BROWSER:Chrome-108.0.0.0; OS:Windows'),
	(4477, 'Ingreso Exitoso UbiBroker', '2023-01-18 12:15:51', 1313, 'IP:172.31.100.102; BROWSER:Chrome-108.0.0.0; OS:Windows'),
	(4478, 'Ingresando Home', '2023-01-18 12:15:51', 1313, 'IP:172.31.100.102; BROWSER:Chrome-108.0.0.0; OS:Windows'),
	(4479, 'Ingresado detalle-operaciones', '2023-01-18 12:15:57', 1313, 'IP:172.31.100.102; BROWSER:Chrome-108.0.0.0; OS:Windows'),
	(4480, 'Ingresado detalle-operaciones', '2023-01-18 12:17:32', 1313, 'IP:172.31.100.102; BROWSER:Chrome-108.0.0.0; OS:Windows'),
	(4481, 'Ingresado detalle-operaciones', '2023-01-18 12:18:05', 1313, 'IP:172.31.100.102; BROWSER:Chrome-108.0.0.0; OS:Windows'),
	(4482, 'Ingresado detalle-operaciones', '2023-01-18 12:21:37', 1313, 'IP:172.31.100.102; BROWSER:Chrome-108.0.0.0; OS:Windows'),
	(4483, 'Ingresado detalle-operaciones', '2023-01-18 12:25:20', 1313, 'IP:172.31.100.102; BROWSER:Chrome-108.0.0.0; OS:Windows'),
	(4484, 'Ingresado detalle-operaciones', '2023-01-18 12:33:50', 1313, 'IP:172.31.100.102; BROWSER:Chrome-108.0.0.0; OS:Windows'),
	(4485, 'Ingresado detalle-operaciones', '2023-01-18 12:33:58', 1313, 'IP:172.31.100.102; BROWSER:Chrome-108.0.0.0; OS:Windows'),
	(4486, 'Identificacion de Usuario', '2023-01-18 14:30:58', 1310, 'IP:172.31.100.102; BROWSER:Chrome-108.0.0.0; OS:Windows'),
	(4487, 'Validacion de equipo frecuente', '2023-01-18 14:30:58', 1310, 'IP:172.31.100.102; BROWSER:Chrome-108.0.0.0; OS:Windows'),
	(4488, 'Generacion de codigo OTP', '2023-01-18 14:30:58', 1310, 'IP:172.31.100.102; BROWSER:Chrome-108.0.0.0; OS:Windows'),
	(4489, 'Identificacion de Usuario', '2023-01-18 14:31:11', 1313, 'IP:172.31.100.102; BROWSER:Chrome-108.0.0.0; OS:Windows'),
	(4490, 'Validacion de equipo frecuente', '2023-01-18 14:31:11', 1313, 'IP:172.31.100.102; BROWSER:Chrome-108.0.0.0; OS:Windows'),
	(4491, 'Generacion de codigo OTP', '2023-01-18 14:31:11', 1313, 'IP:172.31.100.102; BROWSER:Chrome-108.0.0.0; OS:Windows'),
	(4492, 'Validacion de codigo OTP', '2023-01-18 14:32:55', 1313, 'IP:172.31.100.102; BROWSER:Chrome-108.0.0.0; OS:Windows'),
	(4493, 'Ingreso Exitoso UbiBroker', '2023-01-18 14:33:01', 1313, 'IP:172.31.100.102; BROWSER:Chrome-108.0.0.0; OS:Windows'),
	(4494, 'Ingresando Home', '2023-01-18 14:33:01', 1313, 'IP:172.31.100.102; BROWSER:Chrome-108.0.0.0; OS:Windows'),
	(4495, 'Ingresado detalle-operaciones', '2023-01-18 14:33:03', 1313, 'IP:172.31.100.102; BROWSER:Chrome-108.0.0.0; OS:Windows'),
	(4496, 'Identificacion de Usuario', '2023-01-18 14:48:27', 1313, 'IP:172.31.100.102; BROWSER:Chrome-108.0.0.0; OS:Windows'),
	(4497, 'Validacion de equipo frecuente', '2023-01-18 14:48:27', 1313, 'IP:172.31.100.102; BROWSER:Chrome-108.0.0.0; OS:Windows'),
	(4498, 'Generacion de codigo OTP', '2023-01-18 14:48:27', 1313, 'IP:172.31.100.102; BROWSER:Chrome-108.0.0.0; OS:Windows'),
	(4499, 'Validacion de codigo OTP', '2023-01-18 14:49:56', 1313, 'IP:172.31.100.102; BROWSER:Chrome-108.0.0.0; OS:Windows'),
	(4500, 'Ingreso Exitoso UbiBroker', '2023-01-18 14:49:58', 1313, 'IP:172.31.100.102; BROWSER:Chrome-108.0.0.0; OS:Windows'),
	(4501, 'Ingresando Home', '2023-01-18 14:49:58', 1313, 'IP:172.31.100.102; BROWSER:Chrome-108.0.0.0; OS:Windows'),
	(4502, 'Ingresado detalle-operaciones', '2023-01-18 14:50:00', 1313, 'IP:172.31.100.102; BROWSER:Chrome-108.0.0.0; OS:Windows'),
	(4503, 'Ingresado detalle-operaciones', '2023-01-18 14:50:03', 1313, 'IP:172.31.100.102; BROWSER:Chrome-108.0.0.0; OS:Windows'),
	(4504, 'Identificacion de Usuario', '2023-01-18 15:08:12', 1313, 'IP:172.31.100.102; BROWSER:Chrome-108.0.0.0; OS:Windows'),
	(4505, 'Validacion de equipo frecuente', '2023-01-18 15:08:12', 1313, 'IP:172.31.100.102; BROWSER:Chrome-108.0.0.0; OS:Windows'),
	(4506, 'Generacion de codigo OTP', '2023-01-18 15:08:12', 1313, 'IP:172.31.100.102; BROWSER:Chrome-108.0.0.0; OS:Windows'),
	(4507, 'Validacion de codigo OTP', '2023-01-18 15:12:04', 1313, 'IP:172.31.100.102; BROWSER:Chrome-108.0.0.0; OS:Windows'),
	(4508, 'Ingreso Exitoso UbiBroker', '2023-01-18 15:12:06', 1313, 'IP:172.31.100.102; BROWSER:Chrome-108.0.0.0; OS:Windows'),
	(4509, 'Ingresando Home', '2023-01-18 15:12:06', 1313, 'IP:172.31.100.102; BROWSER:Chrome-108.0.0.0; OS:Windows'),
	(4510, 'Ingresado detalle-operaciones', '2023-01-18 15:12:09', 1313, 'IP:172.31.100.102; BROWSER:Chrome-108.0.0.0; OS:Windows'),
	(4511, 'Identificacion de Usuario', '2023-01-18 15:37:12', 1313, 'IP:172.31.100.102; BROWSER:Chrome-108.0.0.0; OS:Windows'),
	(4512, 'Validacion de equipo frecuente', '2023-01-18 15:37:12', 1313, 'IP:172.31.100.102; BROWSER:Chrome-108.0.0.0; OS:Windows'),
	(4513, 'Generacion de codigo OTP', '2023-01-18 15:37:12', 1313, 'IP:172.31.100.102; BROWSER:Chrome-108.0.0.0; OS:Windows'),
	(4514, 'Validacion de codigo OTP', '2023-01-18 15:37:35', 1313, 'IP:172.31.100.102; BROWSER:Chrome-108.0.0.0; OS:Windows'),
	(4515, 'Ingreso Exitoso UbiBroker', '2023-01-18 15:37:37', 1313, 'IP:172.31.100.102; BROWSER:Chrome-108.0.0.0; OS:Windows'),
	(4516, 'Ingresando Home', '2023-01-18 15:37:38', 1313, 'IP:172.31.100.102; BROWSER:Chrome-108.0.0.0; OS:Windows'),
	(4517, 'Ingresado detalle-operaciones', '2023-01-18 15:37:40', 1313, 'IP:172.31.100.102; BROWSER:Chrome-108.0.0.0; OS:Windows'),
	(4518, 'Ingresado detalle-operaciones', '2023-01-18 15:42:22', 1313, 'IP:172.31.100.102; BROWSER:Chrome-108.0.0.0; OS:Windows'),
	(4519, 'Identificacion de Usuario', '2023-01-19 09:48:50', 1310, 'IP:172.31.100.102; BROWSER:Chrome-108.0.0.0; OS:Windows'),
	(4520, 'Validacion de equipo frecuente', '2023-01-19 09:48:50', 1310, 'IP:172.31.100.102; BROWSER:Chrome-108.0.0.0; OS:Windows'),
	(4521, 'Generacion de codigo OTP', '2023-01-19 09:48:50', 1310, 'IP:172.31.100.102; BROWSER:Chrome-108.0.0.0; OS:Windows'),
	(4522, 'Validacion de codigo OTP', '2023-01-19 09:49:20', 1310, 'IP:172.31.100.102; BROWSER:Chrome-108.0.0.0; OS:Windows'),
	(4523, 'Ingreso Exitoso UbiBroker', '2023-01-19 09:49:28', 1310, 'IP:172.31.100.102; BROWSER:Chrome-108.0.0.0; OS:Windows'),
	(4524, 'Ingresando Home', '2023-01-19 09:49:28', 1310, 'IP:172.31.100.102; BROWSER:Chrome-108.0.0.0; OS:Windows'),
	(4525, 'Ingresado Generación de Orden', '2023-01-19 09:49:34', 1310, 'IP:172.31.100.102; BROWSER:Chrome-108.0.0.0; OS:Windows'),
	(4526, 'Generación de Orden - SBB Cubierto con Mutuos', '2023-01-19 09:49:37', 1310, 'IP:172.31.100.102; BROWSER:Chrome-108.0.0.0; OS:Windows'),
	(4527, 'Generación de Orden - Resumen de operación', '2023-01-19 09:50:06', 1310, 'IP:172.31.100.102; BROWSER:Chrome-108.0.0.0; OS:Windows'),
	(4528, 'Generación de Orden - Orden Generada Satisfactoriamente ID:33', '2023-01-19 09:50:24', 1310, 'IP:172.31.100.102; BROWSER:Chrome-108.0.0.0; OS:Windows'),
	(4529, 'Ingresado detalle-operaciones', '2023-01-19 09:50:26', 1310, 'IP:172.31.100.102; BROWSER:Chrome-108.0.0.0; OS:Windows'),
	(4530, 'Ingresado Generación de Orden', '2023-01-19 09:51:32', 1310, 'IP:172.31.100.102; BROWSER:Chrome-108.0.0.0; OS:Windows'),
	(4531, 'Generación de Orden - SBB Cubierto con Mutuos', '2023-01-19 09:51:33', 1310, 'IP:172.31.100.102; BROWSER:Chrome-108.0.0.0; OS:Windows'),
	(4532, 'Generación de Orden - Resumen de operación', '2023-01-19 09:52:24', 1310, 'IP:172.31.100.102; BROWSER:Chrome-108.0.0.0; OS:Windows'),
	(4533, 'Generación de Orden - Resumen de operación', '2023-01-19 10:04:36', 1310, 'IP:172.31.100.102; BROWSER:Chrome-108.0.0.0; OS:Windows'),
	(4534, 'Ingresado Generación de Orden', '2023-01-19 10:06:41', 1310, 'IP:172.31.100.102; BROWSER:Chrome-108.0.0.0; OS:Windows'),
	(4535, 'Generación de Orden - Renta Fija(Seleccion de titulo)', '2023-01-19 10:06:41', 1310, 'IP:172.31.100.102; BROWSER:Chrome-108.0.0.0; OS:Windows'),
	(4536, 'Generación de Orden - Resumen de operación', '2023-01-19 10:07:00', 1310, 'IP:172.31.100.102; BROWSER:Chrome-108.0.0.0; OS:Windows'),
	(4537, 'Identificacion de Usuario', '2023-01-19 14:20:40', 1310, 'IP:172.31.100.102; BROWSER:Chrome-108.0.0.0; OS:Windows'),
	(4538, 'Validacion de equipo frecuente', '2023-01-19 14:20:40', 1310, 'IP:172.31.100.102; BROWSER:Chrome-108.0.0.0; OS:Windows'),
	(4539, 'Generacion de codigo OTP', '2023-01-19 14:20:40', 1310, 'IP:172.31.100.102; BROWSER:Chrome-108.0.0.0; OS:Windows'),
	(4540, 'Validacion de codigo OTP', '2023-01-19 14:21:01', 1310, 'IP:172.31.100.102; BROWSER:Chrome-108.0.0.0; OS:Windows'),
	(4541, 'Ingreso Exitoso UbiBroker', '2023-01-19 14:21:06', 1310, 'IP:172.31.100.102; BROWSER:Chrome-108.0.0.0; OS:Windows'),
	(4542, 'Ingresando Home', '2023-01-19 14:21:06', 1310, 'IP:172.31.100.102; BROWSER:Chrome-108.0.0.0; OS:Windows'),
	(4543, 'Ingresado detalle-operaciones', '2023-01-19 14:21:09', 1310, 'IP:172.31.100.102; BROWSER:Chrome-108.0.0.0; OS:Windows'),
	(4544, 'Ingresado Generación de Orden', '2023-01-19 14:21:26', 1310, 'IP:172.31.100.102; BROWSER:Chrome-108.0.0.0; OS:Windows'),
	(4545, 'Generación de Orden - SBB Cubierto con Mutuos', '2023-01-19 14:21:27', 1310, 'IP:172.31.100.102; BROWSER:Chrome-108.0.0.0; OS:Windows'),
	(4546, 'Generación de Orden - Resumen de operación', '2023-01-19 14:21:54', 1310, 'IP:172.31.100.102; BROWSER:Chrome-108.0.0.0; OS:Windows'),
	(4547, 'Generación de Orden - Orden Generada Satisfactoriamente ID:34', '2023-01-19 14:22:01', 1310, 'IP:172.31.100.102; BROWSER:Chrome-108.0.0.0; OS:Windows'),
	(4548, 'Ingresado detalle-operaciones', '2023-01-19 14:22:03', 1310, 'IP:172.31.100.102; BROWSER:Chrome-108.0.0.0; OS:Windows'),
	(4549, 'Ingresado detalle-operaciones', '2023-01-19 14:37:11', 1310, 'IP:172.31.100.102; BROWSER:Chrome-108.0.0.0; OS:Windows'),
	(4550, 'Identificacion de Usuario', '2023-01-19 15:55:06', 1313, 'IP:172.31.100.102; BROWSER:Chrome-108.0.0.0; OS:Windows'),
	(4551, 'Validacion de equipo frecuente', '2023-01-19 15:55:06', 1313, 'IP:172.31.100.102; BROWSER:Chrome-108.0.0.0; OS:Windows'),
	(4552, 'Generacion de codigo OTP', '2023-01-19 15:55:06', 1313, 'IP:172.31.100.102; BROWSER:Chrome-108.0.0.0; OS:Windows'),
	(4553, 'Validacion de codigo OTP', '2023-01-19 15:56:55', 1313, 'IP:172.31.100.102; BROWSER:Chrome-108.0.0.0; OS:Windows'),
	(4554, 'Ingreso Exitoso UbiBroker', '2023-01-19 15:57:00', 1313, 'IP:172.31.100.102; BROWSER:Chrome-108.0.0.0; OS:Windows'),
	(4555, 'Ingresando Home', '2023-01-19 15:57:00', 1313, 'IP:172.31.100.102; BROWSER:Chrome-108.0.0.0; OS:Windows'),
	(4556, 'Ingresado Generación de Orden', '2023-01-19 15:57:40', 1313, 'IP:172.31.100.102; BROWSER:Chrome-108.0.0.0; OS:Windows'),
	(4557, 'Generación de Orden - SBB Cubierto con Mutuos', '2023-01-19 15:58:46', 1313, 'IP:172.31.100.102; BROWSER:Chrome-108.0.0.0; OS:Windows'),
	(4558, 'Generación de Orden - Resumen de operación', '2023-01-19 16:00:55', 1313, 'IP:172.31.100.102; BROWSER:Chrome-108.0.0.0; OS:Windows'),
	(4559, 'Desconexion UbiBroker', '2023-01-19 16:02:05', 1313, 'IP:172.31.100.102; BROWSER:Chrome-108.0.0.0; OS:Windows'),
	(4560, 'Identificacion de Usuario', '2023-01-19 16:02:15', 1313, 'IP:172.31.100.102; BROWSER:Chrome-108.0.0.0; OS:Windows'),
	(4561, 'Validacion de equipo frecuente', '2023-01-19 16:02:15', 1313, 'IP:172.31.100.102; BROWSER:Chrome-108.0.0.0; OS:Windows'),
	(4562, 'Generacion de codigo OTP', '2023-01-19 16:02:15', 1313, 'IP:172.31.100.102; BROWSER:Chrome-108.0.0.0; OS:Windows'),
	(4563, 'Validacion de codigo OTP', '2023-01-19 16:02:52', 1313, 'IP:172.31.100.102; BROWSER:Chrome-108.0.0.0; OS:Windows'),
	(4564, 'Ingreso Exitoso UbiBroker', '2023-01-19 16:02:55', 1313, 'IP:172.31.100.102; BROWSER:Chrome-108.0.0.0; OS:Windows'),
	(4565, 'Ingresando Home', '2023-01-19 16:02:55', 1313, 'IP:172.31.100.102; BROWSER:Chrome-108.0.0.0; OS:Windows'),
	(4566, 'Ingresado Generación de Orden', '2023-01-19 16:02:57', 1313, 'IP:172.31.100.102; BROWSER:Chrome-108.0.0.0; OS:Windows'),
	(4567, 'Generación de Orden - SBB Cubierto con Mutuos', '2023-01-19 16:02:58', 1313, 'IP:172.31.100.102; BROWSER:Chrome-108.0.0.0; OS:Windows'),
	(4568, 'Generación de Orden - Resumen de operación', '2023-01-19 16:03:36', 1313, 'IP:172.31.100.102; BROWSER:Chrome-108.0.0.0; OS:Windows'),
	(4569, 'Generación de Orden - Orden Generada Satisfactoriamente ID:35', '2023-01-19 16:04:48', 1313, 'IP:172.31.100.102; BROWSER:Chrome-108.0.0.0; OS:Windows'),
	(4570, 'Ingresado detalle-operaciones', '2023-01-19 16:04:50', 1313, 'IP:172.31.100.102; BROWSER:Chrome-108.0.0.0; OS:Windows'),
	(4571, 'Ingresado Generación de Orden', '2023-01-19 16:16:34', 1313, 'IP:172.31.100.102; BROWSER:Chrome-108.0.0.0; OS:Windows'),
	(4572, 'Generación de Orden - SBB Cubierto con Mutuos', '2023-01-19 16:16:36', 1313, 'IP:172.31.100.102; BROWSER:Chrome-108.0.0.0; OS:Windows'),
	(4573, 'Generación de Orden - Resumen de operación', '2023-01-19 16:17:23', 1313, 'IP:172.31.100.102; BROWSER:Chrome-108.0.0.0; OS:Windows'),
	(4574, 'Generación de Orden - Orden Generada Satisfactoriamente ID:36', '2023-01-19 16:17:44', 1313, 'IP:172.31.100.102; BROWSER:Chrome-108.0.0.0; OS:Windows'),
	(4575, 'Generación de Orden - Error(Exception) al insertar el archivo adjunto', '2023-01-19 16:17:44', 1313, 'IP:172.31.100.102; BROWSER:Chrome-108.0.0.0; OS:Windows'),
	(4576, 'Ingresado detalle-operaciones', '2023-01-19 16:17:44', 1313, 'IP:172.31.100.102; BROWSER:Chrome-108.0.0.0; OS:Windows'),
	(4577, 'Ingresado Generación de Orden', '2023-01-19 16:24:37', 1313, 'IP:172.31.100.102; BROWSER:Chrome-108.0.0.0; OS:Windows'),
	(4578, 'Generación de Orden - Renta Fija(Seleccion de titulo)', '2023-01-19 16:24:41', 1313, 'IP:172.31.100.102; BROWSER:Chrome-108.0.0.0; OS:Windows'),
	(4579, 'Generación de Orden - Resumen de operación', '2023-01-19 16:29:05', 1313, 'IP:172.31.100.102; BROWSER:Chrome-108.0.0.0; OS:Windows'),
	(4580, 'Generación de Orden - Orden Generada Satisfactoriamente ID:37', '2023-01-19 16:41:53', 1313, 'IP:172.31.100.102; BROWSER:Chrome-108.0.0.0; OS:Windows'),
	(4581, 'Ingresado detalle-operaciones', '2023-01-19 16:41:55', 1313, 'IP:172.31.100.102; BROWSER:Chrome-108.0.0.0; OS:Windows'),
	(4582, 'Identificacion de Usuario', '2023-01-19 16:58:10', 1313, 'IP:172.31.100.102; BROWSER:Chrome-108.0.0.0; OS:Windows'),
	(4583, 'Validacion de equipo frecuente', '2023-01-19 16:58:10', 1313, 'IP:172.31.100.102; BROWSER:Chrome-108.0.0.0; OS:Windows'),
	(4584, 'Generacion de codigo OTP', '2023-01-19 16:58:10', 1313, 'IP:172.31.100.102; BROWSER:Chrome-108.0.0.0; OS:Windows'),
	(4585, 'Validacion de codigo OTP', '2023-01-19 16:59:10', 1313, 'IP:172.31.100.102; BROWSER:Chrome-108.0.0.0; OS:Windows'),
	(4586, 'Ingreso Exitoso UbiBroker', '2023-01-19 16:59:13', 1313, 'IP:172.31.100.102; BROWSER:Chrome-108.0.0.0; OS:Windows'),
	(4587, 'Ingresando Home', '2023-01-19 16:59:13', 1313, 'IP:172.31.100.102; BROWSER:Chrome-108.0.0.0; OS:Windows'),
	(4588, 'Ingresado Generación de Orden', '2023-01-19 16:59:17', 1313, 'IP:172.31.100.102; BROWSER:Chrome-108.0.0.0; OS:Windows'),
	(4589, 'Generación de Orden - Renta Fija(Seleccion de titulo)', '2023-01-19 16:59:19', 1313, 'IP:172.31.100.102; BROWSER:Chrome-108.0.0.0; OS:Windows'),
	(4590, 'Generación de Orden - Resumen de operación', '2023-01-19 16:59:50', 1313, 'IP:172.31.100.102; BROWSER:Chrome-108.0.0.0; OS:Windows'),
	(4591, 'Generación de Orden - Resumen de operación', '2023-01-19 17:00:07', 1313, 'IP:172.31.100.102; BROWSER:Chrome-108.0.0.0; OS:Windows'),
	(4592, 'Generación de Orden - Orden Generada Satisfactoriamente ID:38', '2023-01-19 17:01:05', 1313, 'IP:172.31.100.102; BROWSER:Chrome-108.0.0.0; OS:Windows'),
	(4593, 'Ingresado detalle-operaciones', '2023-01-19 17:01:08', 1313, 'IP:172.31.100.102; BROWSER:Chrome-108.0.0.0; OS:Windows'),
	(4594, 'Identificacion de Usuario', '2023-01-19 17:16:27', 1310, 'IP:172.31.100.102; BROWSER:Chrome-108.0.0.0; OS:Windows'),
	(4595, 'Validacion de equipo frecuente', '2023-01-19 17:16:27', 1310, 'IP:172.31.100.102; BROWSER:Chrome-108.0.0.0; OS:Windows'),
	(4596, 'Generacion de codigo OTP', '2023-01-19 17:16:27', 1310, 'IP:172.31.100.102; BROWSER:Chrome-108.0.0.0; OS:Windows'),
	(4597, 'Validacion de codigo OTP', '2023-01-19 17:17:00', 1310, 'IP:172.31.100.102; BROWSER:Chrome-108.0.0.0; OS:Windows'),
	(4598, 'Ingreso Exitoso UbiBroker', '2023-01-19 17:17:03', 1310, 'IP:172.31.100.102; BROWSER:Chrome-108.0.0.0; OS:Windows'),
	(4599, 'Ingresando Home', '2023-01-19 17:17:03', 1310, 'IP:172.31.100.102; BROWSER:Chrome-108.0.0.0; OS:Windows'),
	(4600, 'Ingresado Generación de Orden', '2023-01-19 17:17:06', 1310, 'IP:172.31.100.102; BROWSER:Chrome-108.0.0.0; OS:Windows'),
	(4601, 'Generación de Orden - SBB Cubierto con Mutuos', '2023-01-19 17:17:07', 1310, 'IP:172.31.100.102; BROWSER:Chrome-108.0.0.0; OS:Windows'),
	(4602, 'Generación de Orden - Resumen de operación', '2023-01-19 17:17:48', 1310, 'IP:172.31.100.102; BROWSER:Chrome-108.0.0.0; OS:Windows'),
	(4603, 'Identificacion de Usuario', '2023-01-20 09:04:22', 1310, 'IP:172.31.100.102; BROWSER:Chrome-108.0.0.0; OS:Windows'),
	(4604, 'Validacion de equipo frecuente', '2023-01-20 09:04:22', 1310, 'IP:172.31.100.102; BROWSER:Chrome-108.0.0.0; OS:Windows'),
	(4605, 'Generacion de codigo OTP', '2023-01-20 09:04:22', 1310, 'IP:172.31.100.102; BROWSER:Chrome-108.0.0.0; OS:Windows'),
	(4606, 'Validacion de codigo OTP', '2023-01-20 09:06:34', 1310, 'IP:172.31.100.102; BROWSER:Chrome-108.0.0.0; OS:Windows'),
	(4607, 'Ingreso Exitoso UbiBroker', '2023-01-20 09:06:39', 1310, 'IP:172.31.100.102; BROWSER:Chrome-108.0.0.0; OS:Windows'),
	(4608, 'Ingresando Home', '2023-01-20 09:06:39', 1310, 'IP:172.31.100.102; BROWSER:Chrome-108.0.0.0; OS:Windows'),
	(4609, 'Ingresado Generación de Orden', '2023-01-20 09:16:43', 1310, 'IP:172.31.100.102; BROWSER:Chrome-108.0.0.0; OS:Windows'),
	(4610, 'Generación de Orden - SBB Cubierto con Mutuos', '2023-01-20 09:16:44', 1310, 'IP:172.31.100.102; BROWSER:Chrome-108.0.0.0; OS:Windows'),
	(4611, 'Desconexion UbiBroker', '2023-01-20 09:17:19', 1310, 'IP:172.31.100.102; BROWSER:Chrome-108.0.0.0; OS:Windows'),
	(4612, 'Identificacion de Usuario', '2023-01-20 09:17:34', 1313, 'IP:172.31.100.102; BROWSER:Chrome-108.0.0.0; OS:Windows'),
	(4613, 'Validacion de equipo frecuente', '2023-01-20 09:17:34', 1313, 'IP:172.31.100.102; BROWSER:Chrome-108.0.0.0; OS:Windows'),
	(4614, 'Generacion de codigo OTP', '2023-01-20 09:17:34', 1313, 'IP:172.31.100.102; BROWSER:Chrome-108.0.0.0; OS:Windows'),
	(4615, 'Validacion de codigo OTP', '2023-01-20 09:19:07', 1313, 'IP:172.31.100.102; BROWSER:Chrome-108.0.0.0; OS:Windows'),
	(4616, 'Ingreso Exitoso UbiBroker', '2023-01-20 09:19:11', 1313, 'IP:172.31.100.102; BROWSER:Chrome-108.0.0.0; OS:Windows'),
	(4617, 'Ingresando Home', '2023-01-20 09:19:11', 1313, 'IP:172.31.100.102; BROWSER:Chrome-108.0.0.0; OS:Windows'),
	(4618, 'Ingresado Generación de Orden', '2023-01-20 09:19:13', 1313, 'IP:172.31.100.102; BROWSER:Chrome-108.0.0.0; OS:Windows'),
	(4619, 'Generación de Orden - SBB Cubierto con Mutuos', '2023-01-20 09:19:14', 1313, 'IP:172.31.100.102; BROWSER:Chrome-108.0.0.0; OS:Windows'),
	(4620, 'Identificacion de Usuario', '2023-01-20 09:51:45', 1310, 'IP:172.31.100.102; BROWSER:Chrome-108.0.0.0; OS:Windows'),
	(4621, 'Validacion de equipo frecuente', '2023-01-20 09:51:45', 1310, 'IP:172.31.100.102; BROWSER:Chrome-108.0.0.0; OS:Windows'),
	(4622, 'Generacion de codigo OTP', '2023-01-20 09:51:45', 1310, 'IP:172.31.100.102; BROWSER:Chrome-108.0.0.0; OS:Windows'),
	(4623, 'Validacion de codigo OTP', '2023-01-20 09:58:15', 1310, 'IP:172.31.100.102; BROWSER:Chrome-108.0.0.0; OS:Windows'),
	(4624, 'Ingreso Exitoso UbiBroker', '2023-01-20 09:58:18', 1310, 'IP:172.31.100.102; BROWSER:Chrome-108.0.0.0; OS:Windows'),
	(4625, 'Ingresando Home', '2023-01-20 09:58:18', 1310, 'IP:172.31.100.102; BROWSER:Chrome-108.0.0.0; OS:Windows'),
	(4626, 'Ingresado Generación de Orden', '2023-01-20 09:58:21', 1310, 'IP:172.31.100.102; BROWSER:Chrome-108.0.0.0; OS:Windows'),
	(4627, 'Generación de Orden - SBB Cubierto con Mutuos', '2023-01-20 09:58:22', 1310, 'IP:172.31.100.102; BROWSER:Chrome-108.0.0.0; OS:Windows'),
	(4628, 'Identificacion de Usuario', '2023-01-23 14:04:45', 1310, 'IP:172.31.100.102; BROWSER:Chrome-108.0.0.0; OS:Windows'),
	(4629, 'Validacion de equipo frecuente', '2023-01-23 14:04:45', 1310, 'IP:172.31.100.102; BROWSER:Chrome-108.0.0.0; OS:Windows'),
	(4630, 'Generacion de codigo OTP', '2023-01-23 14:04:45', 1310, 'IP:172.31.100.102; BROWSER:Chrome-108.0.0.0; OS:Windows'),
	(4631, 'Validacion de codigo OTP', '2023-01-23 14:05:33', 1310, 'IP:172.31.100.102; BROWSER:Chrome-108.0.0.0; OS:Windows'),
	(4632, 'Ingreso Exitoso UbiBroker', '2023-01-23 14:05:36', 1310, 'IP:172.31.100.102; BROWSER:Chrome-108.0.0.0; OS:Windows'),
	(4633, 'Ingresando Home', '2023-01-23 14:05:36', 1310, 'IP:172.31.100.102; BROWSER:Chrome-108.0.0.0; OS:Windows'),
	(4634, 'Ingresado Generación de Orden', '2023-01-23 14:05:56', 1310, 'IP:172.31.100.102; BROWSER:Chrome-108.0.0.0; OS:Windows'),
	(4635, 'Generación de Orden - Renta Fija(Seleccion de titulo)', '2023-01-23 14:05:59', 1310, 'IP:172.31.100.102; BROWSER:Chrome-108.0.0.0; OS:Windows'),
	(4636, 'Generación de Orden - Resumen de operación', '2023-01-23 14:06:43', 1310, 'IP:172.31.100.102; BROWSER:Chrome-108.0.0.0; OS:Windows'),
	(4637, 'Generación de Orden - Resumen de operación', '2023-01-23 14:08:52', 1310, 'IP:172.31.100.102; BROWSER:Chrome-108.0.0.0; OS:Windows'),
	(4638, 'Generación de Orden - Resumen de operación', '2023-01-23 14:09:13', 1310, 'IP:172.31.100.102; BROWSER:Chrome-108.0.0.0; OS:Windows'),
	(4639, 'Generación de Orden - Resumen de operación', '2023-01-23 14:09:39', 1310, 'IP:172.31.100.102; BROWSER:Chrome-108.0.0.0; OS:Windows'),
	(4640, 'Generación de Orden - Resumen de operación', '2023-01-23 14:10:07', 1310, 'IP:172.31.100.102; BROWSER:Chrome-108.0.0.0; OS:Windows'),
	(4641, 'Generación de Orden - Orden Generada Satisfactoriamente ID:39', '2023-01-23 14:15:38', 1310, 'IP:172.31.100.102; BROWSER:Chrome-108.0.0.0; OS:Windows'),
	(4642, 'Ingresado detalle-operaciones', '2023-01-23 14:16:00', 1310, 'IP:172.31.100.102; BROWSER:Chrome-108.0.0.0; OS:Windows'),
	(4643, 'Generación de Orden - Orden Generada Satisfactoriamente ID:40', '2023-01-23 14:16:01', 1310, 'IP:172.31.100.102; BROWSER:Chrome-108.0.0.0; OS:Windows'),
	(4644, 'Ingresado detalle-operaciones', '2023-01-23 14:16:03', 1310, 'IP:172.31.100.102; BROWSER:Chrome-108.0.0.0; OS:Windows'),
	(4645, 'Generación de Orden - Resumen de operación', '2023-01-23 14:16:08', 1310, 'IP:172.31.100.102; BROWSER:Chrome-108.0.0.0; OS:Windows'),
	(4646, 'Generación de Orden - Orden Generada Satisfactoriamente ID:41', '2023-01-23 14:16:13', 1310, 'IP:172.31.100.102; BROWSER:Chrome-108.0.0.0; OS:Windows'),
	(4647, 'Ingresado detalle-operaciones', '2023-01-23 14:16:15', 1310, 'IP:172.31.100.102; BROWSER:Chrome-108.0.0.0; OS:Windows'),
	(4648, 'Desconexion UbiBroker', '2023-01-23 14:18:21', 1310, 'IP:172.31.100.102; BROWSER:Chrome-108.0.0.0; OS:Windows'),
	(4649, 'Identificacion de Usuario', '2023-01-23 14:18:25', 1313, 'IP:172.31.100.102; BROWSER:Chrome-108.0.0.0; OS:Windows'),
	(4650, 'Validacion de equipo frecuente', '2023-01-23 14:18:25', 1313, 'IP:172.31.100.102; BROWSER:Chrome-108.0.0.0; OS:Windows'),
	(4651, 'Generacion de codigo OTP', '2023-01-23 14:18:25', 1313, 'IP:172.31.100.102; BROWSER:Chrome-108.0.0.0; OS:Windows'),
	(4652, 'Validacion de codigo OTP', '2023-01-23 14:18:56', 1313, 'IP:172.31.100.102; BROWSER:Chrome-108.0.0.0; OS:Windows'),
	(4653, 'Ingreso Exitoso UbiBroker', '2023-01-23 14:18:57', 1313, 'IP:172.31.100.102; BROWSER:Chrome-108.0.0.0; OS:Windows'),
	(4654, 'Ingresando Home', '2023-01-23 14:18:57', 1313, 'IP:172.31.100.102; BROWSER:Chrome-108.0.0.0; OS:Windows'),
	(4655, 'Ingresado detalle-perfil', '2023-01-23 14:19:31', 1313, 'IP:172.31.100.102; BROWSER:Chrome-108.0.0.0; OS:Windows'),
	(4656, 'Ingresado Generación de Orden', '2023-01-23 14:19:37', 1313, 'IP:172.31.100.102; BROWSER:Chrome-108.0.0.0; OS:Windows'),
	(4657, 'Generación de Orden - Renta Fija(Seleccion de titulo)', '2023-01-23 14:19:40', 1313, 'IP:172.31.100.102; BROWSER:Chrome-108.0.0.0; OS:Windows'),
	(4658, 'Generación de Orden - Resumen de operación', '2023-01-23 14:23:26', 1313, 'IP:172.31.100.102; BROWSER:Chrome-108.0.0.0; OS:Windows'),
	(4659, 'Generación de Orden - Resumen de operación', '2023-01-23 14:24:06', 1313, 'IP:172.31.100.102; BROWSER:Chrome-108.0.0.0; OS:Windows'),
	(4660, 'Generación de Orden - Resumen de operación', '2023-01-23 14:24:47', 1313, 'IP:172.31.100.102; BROWSER:Chrome-108.0.0.0; OS:Windows'),
	(4661, 'Generación de Orden - Orden Generada Satisfactoriamente ID:42', '2023-01-23 14:30:28', 1313, 'IP:172.31.100.102; BROWSER:Chrome-108.0.0.0; OS:Windows'),
	(4662, 'Ingresado detalle-operaciones', '2023-01-23 14:30:32', 1313, 'IP:172.31.100.102; BROWSER:Chrome-108.0.0.0; OS:Windows'),
	(4663, 'Ingresado detalle-operaciones', '2023-01-23 14:34:10', 1313, 'IP:172.31.100.102; BROWSER:Chrome-108.0.0.0; OS:Windows'),
	(4664, 'Desconexion UbiBroker', '2023-01-23 14:35:19', 1313, 'IP:172.31.100.102; BROWSER:Chrome-108.0.0.0; OS:Windows'),
	(4665, 'Identificacion de Usuario', '2023-01-23 14:35:23', 1310, 'IP:172.31.100.102; BROWSER:Chrome-108.0.0.0; OS:Windows'),
	(4666, 'Validacion de equipo frecuente', '2023-01-23 14:35:23', 1310, 'IP:172.31.100.102; BROWSER:Chrome-108.0.0.0; OS:Windows'),
	(4667, 'Generacion de codigo OTP', '2023-01-23 14:35:23', 1310, 'IP:172.31.100.102; BROWSER:Chrome-108.0.0.0; OS:Windows'),
	(4668, 'Validacion de codigo OTP', '2023-01-23 14:35:48', 1310, 'IP:172.31.100.102; BROWSER:Chrome-108.0.0.0; OS:Windows'),
	(4669, 'Ingreso Exitoso UbiBroker', '2023-01-23 14:35:49', 1310, 'IP:172.31.100.102; BROWSER:Chrome-108.0.0.0; OS:Windows'),
	(4670, 'Ingresando Home', '2023-01-23 14:35:49', 1310, 'IP:172.31.100.102; BROWSER:Chrome-108.0.0.0; OS:Windows'),
	(4671, 'Ingresado detalle-operaciones', '2023-01-23 14:35:56', 1310, 'IP:172.31.100.102; BROWSER:Chrome-108.0.0.0; OS:Windows'),
	(4672, 'Desconexion UbiBroker', '2023-01-23 14:39:52', 1310, 'IP:172.31.100.102; BROWSER:Chrome-108.0.0.0; OS:Windows'),
	(4673, 'Identificacion de Usuario', '2023-01-23 14:39:58', 1311, 'IP:172.31.100.102; BROWSER:Chrome-108.0.0.0; OS:Windows'),
	(4674, 'Validacion de equipo frecuente', '2023-01-23 14:39:58', 1311, 'IP:172.31.100.102; BROWSER:Chrome-108.0.0.0; OS:Windows'),
	(4675, 'Generacion de codigo OTP', '2023-01-23 14:39:58', 1311, 'IP:172.31.100.102; BROWSER:Chrome-108.0.0.0; OS:Windows'),
	(4676, 'Identificacion de Usuario', '2023-01-23 14:41:15', 1311, 'IP:172.31.100.102; BROWSER:Chrome-108.0.0.0; OS:Windows'),
	(4677, 'Validacion de equipo frecuente', '2023-01-23 14:41:15', 1311, 'IP:172.31.100.102; BROWSER:Chrome-108.0.0.0; OS:Windows'),
	(4678, 'Generacion de codigo OTP', '2023-01-23 14:41:15', 1311, 'IP:172.31.100.102; BROWSER:Chrome-108.0.0.0; OS:Windows'),
	(4679, 'Validacion de codigo OTP', '2023-01-23 14:42:00', 1311, 'IP:172.31.100.102; BROWSER:Chrome-108.0.0.0; OS:Windows'),
	(4680, 'Ingreso Exitoso UbiBroker', '2023-01-23 14:42:02', 1311, 'IP:172.31.100.102; BROWSER:Chrome-108.0.0.0; OS:Windows'),
	(4681, 'Ingresando Home', '2023-01-23 14:42:02', 1311, 'IP:172.31.100.102; BROWSER:Chrome-108.0.0.0; OS:Windows'),
	(4682, 'Ingresado Generación de Orden', '2023-01-23 14:42:08', 1311, 'IP:172.31.100.102; BROWSER:Chrome-108.0.0.0; OS:Windows'),
	(4683, 'Generación de Orden - Renta Fija(Seleccion de titulo)', '2023-01-23 14:42:09', 1311, 'IP:172.31.100.102; BROWSER:Chrome-108.0.0.0; OS:Windows'),
	(4684, 'Ingresado Generación de Orden', '2023-01-23 14:52:17', 1311, 'IP:172.31.100.102; BROWSER:Chrome-108.0.0.0; OS:Windows'),
	(4685, 'Generación de Orden - SBB Cubierto con Mutuos', '2023-01-23 14:52:18', 1311, 'IP:172.31.100.102; BROWSER:Chrome-108.0.0.0; OS:Windows'),
	(4686, 'Generación de Orden - Resumen de operación', '2023-01-23 14:52:40', 1311, 'IP:172.31.100.102; BROWSER:Chrome-108.0.0.0; OS:Windows'),
	(4687, 'Generación de Orden - Orden Generada Satisfactoriamente ID:43', '2023-01-23 14:52:47', 1311, 'IP:172.31.100.102; BROWSER:Chrome-108.0.0.0; OS:Windows'),
	(4688, 'Ingresado detalle-operaciones', '2023-01-23 14:52:49', 1311, 'IP:172.31.100.102; BROWSER:Chrome-108.0.0.0; OS:Windows'),
	(4689, 'Ingresado Generación de Orden', '2023-01-23 14:52:58', 1311, 'IP:172.31.100.102; BROWSER:Chrome-108.0.0.0; OS:Windows'),
	(4690, 'Generación de Orden - SBB Cubierto con Mutuos', '2023-01-23 14:52:59', 1311, 'IP:172.31.100.102; BROWSER:Chrome-108.0.0.0; OS:Windows'),
	(4691, 'Generación de Orden - Resumen de operación', '2023-01-23 14:53:25', 1311, 'IP:172.31.100.102; BROWSER:Chrome-108.0.0.0; OS:Windows'),
	(4692, 'Generación de Orden - Orden Generada Satisfactoriamente ID:44', '2023-01-23 14:53:31', 1311, 'IP:172.31.100.102; BROWSER:Chrome-108.0.0.0; OS:Windows'),
	(4693, 'Ingresado detalle-operaciones', '2023-01-23 14:53:32', 1311, 'IP:172.31.100.102; BROWSER:Chrome-108.0.0.0; OS:Windows'),
	(4694, 'Desconexion UbiBroker', '2023-01-23 14:56:12', 1311, 'IP:172.31.100.102; BROWSER:Chrome-108.0.0.0; OS:Windows'),
	(4695, 'Identificacion de Usuario', '2023-01-23 14:56:16', 1313, 'IP:172.31.100.102; BROWSER:Chrome-108.0.0.0; OS:Windows'),
	(4696, 'Validacion de equipo frecuente', '2023-01-23 14:56:16', 1313, 'IP:172.31.100.102; BROWSER:Chrome-108.0.0.0; OS:Windows'),
	(4697, 'Generacion de codigo OTP', '2023-01-23 14:56:16', 1313, 'IP:172.31.100.102; BROWSER:Chrome-108.0.0.0; OS:Windows'),
	(4698, 'Validacion de codigo OTP', '2023-01-23 14:56:52', 1313, 'IP:172.31.100.102; BROWSER:Chrome-108.0.0.0; OS:Windows'),
	(4699, 'Ingreso Exitoso UbiBroker', '2023-01-23 14:56:55', 1313, 'IP:172.31.100.102; BROWSER:Chrome-108.0.0.0; OS:Windows'),
	(4700, 'Ingresando Home', '2023-01-23 14:56:55', 1313, 'IP:172.31.100.102; BROWSER:Chrome-108.0.0.0; OS:Windows'),
	(4701, 'Ingresado Generación de Orden', '2023-01-23 14:57:00', 1313, 'IP:172.31.100.102; BROWSER:Chrome-108.0.0.0; OS:Windows'),
	(4702, 'Generación de Orden - SBB Cubierto con Mutuos', '2023-01-23 14:57:02', 1313, 'IP:172.31.100.102; BROWSER:Chrome-108.0.0.0; OS:Windows'),
	(4703, 'Generación de Orden - Resumen de operación', '2023-01-23 14:57:22', 1313, 'IP:172.31.100.102; BROWSER:Chrome-108.0.0.0; OS:Windows'),
	(4704, 'Generación de Orden - Orden Generada Satisfactoriamente ID:45', '2023-01-23 14:57:29', 1313, 'IP:172.31.100.102; BROWSER:Chrome-108.0.0.0; OS:Windows'),
	(4705, 'Ingresado detalle-operaciones', '2023-01-23 14:57:30', 1313, 'IP:172.31.100.102; BROWSER:Chrome-108.0.0.0; OS:Windows'),
	(4706, 'Ingresado Generación de Orden', '2023-01-23 14:57:41', 1313, 'IP:172.31.100.102; BROWSER:Chrome-108.0.0.0; OS:Windows'),
	(4707, 'Generación de Orden - SBB Cubierto con Mutuos', '2023-01-23 14:57:42', 1313, 'IP:172.31.100.102; BROWSER:Chrome-108.0.0.0; OS:Windows'),
	(4708, 'Generación de Orden - Resumen de operación', '2023-01-23 14:58:14', 1313, 'IP:172.31.100.102; BROWSER:Chrome-108.0.0.0; OS:Windows'),
	(4709, 'Generación de Orden - Orden Generada Satisfactoriamente ID:46', '2023-01-23 14:58:20', 1313, 'IP:172.31.100.102; BROWSER:Chrome-108.0.0.0; OS:Windows'),
	(4710, 'Ingresado detalle-operaciones', '2023-01-23 14:58:30', 1313, 'IP:172.31.100.102; BROWSER:Chrome-108.0.0.0; OS:Windows'),
	(4711, 'Identificacion de Usuario', '2023-01-23 15:13:41', 1313, 'IP:172.31.100.102; BROWSER:Chrome-108.0.0.0; OS:Windows'),
	(4712, 'Validacion de equipo frecuente', '2023-01-23 15:13:41', 1313, 'IP:172.31.100.102; BROWSER:Chrome-108.0.0.0; OS:Windows'),
	(4713, 'Generacion de codigo OTP', '2023-01-23 15:13:41', 1313, 'IP:172.31.100.102; BROWSER:Chrome-108.0.0.0; OS:Windows'),
	(4714, 'Validacion de codigo OTP', '2023-01-23 15:14:10', 1313, 'IP:172.31.100.102; BROWSER:Chrome-108.0.0.0; OS:Windows'),
	(4715, 'Ingreso Exitoso UbiBroker', '2023-01-23 15:14:13', 1313, 'IP:172.31.100.102; BROWSER:Chrome-108.0.0.0; OS:Windows'),
	(4716, 'Ingresando Home', '2023-01-23 15:14:13', 1313, 'IP:172.31.100.102; BROWSER:Chrome-108.0.0.0; OS:Windows'),
	(4717, 'Ingresado detalle-operaciones', '2023-01-23 15:14:19', 1313, 'IP:172.31.100.102; BROWSER:Chrome-108.0.0.0; OS:Windows'),
	(4718, 'Identificacion de Usuario', '2023-01-23 15:31:08', 1313, 'IP:172.31.100.102; BROWSER:Chrome-108.0.0.0; OS:Windows'),
	(4719, 'Validacion de equipo frecuente', '2023-01-23 15:31:08', 1313, 'IP:172.31.100.102; BROWSER:Chrome-108.0.0.0; OS:Windows'),
	(4720, 'Generacion de codigo OTP', '2023-01-23 15:31:08', 1313, 'IP:172.31.100.102; BROWSER:Chrome-108.0.0.0; OS:Windows'),
	(4721, 'Validacion de codigo OTP', '2023-01-23 15:34:41', 1313, 'IP:172.31.100.102; BROWSER:Chrome-108.0.0.0; OS:Windows'),
	(4722, 'Ingreso Exitoso UbiBroker', '2023-01-23 15:34:44', 1313, 'IP:172.31.100.102; BROWSER:Chrome-108.0.0.0; OS:Windows'),
	(4723, 'Ingresando Home', '2023-01-23 15:34:44', 1313, 'IP:172.31.100.102; BROWSER:Chrome-108.0.0.0; OS:Windows'),
	(4724, 'Ingresado detalle-operaciones', '2023-01-23 15:36:58', 1313, 'IP:172.31.100.102; BROWSER:Chrome-108.0.0.0; OS:Windows'),
	(4725, 'Identificacion de Usuario', '2023-01-24 09:05:35', 1313, 'IP:172.31.100.102; BROWSER:Chrome-108.0.0.0; OS:Windows'),
	(4726, 'Validacion de equipo frecuente', '2023-01-24 09:05:35', 1313, 'IP:172.31.100.102; BROWSER:Chrome-108.0.0.0; OS:Windows'),
	(4727, 'Generacion de codigo OTP', '2023-01-24 09:05:35', 1313, 'IP:172.31.100.102; BROWSER:Chrome-108.0.0.0; OS:Windows'),
	(4728, 'Validacion de codigo OTP', '2023-01-24 09:08:09', 1313, 'IP:172.31.100.102; BROWSER:Chrome-108.0.0.0; OS:Windows'),
	(4729, 'Ingreso Exitoso UbiBroker', '2023-01-24 09:08:11', 1313, 'IP:172.31.100.102; BROWSER:Chrome-108.0.0.0; OS:Windows'),
	(4730, 'Ingresando Home', '2023-01-24 09:08:11', 1313, 'IP:172.31.100.102; BROWSER:Chrome-108.0.0.0; OS:Windows'),
	(4731, 'Ingresado detalle-operaciones', '2023-01-24 09:08:15', 1313, 'IP:172.31.100.102; BROWSER:Chrome-108.0.0.0; OS:Windows'),
	(4732, 'Identificacion de Usuario', '2023-01-24 13:07:13', 1263, 'IP:172.31.100.102; BROWSER:Chrome-108.0.0.0; OS:Windows'),
	(4733, 'Validacion de equipo frecuente', '2023-01-24 13:07:13', 1263, 'IP:172.31.100.102; BROWSER:Chrome-108.0.0.0; OS:Windows'),
	(4734, 'Generacion de codigo OTP', '2023-01-24 13:07:13', 1263, 'IP:172.31.100.102; BROWSER:Chrome-108.0.0.0; OS:Windows'),
	(4735, 'Validacion de codigo OTP', '2023-01-24 13:07:35', 1263, 'IP:172.31.100.102; BROWSER:Chrome-108.0.0.0; OS:Windows'),
	(4736, 'Ingreso Exitoso UbiBroker', '2023-01-24 13:07:38', 1263, 'IP:172.31.100.102; BROWSER:Chrome-108.0.0.0; OS:Windows'),
	(4737, 'Ingresando Home', '2023-01-24 13:07:38', 1263, 'IP:172.31.100.102; BROWSER:Chrome-108.0.0.0; OS:Windows'),
	(4738, 'Ingresado Generación de Orden', '2023-01-24 13:07:51', 1263, 'IP:172.31.100.102; BROWSER:Chrome-108.0.0.0; OS:Windows'),
	(4739, 'Generación de Orden - Renta Fija(Seleccion de titulo)', '2023-01-24 13:07:53', 1263, 'IP:172.31.100.102; BROWSER:Chrome-108.0.0.0; OS:Windows'),
	(4740, 'Generación de Orden - Resumen de operación', '2023-01-24 13:16:55', 1263, 'IP:172.31.100.102; BROWSER:Chrome-108.0.0.0; OS:Windows'),
	(4741, 'Generación de Orden - Resumen de operación', '2023-01-24 13:17:43', 1263, 'IP:172.31.100.102; BROWSER:Chrome-108.0.0.0; OS:Windows'),
	(4742, 'Desconexion UbiBroker', '2023-01-24 13:34:09', 1263, 'IP:172.31.100.102; BROWSER:Chrome-108.0.0.0; OS:Windows'),
	(4743, 'Identificacion de Usuario', '2023-01-24 13:34:27', 1313, 'IP:172.31.100.102; BROWSER:Chrome-108.0.0.0; OS:Windows'),
	(4744, 'Validacion de equipo frecuente', '2023-01-24 13:34:27', 1313, 'IP:172.31.100.102; BROWSER:Chrome-108.0.0.0; OS:Windows'),
	(4745, 'Generacion de codigo OTP', '2023-01-24 13:34:27', 1313, 'IP:172.31.100.102; BROWSER:Chrome-108.0.0.0; OS:Windows'),
	(4746, 'Validacion de codigo OTP', '2023-01-24 13:34:42', 1313, 'IP:172.31.100.102; BROWSER:Chrome-108.0.0.0; OS:Windows'),
	(4747, 'Ingreso Exitoso UbiBroker', '2023-01-24 13:34:44', 1313, 'IP:172.31.100.102; BROWSER:Chrome-108.0.0.0; OS:Windows'),
	(4748, 'Ingresando Home', '2023-01-24 13:34:44', 1313, 'IP:172.31.100.102; BROWSER:Chrome-108.0.0.0; OS:Windows'),
	(4749, 'Ingresado Generación de Orden', '2023-01-24 13:34:49', 1313, 'IP:172.31.100.102; BROWSER:Chrome-108.0.0.0; OS:Windows'),
	(4750, 'Generación de Orden - SBB Cubierto con Mutuo', '2023-01-24 13:34:51', 1313, 'IP:172.31.100.102; BROWSER:Chrome-108.0.0.0; OS:Windows'),
	(4751, 'Desconexion UbiBroker', '2023-01-24 13:35:40', 1313, 'IP:172.31.100.102; BROWSER:Chrome-108.0.0.0; OS:Windows'),
	(4752, 'Identificacion de Usuario', '2023-01-24 13:50:39', 1313, 'IP:172.31.100.102; BROWSER:Chrome-108.0.0.0; OS:Windows'),
	(4753, 'Validacion de equipo frecuente', '2023-01-24 13:50:39', 1313, 'IP:172.31.100.102; BROWSER:Chrome-108.0.0.0; OS:Windows'),
	(4754, 'Generacion de codigo OTP', '2023-01-24 13:50:39', 1313, 'IP:172.31.100.102; BROWSER:Chrome-108.0.0.0; OS:Windows'),
	(4755, 'Validacion de codigo OTP', '2023-01-24 13:50:55', 1313, 'IP:172.31.100.102; BROWSER:Chrome-108.0.0.0; OS:Windows'),
	(4756, 'Ingreso Exitoso UbiBroker', '2023-01-24 13:50:59', 1313, 'IP:172.31.100.102; BROWSER:Chrome-108.0.0.0; OS:Windows'),
	(4757, 'Ingresando Home', '2023-01-24 13:50:59', 1313, 'IP:172.31.100.102; BROWSER:Chrome-108.0.0.0; OS:Windows'),
	(4758, 'Ingresado Generación de Orden', '2023-01-24 13:51:06', 1313, 'IP:172.31.100.102; BROWSER:Chrome-108.0.0.0; OS:Windows'),
	(4759, 'Generación de Orden - SBB Cubierto con Mutuo', '2023-01-24 13:51:07', 1313, 'IP:172.31.100.102; BROWSER:Chrome-108.0.0.0; OS:Windows'),
	(4760, 'Desconexion UbiBroker', '2023-01-24 13:56:01', 1313, 'IP:172.31.100.102; BROWSER:Chrome-108.0.0.0; OS:Windows'),
	(4761, 'Identificacion de Usuario', '2023-01-24 13:56:07', 1310, 'IP:172.31.100.102; BROWSER:Chrome-108.0.0.0; OS:Windows'),
	(4762, 'Validacion de equipo frecuente', '2023-01-24 13:56:07', 1310, 'IP:172.31.100.102; BROWSER:Chrome-108.0.0.0; OS:Windows'),
	(4763, 'Generacion de codigo OTP', '2023-01-24 13:56:07', 1310, 'IP:172.31.100.102; BROWSER:Chrome-108.0.0.0; OS:Windows'),
	(4764, 'Validacion de codigo OTP', '2023-01-24 13:56:28', 1310, 'IP:172.31.100.102; BROWSER:Chrome-108.0.0.0; OS:Windows'),
	(4765, 'Ingreso Exitoso UbiBroker', '2023-01-24 13:56:30', 1310, 'IP:172.31.100.102; BROWSER:Chrome-108.0.0.0; OS:Windows'),
	(4766, 'Ingresando Home', '2023-01-24 13:56:30', 1310, 'IP:172.31.100.102; BROWSER:Chrome-108.0.0.0; OS:Windows'),
	(4767, 'Ingresado Generación de Orden', '2023-01-24 13:56:32', 1310, 'IP:172.31.100.102; BROWSER:Chrome-108.0.0.0; OS:Windows'),
	(4768, 'Generación de Orden - SBB Cubierto con Mutuo', '2023-01-24 13:56:34', 1310, 'IP:172.31.100.102; BROWSER:Chrome-108.0.0.0; OS:Windows'),
	(4769, 'Generación de Orden - Resumen de operación', '2023-01-24 13:57:14', 1310, 'IP:172.31.100.102; BROWSER:Chrome-108.0.0.0; OS:Windows'),
	(4770, 'Generación de Orden - Resumen de operación', '2023-01-24 13:57:23', 1310, 'IP:172.31.100.102; BROWSER:Chrome-108.0.0.0; OS:Windows'),
	(4771, 'Generación de Orden - Orden Generada Satisfactoriamente ID:47', '2023-01-24 13:57:29', 1310, 'IP:172.31.100.102; BROWSER:Chrome-108.0.0.0; OS:Windows'),
	(4772, 'Ingresado detalle-operaciones', '2023-01-24 13:57:31', 1310, 'IP:172.31.100.102; BROWSER:Chrome-108.0.0.0; OS:Windows'),
	(4773, 'Ingresado Generación de Orden', '2023-01-24 13:57:55', 1310, 'IP:172.31.100.102; BROWSER:Chrome-108.0.0.0; OS:Windows'),
	(4774, 'Desconexion UbiBroker', '2023-01-24 14:08:45', 1310, 'IP:172.31.100.102; BROWSER:Chrome-108.0.0.0; OS:Windows'),
	(4775, 'Identificacion de Usuario', '2023-01-24 14:08:50', 1311, 'IP:172.31.100.102; BROWSER:Chrome-108.0.0.0; OS:Windows'),
	(4776, 'Validacion de equipo frecuente', '2023-01-24 14:08:50', 1311, 'IP:172.31.100.102; BROWSER:Chrome-108.0.0.0; OS:Windows'),
	(4777, 'Generacion de codigo OTP', '2023-01-24 14:08:50', 1311, 'IP:172.31.100.102; BROWSER:Chrome-108.0.0.0; OS:Windows'),
	(4778, 'Identificacion de Usuario', '2023-01-24 14:11:14', 1311, 'IP:172.31.100.102; BROWSER:Chrome-108.0.0.0; OS:Windows'),
	(4779, 'Validacion de equipo frecuente', '2023-01-24 14:11:14', 1311, 'IP:172.31.100.102; BROWSER:Chrome-108.0.0.0; OS:Windows'),
	(4780, 'Generacion de codigo OTP', '2023-01-24 14:11:14', 1311, 'IP:172.31.100.102; BROWSER:Chrome-108.0.0.0; OS:Windows'),
	(4781, 'Validacion de codigo OTP', '2023-01-24 14:11:50', 1311, 'IP:172.31.100.102; BROWSER:Chrome-108.0.0.0; OS:Windows'),
	(4782, 'Validacion de codigo OTP:El código otp que ingresó es inválido.', '2023-01-24 14:11:50', 1311, 'IP:172.31.100.102; BROWSER:Chrome-108.0.0.0; OS:Windows'),
	(4783, 'Validacion de codigo OTP', '2023-01-24 14:11:53', 1311, 'IP:172.31.100.102; BROWSER:Chrome-108.0.0.0; OS:Windows'),
	(4784, 'Validacion de codigo OTP:El código otp que ingresó es inválido.', '2023-01-24 14:11:53', 1311, 'IP:172.31.100.102; BROWSER:Chrome-108.0.0.0; OS:Windows'),
	(4785, 'Validacion de codigo OTP', '2023-01-24 14:11:58', 1311, 'IP:172.31.100.102; BROWSER:Chrome-108.0.0.0; OS:Windows'),
	(4786, 'Ingreso Exitoso UbiBroker', '2023-01-24 14:12:01', 1311, 'IP:172.31.100.102; BROWSER:Chrome-108.0.0.0; OS:Windows'),
	(4787, 'Ingresando Home', '2023-01-24 14:12:01', 1311, 'IP:172.31.100.102; BROWSER:Chrome-108.0.0.0; OS:Windows'),
	(4788, 'Ingresado detalle-operaciones', '2023-01-24 14:12:06', 1311, 'IP:172.31.100.102; BROWSER:Chrome-108.0.0.0; OS:Windows'),
	(4789, 'Desconexion UbiBroker', '2023-01-24 14:18:16', 1311, 'IP:172.31.100.102; BROWSER:Chrome-108.0.0.0; OS:Windows'),
	(4790, 'Identificacion de Usuario', '2023-01-24 14:18:20', 1310, 'IP:172.31.100.102; BROWSER:Chrome-108.0.0.0; OS:Windows'),
	(4791, 'Validacion de equipo frecuente', '2023-01-24 14:18:20', 1310, 'IP:172.31.100.102; BROWSER:Chrome-108.0.0.0; OS:Windows'),
	(4792, 'Generacion de codigo OTP', '2023-01-24 14:18:20', 1310, 'IP:172.31.100.102; BROWSER:Chrome-108.0.0.0; OS:Windows'),
	(4793, 'Validacion de codigo OTP', '2023-01-24 14:18:37', 1310, 'IP:172.31.100.102; BROWSER:Chrome-108.0.0.0; OS:Windows'),
	(4794, 'Ingreso Exitoso UbiBroker', '2023-01-24 14:18:41', 1310, 'IP:172.31.100.102; BROWSER:Chrome-108.0.0.0; OS:Windows'),
	(4795, 'Ingresando Home', '2023-01-24 14:18:42', 1310, 'IP:172.31.100.102; BROWSER:Chrome-108.0.0.0; OS:Windows'),
	(4796, 'Ingresado detalle-operaciones', '2023-01-24 14:18:44', 1310, 'IP:172.31.100.102; BROWSER:Chrome-108.0.0.0; OS:Windows'),
	(4797, 'Ingresado detalle-operaciones', '2023-01-24 14:20:19', 1310, 'IP:172.31.100.102; BROWSER:Chrome-108.0.0.0; OS:Windows'),
	(4798, 'Ingresado detalle-operaciones', '2023-01-24 14:20:56', 1310, 'IP:172.31.100.102; BROWSER:Chrome-108.0.0.0; OS:Windows'),
	(4799, 'Ingresado detalle-operaciones', '2023-01-24 14:22:22', 1310, 'IP:172.31.100.102; BROWSER:Chrome-108.0.0.0; OS:Windows'),
	(4800, 'Desconexion UbiBroker', '2023-01-24 14:27:47', 1310, 'IP:172.31.100.102; BROWSER:Chrome-108.0.0.0; OS:Windows'),
	(4801, 'Identificacion de Usuario', '2023-01-24 14:27:50', 1313, 'IP:172.31.100.102; BROWSER:Chrome-108.0.0.0; OS:Windows'),
	(4802, 'Validacion de equipo frecuente', '2023-01-24 14:27:50', 1313, 'IP:172.31.100.102; BROWSER:Chrome-108.0.0.0; OS:Windows'),
	(4803, 'Generacion de codigo OTP', '2023-01-24 14:27:50', 1313, 'IP:172.31.100.102; BROWSER:Chrome-108.0.0.0; OS:Windows'),
	(4804, 'Validacion de codigo OTP', '2023-01-24 14:28:45', 1313, 'IP:172.31.100.102; BROWSER:Chrome-108.0.0.0; OS:Windows'),
	(4805, 'Ingreso Exitoso UbiBroker', '2023-01-24 14:28:46', 1313, 'IP:172.31.100.102; BROWSER:Chrome-108.0.0.0; OS:Windows'),
	(4806, 'Ingresando Home', '2023-01-24 14:28:46', 1313, 'IP:172.31.100.102; BROWSER:Chrome-108.0.0.0; OS:Windows'),
	(4807, 'Ingresado Generación de Orden', '2023-01-24 14:28:55', 1313, 'IP:172.31.100.102; BROWSER:Chrome-108.0.0.0; OS:Windows'),
	(4808, 'Generación de Orden - Renta Fija(Seleccion de titulo)', '2023-01-24 14:28:56', 1313, 'IP:172.31.100.102; BROWSER:Chrome-108.0.0.0; OS:Windows'),
	(4809, 'Generación de Orden - Resumen de operación', '2023-01-24 14:33:56', 1313, 'IP:172.31.100.102; BROWSER:Chrome-108.0.0.0; OS:Windows'),
	(4810, 'Generación de Orden - Resumen de operación', '2023-01-24 14:35:38', 1313, 'IP:172.31.100.102; BROWSER:Chrome-108.0.0.0; OS:Windows'),
	(4811, 'Generación de Orden - Orden Generada Satisfactoriamente ID:48', '2023-01-24 14:35:46', 1313, 'IP:172.31.100.102; BROWSER:Chrome-108.0.0.0; OS:Windows'),
	(4812, 'Ingresado detalle-operaciones', '2023-01-24 14:35:48', 1313, 'IP:172.31.100.102; BROWSER:Chrome-108.0.0.0; OS:Windows'),
	(4813, 'Ingresado detalle-operaciones', '2023-01-24 15:18:23', 1313, 'IP:172.31.100.102; BROWSER:Chrome-108.0.0.0; OS:Windows'),
	(4814, 'Identificacion de Usuario', '2023-01-24 15:21:53', 1310, 'IP:172.31.100.102; BROWSER:Chrome-108.0.0.0; OS:Windows'),
	(4815, 'Validacion de equipo frecuente', '2023-01-24 15:21:53', 1310, 'IP:172.31.100.102; BROWSER:Chrome-108.0.0.0; OS:Windows'),
	(4816, 'Generacion de codigo OTP', '2023-01-24 15:21:53', 1310, 'IP:172.31.100.102; BROWSER:Chrome-108.0.0.0; OS:Windows'),
	(4817, 'Validacion de codigo OTP', '2023-01-24 15:23:40', 1310, 'IP:172.31.100.102; BROWSER:Chrome-108.0.0.0; OS:Windows'),
	(4818, 'Ingreso Exitoso UbiBroker', '2023-01-24 15:23:42', 1310, 'IP:172.31.100.102; BROWSER:Chrome-108.0.0.0; OS:Windows'),
	(4819, 'Ingresando Home', '2023-01-24 15:23:42', 1310, 'IP:172.31.100.102; BROWSER:Chrome-108.0.0.0; OS:Windows'),
	(4820, 'Ingresado Generación de Orden', '2023-01-24 15:23:48', 1310, 'IP:172.31.100.102; BROWSER:Chrome-108.0.0.0; OS:Windows'),
	(4821, 'Generación de Orden - SBB Cubierto con Mutuo', '2023-01-24 15:24:02', 1310, 'IP:172.31.100.102; BROWSER:Chrome-108.0.0.0; OS:Windows'),
	(4822, 'Ingresado Generación de Orden', '2023-01-24 15:25:08', 1310, 'IP:172.31.100.102; BROWSER:Chrome-108.0.0.0; OS:Windows'),
	(4823, 'Generación de Orden - SBB Cubierto con Mutuo', '2023-01-24 15:25:09', 1310, 'IP:172.31.100.102; BROWSER:Chrome-108.0.0.0; OS:Windows'),
	(4824, 'Ingresado Generación de Orden', '2023-01-24 15:30:13', 1310, 'IP:172.31.100.102; BROWSER:Chrome-108.0.0.0; OS:Windows'),
	(4825, 'Generación de Orden - Renta Fija(Seleccion de titulo)', '2023-01-24 15:30:14', 1310, 'IP:172.31.100.102; BROWSER:Chrome-108.0.0.0; OS:Windows'),
	(4826, 'Identificacion de Usuario', '2023-01-25 14:03:24', 1310, 'IP:172.31.100.102; BROWSER:Chrome-108.0.0.0; OS:Windows'),
	(4827, 'Validacion de equipo frecuente', '2023-01-25 14:03:24', 1310, 'IP:172.31.100.102; BROWSER:Chrome-108.0.0.0; OS:Windows'),
	(4828, 'Generacion de codigo OTP', '2023-01-25 14:03:24', 1310, 'IP:172.31.100.102; BROWSER:Chrome-108.0.0.0; OS:Windows'),
	(4829, 'Validacion de codigo OTP', '2023-01-25 14:03:42', 1310, 'IP:172.31.100.102; BROWSER:Chrome-108.0.0.0; OS:Windows'),
	(4830, 'Ingreso Exitoso UbiBroker', '2023-01-25 14:03:47', 1310, 'IP:172.31.100.102; BROWSER:Chrome-108.0.0.0; OS:Windows'),
	(4831, 'Ingresando Home', '2023-01-25 14:03:48', 1310, 'IP:172.31.100.102; BROWSER:Chrome-108.0.0.0; OS:Windows'),
	(4832, 'Ingresado detalle-operaciones', '2023-01-25 14:03:51', 1310, 'IP:172.31.100.102; BROWSER:Chrome-108.0.0.0; OS:Windows'),
	(4833, 'Ingresado Generación de Orden', '2023-01-25 14:04:11', 1310, 'IP:172.31.100.102; BROWSER:Chrome-108.0.0.0; OS:Windows'),
	(4834, 'Generación de Orden - SBB Cubierto con Mutuo', '2023-01-25 14:04:13', 1310, 'IP:172.31.100.102; BROWSER:Chrome-108.0.0.0; OS:Windows'),
	(4835, 'Generación de Orden - Resumen de operación', '2023-01-25 14:06:36', 1310, 'IP:172.31.100.102; BROWSER:Chrome-108.0.0.0; OS:Windows'),
	(4836, 'Generación de Orden - Orden Generada Satisfactoriamente ID:49', '2023-01-25 14:07:10', 1310, 'IP:172.31.100.102; BROWSER:Chrome-108.0.0.0; OS:Windows'),
	(4837, 'Ingresado detalle-operaciones', '2023-01-25 14:07:12', 1310, 'IP:172.31.100.102; BROWSER:Chrome-108.0.0.0; OS:Windows'),
	(4838, 'Ingresado Generación de Orden', '2023-01-25 14:07:28', 1310, 'IP:172.31.100.102; BROWSER:Chrome-108.0.0.0; OS:Windows'),
	(4839, 'Generación de Orden - Renta Fija(Seleccion de titulo)', '2023-01-25 14:07:30', 1310, 'IP:172.31.100.102; BROWSER:Chrome-108.0.0.0; OS:Windows'),
	(4840, 'Generación de Orden - Resumen de operación', '2023-01-25 14:07:57', 1310, 'IP:172.31.100.102; BROWSER:Chrome-108.0.0.0; OS:Windows'),
	(4841, 'Generación de Orden - Orden Generada Satisfactoriamente ID:50', '2023-01-25 14:08:52', 1310, 'IP:172.31.100.102; BROWSER:Chrome-108.0.0.0; OS:Windows'),
	(4842, 'Ingresado detalle-operaciones', '2023-01-25 14:08:54', 1310, 'IP:172.31.100.102; BROWSER:Chrome-108.0.0.0; OS:Windows'),
	(4843, 'Ingresado Generación de Orden', '2023-01-25 14:11:28', 1310, 'IP:172.31.100.102; BROWSER:Chrome-108.0.0.0; OS:Windows'),
	(4844, 'Generación de Orden - Renta Fija(Seleccion de titulo)', '2023-01-25 14:11:30', 1310, 'IP:172.31.100.102; BROWSER:Chrome-108.0.0.0; OS:Windows'),
	(4845, 'Generación de Orden - Resumen de operación', '2023-01-25 14:12:01', 1310, 'IP:172.31.100.102; BROWSER:Chrome-108.0.0.0; OS:Windows'),
	(4846, 'Ingresado Generación de Orden', '2023-01-25 14:12:21', 1310, 'IP:172.31.100.102; BROWSER:Chrome-108.0.0.0; OS:Windows'),
	(4847, 'Generación de Orden - Renta Fija(Seleccion de titulo)', '2023-01-25 14:12:22', 1310, 'IP:172.31.100.102; BROWSER:Chrome-108.0.0.0; OS:Windows'),
	(4848, 'Generación de Orden - Resumen de operación', '2023-01-25 14:12:53', 1310, 'IP:172.31.100.102; BROWSER:Chrome-108.0.0.0; OS:Windows'),
	(4849, 'Generación de Orden - Orden Generada Satisfactoriamente ID:51', '2023-01-25 14:13:19', 1310, 'IP:172.31.100.102; BROWSER:Chrome-108.0.0.0; OS:Windows'),
	(4850, 'Ingresado detalle-operaciones', '2023-01-25 14:13:20', 1310, 'IP:172.31.100.102; BROWSER:Chrome-108.0.0.0; OS:Windows'),
	(4851, 'Ingresado Generación de Orden', '2023-01-25 14:14:22', 1310, 'IP:172.31.100.102; BROWSER:Chrome-108.0.0.0; OS:Windows'),
	(4852, 'Generación de Orden - Renta Fija(Seleccion de titulo)', '2023-01-25 14:14:23', 1310, 'IP:172.31.100.102; BROWSER:Chrome-108.0.0.0; OS:Windows'),
	(4853, 'Ingresado detalle-operaciones', '2023-01-25 14:25:20', 1310, 'IP:172.31.100.102; BROWSER:Chrome-108.0.0.0; OS:Windows'),
	(4854, 'Ingresado detalle-operaciones', '2023-01-25 14:35:43', 1310, 'IP:172.31.100.102; BROWSER:Chrome-108.0.0.0; OS:Windows'),
	(4855, 'Desconexion UbiBroker', '2023-01-25 14:37:59', 1310, 'IP:172.31.100.102; BROWSER:Chrome-108.0.0.0; OS:Windows'),
	(4856, 'Identificacion de Usuario', '2023-01-25 14:38:08', 1313, 'IP:172.31.100.102; BROWSER:Chrome-108.0.0.0; OS:Windows'),
	(4857, 'Validacion de equipo frecuente', '2023-01-25 14:38:08', 1313, 'IP:172.31.100.102; BROWSER:Chrome-108.0.0.0; OS:Windows'),
	(4858, 'Generacion de codigo OTP', '2023-01-25 14:38:08', 1313, 'IP:172.31.100.102; BROWSER:Chrome-108.0.0.0; OS:Windows'),
	(4859, 'Validacion de codigo OTP', '2023-01-25 14:38:32', 1313, 'IP:172.31.100.102; BROWSER:Chrome-108.0.0.0; OS:Windows'),
	(4860, 'Ingreso Exitoso UbiBroker', '2023-01-25 14:38:33', 1313, 'IP:172.31.100.102; BROWSER:Chrome-108.0.0.0; OS:Windows'),
	(4861, 'Ingresando Home', '2023-01-25 14:38:33', 1313, 'IP:172.31.100.102; BROWSER:Chrome-108.0.0.0; OS:Windows'),
	(4862, 'Ingresado Generación de Orden', '2023-01-25 14:38:36', 1313, 'IP:172.31.100.102; BROWSER:Chrome-108.0.0.0; OS:Windows'),
	(4863, 'Generación de Orden - Renta Fija(Seleccion de titulo)', '2023-01-25 14:38:38', 1313, 'IP:172.31.100.102; BROWSER:Chrome-108.0.0.0; OS:Windows'),
	(4864, 'Ingresado Generación de Orden', '2023-01-25 14:38:54', 1313, 'IP:172.31.100.102; BROWSER:Chrome-108.0.0.0; OS:Windows'),
	(4865, 'Generación de Orden - SBB Cubierto con Mutuo', '2023-01-25 14:40:12', 1313, 'IP:172.31.100.102; BROWSER:Chrome-108.0.0.0; OS:Windows'),
	(4866, 'Generación de Orden - Resumen de operación', '2023-01-25 14:41:48', 1313, 'IP:172.31.100.102; BROWSER:Chrome-108.0.0.0; OS:Windows'),
	(4867, 'Generación de Orden - Orden Generada Satisfactoriamente ID:52', '2023-01-25 14:41:55', 1313, 'IP:172.31.100.102; BROWSER:Chrome-108.0.0.0; OS:Windows'),
	(4868, 'Ingresado detalle-operaciones', '2023-01-25 14:41:55', 1313, 'IP:172.31.100.102; BROWSER:Chrome-108.0.0.0; OS:Windows'),
	(4869, 'Ingresado detalle-operaciones', '2023-01-25 14:42:26', 1313, 'IP:172.31.100.102; BROWSER:Chrome-108.0.0.0; OS:Windows'),
	(4870, 'Desconexion UbiBroker', '2023-01-25 14:43:15', 1313, 'IP:172.31.100.102; BROWSER:Chrome-108.0.0.0; OS:Windows'),
	(4871, 'Identificacion de Usuario', '2023-01-25 14:43:22', 1310, 'IP:172.31.100.102; BROWSER:Chrome-108.0.0.0; OS:Windows'),
	(4872, 'Validacion de equipo frecuente', '2023-01-25 14:43:22', 1310, 'IP:172.31.100.102; BROWSER:Chrome-108.0.0.0; OS:Windows'),
	(4873, 'Generacion de codigo OTP', '2023-01-25 14:43:22', 1310, 'IP:172.31.100.102; BROWSER:Chrome-108.0.0.0; OS:Windows'),
	(4874, 'Validacion de codigo OTP', '2023-01-25 14:43:45', 1310, 'IP:172.31.100.102; BROWSER:Chrome-108.0.0.0; OS:Windows'),
	(4875, 'Ingreso Exitoso UbiBroker', '2023-01-25 14:43:46', 1310, 'IP:172.31.100.102; BROWSER:Chrome-108.0.0.0; OS:Windows'),
	(4876, 'Ingresando Home', '2023-01-25 14:43:46', 1310, 'IP:172.31.100.102; BROWSER:Chrome-108.0.0.0; OS:Windows'),
	(4877, 'Ingresado detalle-operaciones', '2023-01-25 14:43:51', 1310, 'IP:172.31.100.102; BROWSER:Chrome-108.0.0.0; OS:Windows'),
	(4878, 'Ingresado detalle-operaciones', '2023-01-25 14:53:36', 1310, 'IP:172.31.100.102; BROWSER:Chrome-108.0.0.0; OS:Windows'),
	(4879, 'Ingresado detalle-operaciones', '2023-01-25 14:53:50', 1310, 'IP:172.31.100.102; BROWSER:Chrome-108.0.0.0; OS:Windows'),
	(4880, 'Ingresado detalle-operaciones', '2023-01-25 14:55:03', 1310, 'IP:172.31.100.102; BROWSER:Chrome-108.0.0.0; OS:Windows'),
	(4881, 'Ingresado detalle-operaciones', '2023-01-25 14:56:55', 1310, 'IP:172.31.100.102; BROWSER:Chrome-108.0.0.0; OS:Windows'),
	(4882, 'Ingresado detalle-operaciones', '2023-01-25 14:59:16', 1310, 'IP:172.31.100.102; BROWSER:Chrome-108.0.0.0; OS:Windows'),
	(4883, 'Ingresado detalle-operaciones', '2023-01-25 14:59:37', 1310, 'IP:172.31.100.102; BROWSER:Chrome-108.0.0.0; OS:Windows'),
	(4884, 'Ingresado detalle-operaciones', '2023-01-25 15:03:57', 1310, 'IP:172.31.100.102; BROWSER:Chrome-108.0.0.0; OS:Windows'),
	(4885, 'Ingresado Generación de Orden', '2023-01-25 15:10:30', 1310, 'IP:172.31.100.102; BROWSER:Chrome-108.0.0.0; OS:Windows'),
	(4886, 'Generación de Orden - SBB Cubierto con Mutuo', '2023-01-25 15:10:33', 1310, 'IP:172.31.100.102; BROWSER:Chrome-108.0.0.0; OS:Windows'),
	(4887, 'Ingresado Generación de Orden', '2023-01-25 15:15:17', 1310, 'IP:172.31.100.102; BROWSER:Chrome-108.0.0.0; OS:Windows'),
	(4888, 'Generación de Orden - SBB Cubierto con Mutuo', '2023-01-25 15:15:22', 1310, 'IP:172.31.100.102; BROWSER:Chrome-108.0.0.0; OS:Windows'),
	(4889, 'Ingresado Generación de Orden', '2023-01-25 15:15:24', 1310, 'IP:172.31.100.102; BROWSER:Chrome-108.0.0.0; OS:Windows'),
	(4890, 'Generación de Orden - SBB Cubierto con Mutuo', '2023-01-25 15:17:10', 1310, 'IP:172.31.100.102; BROWSER:Chrome-108.0.0.0; OS:Windows'),
	(4891, 'Ingresado Generación de Orden', '2023-01-25 15:17:13', 1310, 'IP:172.31.100.102; BROWSER:Chrome-108.0.0.0; OS:Windows'),
	(4892, 'Generación de Orden - SBB Cubierto con Mutuo', '2023-01-25 15:20:41', 1310, 'IP:172.31.100.102; BROWSER:Chrome-108.0.0.0; OS:Windows'),
	(4893, 'Ingresado Generación de Orden', '2023-01-25 15:26:48', 1310, 'IP:172.31.100.102; BROWSER:Chrome-108.0.0.0; OS:Windows'),
	(4894, 'Ingresado Generación de Orden', '2023-01-25 15:33:17', 1310, 'IP:172.31.100.102; BROWSER:Chrome-108.0.0.0; OS:Windows'),
	(4895, 'Generación de Orden - SBB Cubierto con Mutuo', '2023-01-25 15:33:18', 1310, 'IP:172.31.100.102; BROWSER:Chrome-108.0.0.0; OS:Windows'),
	(4896, 'Generación de Orden - Resumen de operación', '2023-01-25 15:53:10', 1310, 'IP:172.31.100.102; BROWSER:Chrome-108.0.0.0; OS:Windows'),
	(4897, 'Generación de Orden - Orden Generada Satisfactoriamente ID:53', '2023-01-25 16:05:13', 1310, 'IP:172.31.100.102; BROWSER:Chrome-108.0.0.0; OS:Windows'),
	(4898, 'Ingresado detalle-operaciones', '2023-01-25 16:05:16', 1310, 'IP:172.31.100.102; BROWSER:Chrome-108.0.0.0; OS:Windows'),
	(4899, 'Ingresado Generación de Orden', '2023-01-25 16:17:04', 1310, 'IP:172.31.100.102; BROWSER:Chrome-108.0.0.0; OS:Windows'),
	(4900, 'Generación de Orden - Renta Fija(Seleccion de titulo)', '2023-01-25 16:17:19', 1310, 'IP:172.31.100.102; BROWSER:Chrome-108.0.0.0; OS:Windows'),
	(4901, 'Generación de Orden - Resumen de operación', '2023-01-25 16:22:29', 1310, 'IP:172.31.100.102; BROWSER:Chrome-108.0.0.0; OS:Windows'),
	(4902, 'Ingresado Generación de Orden', '2023-01-25 16:27:57', 1310, 'IP:172.31.100.102; BROWSER:Chrome-108.0.0.0; OS:Windows'),
	(4903, 'Generación de Orden - Renta Fija(Seleccion de titulo)', '2023-01-25 16:28:01', 1310, 'IP:172.31.100.102; BROWSER:Chrome-108.0.0.0; OS:Windows'),
	(4904, 'Generación de Orden - Resumen de operación', '2023-01-25 16:30:11', 1310, 'IP:172.31.100.102; BROWSER:Chrome-108.0.0.0; OS:Windows'),
	(4905, 'Generación de Orden - Resumen de operación', '2023-01-25 16:34:02', 1310, 'IP:172.31.100.102; BROWSER:Chrome-108.0.0.0; OS:Windows'),
	(4906, 'Generación de Orden - Orden Generada Satisfactoriamente ID:54', '2023-01-25 16:37:53', 1310, 'IP:172.31.100.102; BROWSER:Chrome-108.0.0.0; OS:Windows'),
	(4907, 'Ingresado detalle-operaciones', '2023-01-25 16:37:54', 1310, 'IP:172.31.100.102; BROWSER:Chrome-108.0.0.0; OS:Windows'),
	(4908, 'Ingresado Generación de Orden', '2023-01-25 16:41:09', 1310, 'IP:172.31.100.102; BROWSER:Chrome-108.0.0.0; OS:Windows'),
	(4909, 'Generación de Orden - Renta Fija(Seleccion de titulo)', '2023-01-25 16:41:12', 1310, 'IP:172.31.100.102; BROWSER:Chrome-108.0.0.0; OS:Windows'),
	(4910, 'Generación de Orden - Resumen de operación', '2023-01-25 16:42:18', 1310, 'IP:172.31.100.102; BROWSER:Chrome-108.0.0.0; OS:Windows'),
	(4911, 'Generación de Orden - Resumen de operación', '2023-01-25 16:46:16', 1310, 'IP:172.31.100.102; BROWSER:Chrome-108.0.0.0; OS:Windows'),
	(4912, 'Generación de Orden - Resumen de operación', '2023-01-25 16:47:00', 1310, 'IP:172.31.100.102; BROWSER:Chrome-108.0.0.0; OS:Windows'),
	(4913, 'Ingresado Generación de Orden', '2023-01-25 16:50:38', 1310, 'IP:172.31.100.102; BROWSER:Chrome-108.0.0.0; OS:Windows'),
	(4914, 'Generación de Orden - Renta Fija(Seleccion de titulo)', '2023-01-25 16:50:59', 1310, 'IP:172.31.100.102; BROWSER:Chrome-108.0.0.0; OS:Windows'),
	(4915, 'Generación de Orden - Resumen de operación', '2023-01-25 16:52:47', 1310, 'IP:172.31.100.102; BROWSER:Chrome-108.0.0.0; OS:Windows'),
	(4916, 'Identificacion de Usuario', '2023-01-26 17:00:06', 1310, 'IP:172.31.100.102; BROWSER:Chrome-108.0.0.0; OS:Windows'),
	(4917, 'Validacion de equipo frecuente', '2023-01-26 17:00:06', 1310, 'IP:172.31.100.102; BROWSER:Chrome-108.0.0.0; OS:Windows'),
	(4918, 'Generacion de codigo OTP', '2023-01-26 17:00:06', 1310, 'IP:172.31.100.102; BROWSER:Chrome-108.0.0.0; OS:Windows'),
	(4919, 'Validacion de codigo OTP', '2023-01-26 17:00:27', 1310, 'IP:172.31.100.102; BROWSER:Chrome-108.0.0.0; OS:Windows'),
	(4920, 'Ingreso Exitoso UbiBroker', '2023-01-26 17:00:31', 1310, 'IP:172.31.100.102; BROWSER:Chrome-108.0.0.0; OS:Windows'),
	(4921, 'Ingresando Home', '2023-01-26 17:00:31', 1310, 'IP:172.31.100.102; BROWSER:Chrome-108.0.0.0; OS:Windows'),
	(4922, 'Ingresado Generación de Orden', '2023-01-26 17:00:46', 1310, 'IP:172.31.100.102; BROWSER:Chrome-108.0.0.0; OS:Windows'),
	(4923, 'Generación de Orden - SBB Cubierto con Mutuo', '2023-01-26 17:00:56', 1310, 'IP:172.31.100.102; BROWSER:Chrome-108.0.0.0; OS:Windows'),
	(4924, 'Ingresado Generación de Orden', '2023-01-26 17:02:21', 1310, 'IP:172.31.100.102; BROWSER:Chrome-108.0.0.0; OS:Windows'),
	(4925, 'Generación de Orden - SBB Cubierto con Mutuo', '2023-01-26 17:02:22', 1310, 'IP:172.31.100.102; BROWSER:Chrome-108.0.0.0; OS:Windows'),
	(4926, 'Generación de Orden - Resumen de operación', '2023-01-26 17:05:41', 1310, 'IP:172.31.100.102; BROWSER:Chrome-108.0.0.0; OS:Windows'),
	(4927, 'Generación de Orden - Orden Generada Satisfactoriamente ID:55', '2023-01-26 17:06:57', 1310, 'IP:172.31.100.102; BROWSER:Chrome-108.0.0.0; OS:Windows'),
	(4928, 'Ingresado detalle-operaciones', '2023-01-26 17:06:59', 1310, 'IP:172.31.100.102; BROWSER:Chrome-108.0.0.0; OS:Windows'),
	(4929, 'Ingresado Generación de Orden', '2023-01-26 17:07:45', 1310, 'IP:172.31.100.102; BROWSER:Chrome-108.0.0.0; OS:Windows'),
	(4930, 'Generación de Orden - Renta Fija(Seleccion de titulo)', '2023-01-26 17:07:46', 1310, 'IP:172.31.100.102; BROWSER:Chrome-108.0.0.0; OS:Windows'),
	(4931, 'Generación de Orden - Resumen de operación', '2023-01-26 17:09:59', 1310, 'IP:172.31.100.102; BROWSER:Chrome-108.0.0.0; OS:Windows'),
	(4932, 'Generación de Orden - Orden Generada Satisfactoriamente ID:56', '2023-01-26 17:10:52', 1310, 'IP:172.31.100.102; BROWSER:Chrome-108.0.0.0; OS:Windows'),
	(4933, 'Ingresado detalle-operaciones', '2023-01-26 17:10:53', 1310, 'IP:172.31.100.102; BROWSER:Chrome-108.0.0.0; OS:Windows'),
	(4934, 'Identificacion de Usuario', '2023-02-01 11:06:45', 1263, 'IP:172.31.100.102; BROWSER:Chrome-109.0.0.0; OS:Windows'),
	(4935, 'Validacion de equipo frecuente', '2023-02-01 11:06:45', 1263, 'IP:172.31.100.102; BROWSER:Chrome-109.0.0.0; OS:Windows'),
	(4936, 'Generacion de codigo OTP', '2023-02-01 11:06:45', 1263, 'IP:172.31.100.102; BROWSER:Chrome-109.0.0.0; OS:Windows'),
	(4937, 'Identificacion de Usuario', '2023-02-01 11:07:58', 1263, 'IP:172.31.100.102; BROWSER:Chrome-109.0.0.0; OS:Windows'),
	(4938, 'Validacion de equipo frecuente', '2023-02-01 11:07:58', 1263, 'IP:172.31.100.102; BROWSER:Chrome-109.0.0.0; OS:Windows'),
	(4939, 'Generacion de codigo OTP', '2023-02-01 11:07:58', 1263, 'IP:172.31.100.102; BROWSER:Chrome-109.0.0.0; OS:Windows'),
	(4940, 'Identificacion de Usuario', '2023-02-01 11:08:17', 1263, 'IP:172.31.100.102; BROWSER:Chrome-109.0.0.0; OS:Windows'),
	(4941, 'Validacion de equipo frecuente', '2023-02-01 11:08:17', 1263, 'IP:172.31.100.102; BROWSER:Chrome-109.0.0.0; OS:Windows'),
	(4942, 'Generacion de codigo OTP', '2023-02-01 11:08:17', 1263, 'IP:172.31.100.102; BROWSER:Chrome-109.0.0.0; OS:Windows'),
	(4943, 'Identificacion de Usuario', '2023-02-01 11:08:35', 1263, 'IP:172.31.100.102; BROWSER:Chrome-109.0.0.0; OS:Windows'),
	(4944, 'Validacion de equipo frecuente', '2023-02-01 11:08:35', 1263, 'IP:172.31.100.102; BROWSER:Chrome-109.0.0.0; OS:Windows'),
	(4945, 'Generacion de codigo OTP', '2023-02-01 11:08:35', 1263, 'IP:172.31.100.102; BROWSER:Chrome-109.0.0.0; OS:Windows'),
	(4946, 'Identificacion de Usuario', '2023-02-01 11:09:00', 1263, 'IP:172.31.100.102; BROWSER:Chrome-109.0.0.0; OS:Windows'),
	(4947, 'Validacion de equipo frecuente', '2023-02-01 11:09:00', 1263, 'IP:172.31.100.102; BROWSER:Chrome-109.0.0.0; OS:Windows'),
	(4948, 'Generacion de codigo OTP', '2023-02-01 11:09:00', 1263, 'IP:172.31.100.102; BROWSER:Chrome-109.0.0.0; OS:Windows'),
	(4949, 'Identificacion de Usuario', '2023-02-01 11:10:13', 1263, 'IP:172.31.100.102; BROWSER:Chrome-109.0.0.0; OS:Windows'),
	(4950, 'Validacion de equipo frecuente', '2023-02-01 11:10:13', 1263, 'IP:172.31.100.102; BROWSER:Chrome-109.0.0.0; OS:Windows'),
	(4951, 'Generacion de codigo OTP', '2023-02-01 11:10:13', 1263, 'IP:172.31.100.102; BROWSER:Chrome-109.0.0.0; OS:Windows'),
	(4952, 'Usuario o Clave Invalida', '2023-02-01 11:12:11', 1317, 'IP:172.31.100.102; BROWSER:Chrome-109.0.0.0; OS:Windows'),
	(4953, 'Identificacion de Usuario', '2023-02-01 16:11:09', 1310, 'IP:172.31.100.102; BROWSER:Chrome-109.0.0.0; OS:Windows'),
	(4954, 'Validacion de equipo frecuente', '2023-02-01 16:11:09', 1310, 'IP:172.31.100.102; BROWSER:Chrome-109.0.0.0; OS:Windows'),
	(4955, 'Generacion de codigo OTP', '2023-02-01 16:11:09', 1310, 'IP:172.31.100.102; BROWSER:Chrome-109.0.0.0; OS:Windows'),
	(4956, 'Validacion de codigo OTP', '2023-02-01 16:11:56', 1310, 'IP:172.31.100.102; BROWSER:Chrome-109.0.0.0; OS:Windows'),
	(4957, 'Ingreso Exitoso UbiBroker', '2023-02-01 16:12:02', 1310, 'IP:172.31.100.102; BROWSER:Chrome-109.0.0.0; OS:Windows'),
	(4958, 'Ingresando Home', '2023-02-01 16:12:02', 1310, 'IP:172.31.100.102; BROWSER:Chrome-109.0.0.0; OS:Windows'),
	(4959, 'Ingresado detalle-operaciones', '2023-02-01 16:12:06', 1310, 'IP:172.31.100.102; BROWSER:Chrome-109.0.0.0; OS:Windows'),
	(4960, 'Desconexion UbiBroker', '2023-02-01 16:15:17', 1310, 'IP:172.31.100.102; BROWSER:Chrome-109.0.0.0; OS:Windows'),
	(4961, 'Identificacion de Usuario', '2023-02-01 16:25:41', 1310, 'IP:172.31.100.102; BROWSER:Chrome-109.0.0.0; OS:Windows'),
	(4962, 'Validacion de equipo frecuente', '2023-02-01 16:25:41', 1310, 'IP:172.31.100.102; BROWSER:Chrome-109.0.0.0; OS:Windows'),
	(4963, 'Generacion de codigo OTP', '2023-02-01 16:25:41', 1310, 'IP:172.31.100.102; BROWSER:Chrome-109.0.0.0; OS:Windows'),
	(4964, 'Validacion de codigo OTP', '2023-02-01 16:26:00', 1310, 'IP:172.31.100.102; BROWSER:Chrome-109.0.0.0; OS:Windows'),
	(4965, 'Ingreso Exitoso UbiBroker', '2023-02-01 16:26:02', 1310, 'IP:172.31.100.102; BROWSER:Chrome-109.0.0.0; OS:Windows'),
	(4966, 'Ingresando Home', '2023-02-01 16:26:02', 1310, 'IP:172.31.100.102; BROWSER:Chrome-109.0.0.0; OS:Windows'),
	(4967, 'Ingresado Generación de Orden', '2023-02-01 16:26:26', 1310, 'IP:172.31.100.102; BROWSER:Chrome-109.0.0.0; OS:Windows'),
	(4968, 'Generación de Orden - SBB Cubierto con Mutuo', '2023-02-01 16:26:37', 1310, 'IP:172.31.100.102; BROWSER:Chrome-109.0.0.0; OS:Windows'),
	(4969, 'Generación de Orden - Resumen de operación', '2023-02-01 16:29:15', 1310, 'IP:172.31.100.102; BROWSER:Chrome-109.0.0.0; OS:Windows'),
	(4970, 'Generación de Orden - Orden Generada Satisfactoriamente ID:57', '2023-02-01 16:31:07', 1310, 'IP:172.31.100.102; BROWSER:Chrome-109.0.0.0; OS:Windows'),
	(4971, 'Ingresado detalle-operaciones', '2023-02-01 16:31:09', 1310, 'IP:172.31.100.102; BROWSER:Chrome-109.0.0.0; OS:Windows'),
	(4972, 'Ingresado Generación de Orden', '2023-02-01 16:32:41', 1310, 'IP:172.31.100.102; BROWSER:Chrome-109.0.0.0; OS:Windows'),
	(4973, 'Generación de Orden - Renta Fija(Seleccion de titulo)', '2023-02-01 16:32:43', 1310, 'IP:172.31.100.102; BROWSER:Chrome-109.0.0.0; OS:Windows'),
	(4974, 'Generación de Orden - Resumen de operación', '2023-02-01 16:33:40', 1310, 'IP:172.31.100.102; BROWSER:Chrome-109.0.0.0; OS:Windows'),
	(4975, 'Generación de Orden - Orden Generada Satisfactoriamente ID:58', '2023-02-01 16:34:23', 1310, 'IP:172.31.100.102; BROWSER:Chrome-109.0.0.0; OS:Windows'),
	(4976, 'Ingresado detalle-operaciones', '2023-02-01 16:34:25', 1310, 'IP:172.31.100.102; BROWSER:Chrome-109.0.0.0; OS:Windows'),
	(4977, 'Ingresado Generación de Orden', '2023-02-01 16:34:45', 1310, 'IP:172.31.100.102; BROWSER:Chrome-109.0.0.0; OS:Windows'),
	(4978, 'Generación de Orden - Renta Fija(Seleccion de titulo)', '2023-02-01 16:34:48', 1310, 'IP:172.31.100.102; BROWSER:Chrome-109.0.0.0; OS:Windows'),
	(4979, 'Generación de Orden - Resumen de operación', '2023-02-01 16:35:15', 1310, 'IP:172.31.100.102; BROWSER:Chrome-109.0.0.0; OS:Windows'),
	(4980, 'Ingresado detalle-operaciones', '2023-02-01 16:35:47', 1310, 'IP:172.31.100.102; BROWSER:Chrome-109.0.0.0; OS:Windows'),
	(4981, 'Identificacion de Usuario', '2023-02-02 11:38:52', 1263, 'IP:172.31.100.102; BROWSER:Chrome-109.0.0.0; OS:Windows'),
	(4982, 'Validacion de equipo frecuente', '2023-02-02 11:38:52', 1263, 'IP:172.31.100.102; BROWSER:Chrome-109.0.0.0; OS:Windows'),
	(4983, 'Generacion de codigo OTP', '2023-02-02 11:38:52', 1263, 'IP:172.31.100.102; BROWSER:Chrome-109.0.0.0; OS:Windows'),
	(4984, 'Validacion de codigo OTP', '2023-02-02 11:39:12', 1263, 'IP:172.31.100.102; BROWSER:Chrome-109.0.0.0; OS:Windows'),
	(4985, 'Ingreso Exitoso UbiBroker', '2023-02-02 11:39:17', 1263, 'IP:172.31.100.102; BROWSER:Chrome-109.0.0.0; OS:Windows'),
	(4986, 'Ingresando Home', '2023-02-02 11:39:18', 1263, 'IP:172.31.100.102; BROWSER:Chrome-109.0.0.0; OS:Windows'),
	(4987, 'Ingresado detalle-operaciones', '2023-02-02 11:39:34', 1263, 'IP:172.31.100.102; BROWSER:Chrome-109.0.0.0; OS:Windows'),
	(4988, 'Ingresado Generación de Orden', '2023-02-02 11:39:40', 1263, 'IP:172.31.100.102; BROWSER:Chrome-109.0.0.0; OS:Windows'),
	(4989, 'Ingresado detalle-operaciones', '2023-02-02 11:39:43', 1263, 'IP:172.31.100.102; BROWSER:Chrome-109.0.0.0; OS:Windows'),
	(4990, 'Ingresado Generación de Orden', '2023-02-02 11:39:45', 1263, 'IP:172.31.100.102; BROWSER:Chrome-109.0.0.0; OS:Windows'),
	(4991, 'Generación de Orden - SBB Cubierto con Mutuo', '2023-02-02 11:39:57', 1263, 'IP:172.31.100.102; BROWSER:Chrome-109.0.0.0; OS:Windows'),
	(4992, 'Ingresado Generación de Orden', '2023-02-02 11:40:01', 1263, 'IP:172.31.100.102; BROWSER:Chrome-109.0.0.0; OS:Windows'),
	(4993, 'Generación de Orden - Renta Fija(Seleccion de titulo)', '2023-02-02 11:40:02', 1263, 'IP:172.31.100.102; BROWSER:Chrome-109.0.0.0; OS:Windows'),
	(4994, 'Generación de Orden - Resumen de operación', '2023-02-02 11:40:38', 1263, 'IP:172.31.100.102; BROWSER:Chrome-109.0.0.0; OS:Windows'),
	(4995, 'Reseteo de cotraseña- API CRM Error:UserPassWebApp Estatus 500(Error generico)', '2023-02-03 09:07:25', 1315, 'IP:172.31.100.102; BROWSER:Chrome-109.0.0.0; OS:Windows'),
	(4996, 'Reseteo de cotraseña- API CRM Error:UserPassWebApp Estatus 500(Error generico)', '2023-02-03 09:07:58', 1315, 'IP:172.31.100.102; BROWSER:Chrome-109.0.0.0; OS:Windows'),
	(4997, 'Identificacion de Usuario', '2023-02-06 17:11:08', 1310, 'IP:172.31.100.102; BROWSER:Chrome-109.0.0.0; OS:Windows'),
	(4998, 'Validacion de equipo frecuente', '2023-02-06 17:11:08', 1310, 'IP:172.31.100.102; BROWSER:Chrome-109.0.0.0; OS:Windows'),
	(4999, 'Generacion de codigo OTP', '2023-02-06 17:11:08', 1310, 'IP:172.31.100.102; BROWSER:Chrome-109.0.0.0; OS:Windows'),
	(5000, 'Identificacion de Usuario', '2023-02-06 17:11:27', 1310, 'IP:172.31.100.102; BROWSER:Chrome-109.0.0.0; OS:Windows'),
	(5001, 'Validacion de equipo frecuente', '2023-02-06 17:11:27', 1310, 'IP:172.31.100.102; BROWSER:Chrome-109.0.0.0; OS:Windows'),
	(5002, 'Generacion de codigo OTP', '2023-02-06 17:11:27', 1310, 'IP:172.31.100.102; BROWSER:Chrome-109.0.0.0; OS:Windows'),
	(5003, 'Identificacion de Usuario', '2023-02-06 17:11:47', 1310, 'IP:172.31.100.102; BROWSER:Chrome-109.0.0.0; OS:Windows'),
	(5004, 'Validacion de equipo frecuente', '2023-02-06 17:11:47', 1310, 'IP:172.31.100.102; BROWSER:Chrome-109.0.0.0; OS:Windows'),
	(5005, 'Generacion de codigo OTP', '2023-02-06 17:11:47', 1310, 'IP:172.31.100.102; BROWSER:Chrome-109.0.0.0; OS:Windows'),
	(5006, 'Identificacion de Usuario', '2023-02-06 17:11:52', 1310, 'IP:172.31.100.102; BROWSER:Chrome-109.0.0.0; OS:Windows'),
	(5007, 'Validacion de equipo frecuente', '2023-02-06 17:11:52', 1310, 'IP:172.31.100.102; BROWSER:Chrome-109.0.0.0; OS:Windows'),
	(5008, 'Generacion de codigo OTP', '2023-02-06 17:11:52', 1310, 'IP:172.31.100.102; BROWSER:Chrome-109.0.0.0; OS:Windows'),
	(5009, 'Identificacion de Usuario', '2023-02-06 17:11:55', 1310, 'IP:172.31.100.102; BROWSER:Chrome-109.0.0.0; OS:Windows'),
	(5010, 'Validacion de equipo frecuente', '2023-02-06 17:11:55', 1310, 'IP:172.31.100.102; BROWSER:Chrome-109.0.0.0; OS:Windows'),
	(5011, 'Generacion de codigo OTP', '2023-02-06 17:11:55', 1310, 'IP:172.31.100.102; BROWSER:Chrome-109.0.0.0; OS:Windows'),
	(5012, 'Identificacion de Usuario', '2023-02-06 17:12:19', 1310, 'IP:172.31.100.102; BROWSER:Chrome-109.0.0.0; OS:Windows'),
	(5013, 'Validacion de equipo frecuente', '2023-02-06 17:12:19', 1310, 'IP:172.31.100.102; BROWSER:Chrome-109.0.0.0; OS:Windows'),
	(5014, 'Generacion de codigo OTP', '2023-02-06 17:12:19', 1310, 'IP:172.31.100.102; BROWSER:Chrome-109.0.0.0; OS:Windows'),
	(5015, 'Identificacion de Usuario', '2023-02-06 17:13:26', 1310, 'IP:172.31.100.102; BROWSER:Chrome-109.0.0.0; OS:Windows'),
	(5016, 'Validacion de equipo frecuente', '2023-02-06 17:13:26', 1310, 'IP:172.31.100.102; BROWSER:Chrome-109.0.0.0; OS:Windows'),
	(5017, 'Generacion de codigo OTP', '2023-02-06 17:13:26', 1310, 'IP:172.31.100.102; BROWSER:Chrome-109.0.0.0; OS:Windows'),
	(5018, 'Identificacion de Usuario', '2023-02-06 17:13:30', 1310, 'IP:172.31.100.102; BROWSER:Chrome-109.0.0.0; OS:Windows'),
	(5019, 'Validacion de equipo frecuente', '2023-02-06 17:13:30', 1310, 'IP:172.31.100.102; BROWSER:Chrome-109.0.0.0; OS:Windows'),
	(5020, 'Generacion de codigo OTP', '2023-02-06 17:13:30', 1310, 'IP:172.31.100.102; BROWSER:Chrome-109.0.0.0; OS:Windows'),
	(5021, 'Identificacion de Usuario', '2023-02-06 17:13:33', 1310, 'IP:172.31.100.102; BROWSER:Chrome-109.0.0.0; OS:Windows'),
	(5022, 'Validacion de equipo frecuente', '2023-02-06 17:13:33', 1310, 'IP:172.31.100.102; BROWSER:Chrome-109.0.0.0; OS:Windows'),
	(5023, 'Generacion de codigo OTP', '2023-02-06 17:13:33', 1310, 'IP:172.31.100.102; BROWSER:Chrome-109.0.0.0; OS:Windows'),
	(5024, 'Identificacion de Usuario', '2023-02-06 17:13:34', 1310, 'IP:172.31.100.102; BROWSER:Chrome-109.0.0.0; OS:Windows'),
	(5025, 'Validacion de equipo frecuente', '2023-02-06 17:13:34', 1310, 'IP:172.31.100.102; BROWSER:Chrome-109.0.0.0; OS:Windows'),
	(5026, 'Generacion de codigo OTP', '2023-02-06 17:13:34', 1310, 'IP:172.31.100.102; BROWSER:Chrome-109.0.0.0; OS:Windows'),
	(5027, 'Identificacion de Usuario', '2023-02-06 17:13:36', 1310, 'IP:172.31.100.102; BROWSER:Chrome-109.0.0.0; OS:Windows'),
	(5028, 'Validacion de equipo frecuente', '2023-02-06 17:13:36', 1310, 'IP:172.31.100.102; BROWSER:Chrome-109.0.0.0; OS:Windows'),
	(5029, 'Generacion de codigo OTP', '2023-02-06 17:13:36', 1310, 'IP:172.31.100.102; BROWSER:Chrome-109.0.0.0; OS:Windows'),
	(5030, 'Identificacion de Usuario', '2023-02-06 17:13:38', 1310, 'IP:172.31.100.102; BROWSER:Chrome-109.0.0.0; OS:Windows'),
	(5031, 'Validacion de equipo frecuente', '2023-02-06 17:13:38', 1310, 'IP:172.31.100.102; BROWSER:Chrome-109.0.0.0; OS:Windows'),
	(5032, 'Generacion de codigo OTP', '2023-02-06 17:13:38', 1310, 'IP:172.31.100.102; BROWSER:Chrome-109.0.0.0; OS:Windows'),
	(5033, 'Identificacion de Usuario', '2023-02-06 17:13:40', 1310, 'IP:172.31.100.102; BROWSER:Chrome-109.0.0.0; OS:Windows'),
	(5034, 'Validacion de equipo frecuente', '2023-02-06 17:13:40', 1310, 'IP:172.31.100.102; BROWSER:Chrome-109.0.0.0; OS:Windows'),
	(5035, 'Generacion de codigo OTP', '2023-02-06 17:13:40', 1310, 'IP:172.31.100.102; BROWSER:Chrome-109.0.0.0; OS:Windows'),
	(5036, 'Identificacion de Usuario', '2023-02-06 17:13:42', 1310, 'IP:172.31.100.102; BROWSER:Chrome-109.0.0.0; OS:Windows'),
	(5037, 'Validacion de equipo frecuente', '2023-02-06 17:13:42', 1310, 'IP:172.31.100.102; BROWSER:Chrome-109.0.0.0; OS:Windows'),
	(5038, 'Generacion de codigo OTP', '2023-02-06 17:13:42', 1310, 'IP:172.31.100.102; BROWSER:Chrome-109.0.0.0; OS:Windows'),
	(5039, 'Identificacion de Usuario', '2023-02-06 17:13:45', 1310, 'IP:172.31.100.102; BROWSER:Chrome-109.0.0.0; OS:Windows'),
	(5040, 'Validacion de equipo frecuente', '2023-02-06 17:13:45', 1310, 'IP:172.31.100.102; BROWSER:Chrome-109.0.0.0; OS:Windows'),
	(5041, 'Generacion de codigo OTP', '2023-02-06 17:13:45', 1310, 'IP:172.31.100.102; BROWSER:Chrome-109.0.0.0; OS:Windows'),
	(5042, 'Identificacion de Usuario', '2023-02-06 17:13:47', 1310, 'IP:172.31.100.102; BROWSER:Chrome-109.0.0.0; OS:Windows'),
	(5043, 'Validacion de equipo frecuente', '2023-02-06 17:13:47', 1310, 'IP:172.31.100.102; BROWSER:Chrome-109.0.0.0; OS:Windows'),
	(5044, 'Generacion de codigo OTP', '2023-02-06 17:13:47', 1310, 'IP:172.31.100.102; BROWSER:Chrome-109.0.0.0; OS:Windows'),
	(5045, 'Identificacion de Usuario', '2023-02-06 17:16:06', 1310, 'IP:172.31.100.102; BROWSER:Chrome-109.0.0.0; OS:Windows'),
	(5046, 'Validacion de equipo frecuente', '2023-02-06 17:16:06', 1310, 'IP:172.31.100.102; BROWSER:Chrome-109.0.0.0; OS:Windows'),
	(5047, 'Generacion de codigo OTP', '2023-02-06 17:16:06', 1310, 'IP:172.31.100.102; BROWSER:Chrome-109.0.0.0; OS:Windows'),
	(5048, 'Identificacion de Usuario', '2023-02-06 17:16:09', 1310, 'IP:172.31.100.102; BROWSER:Chrome-109.0.0.0; OS:Windows'),
	(5049, 'Validacion de equipo frecuente', '2023-02-06 17:16:09', 1310, 'IP:172.31.100.102; BROWSER:Chrome-109.0.0.0; OS:Windows'),
	(5050, 'Generacion de codigo OTP', '2023-02-06 17:16:09', 1310, 'IP:172.31.100.102; BROWSER:Chrome-109.0.0.0; OS:Windows'),
	(5051, 'Identificacion de Usuario', '2023-02-06 17:16:12', 1310, 'IP:172.31.100.102; BROWSER:Chrome-109.0.0.0; OS:Windows'),
	(5052, 'Validacion de equipo frecuente', '2023-02-06 17:16:12', 1310, 'IP:172.31.100.102; BROWSER:Chrome-109.0.0.0; OS:Windows'),
	(5053, 'Generacion de codigo OTP', '2023-02-06 17:16:12', 1310, 'IP:172.31.100.102; BROWSER:Chrome-109.0.0.0; OS:Windows'),
	(5054, 'Identificacion de Usuario', '2023-02-06 17:16:17', 1310, 'IP:172.31.100.102; BROWSER:Chrome-109.0.0.0; OS:Windows'),
	(5055, 'Validacion de equipo frecuente', '2023-02-06 17:16:17', 1310, 'IP:172.31.100.102; BROWSER:Chrome-109.0.0.0; OS:Windows'),
	(5056, 'Generacion de codigo OTP', '2023-02-06 17:16:17', 1310, 'IP:172.31.100.102; BROWSER:Chrome-109.0.0.0; OS:Windows'),
	(5057, 'Identificacion de Usuario', '2023-02-06 17:16:22', 1310, 'IP:172.31.100.102; BROWSER:Chrome-109.0.0.0; OS:Windows'),
	(5058, 'Validacion de equipo frecuente', '2023-02-06 17:16:22', 1310, 'IP:172.31.100.102; BROWSER:Chrome-109.0.0.0; OS:Windows'),
	(5059, 'Generacion de codigo OTP', '2023-02-06 17:16:22', 1310, 'IP:172.31.100.102; BROWSER:Chrome-109.0.0.0; OS:Windows'),
	(5060, 'Identificacion de Usuario', '2023-02-06 17:16:27', 1310, 'IP:172.31.100.102; BROWSER:Chrome-109.0.0.0; OS:Windows'),
	(5061, 'Validacion de equipo frecuente', '2023-02-06 17:16:27', 1310, 'IP:172.31.100.102; BROWSER:Chrome-109.0.0.0; OS:Windows'),
	(5062, 'Generacion de codigo OTP', '2023-02-06 17:16:27', 1310, 'IP:172.31.100.102; BROWSER:Chrome-109.0.0.0; OS:Windows'),
	(5063, 'Identificacion de Usuario', '2023-02-06 17:16:53', 1310, 'IP:172.31.100.102; BROWSER:Chrome-109.0.0.0; OS:Windows'),
	(5064, 'Validacion de equipo frecuente', '2023-02-06 17:16:53', 1310, 'IP:172.31.100.102; BROWSER:Chrome-109.0.0.0; OS:Windows'),
	(5065, 'Generacion de codigo OTP', '2023-02-06 17:16:53', 1310, 'IP:172.31.100.102; BROWSER:Chrome-109.0.0.0; OS:Windows'),
	(5066, 'Validacion de codigo OTP', '2023-02-06 17:17:02', 1310, 'IP:172.31.100.102; BROWSER:Chrome-109.0.0.0; OS:Windows'),
	(5067, 'Validacion de codigo OTP:El código otp que ingresó es inválido.', '2023-02-06 17:17:02', 1310, 'IP:172.31.100.102; BROWSER:Chrome-109.0.0.0; OS:Windows'),
	(5068, 'Validacion de codigo OTP', '2023-02-06 17:17:13', 1310, 'IP:172.31.100.102; BROWSER:Chrome-109.0.0.0; OS:Windows'),
	(5069, 'Ingreso Exitoso UbiBroker', '2023-02-06 17:17:18', 1310, 'IP:172.31.100.102; BROWSER:Chrome-109.0.0.0; OS:Windows'),
	(5070, 'Ingresando Home', '2023-02-06 17:17:18', 1310, 'IP:172.31.100.102; BROWSER:Chrome-109.0.0.0; OS:Windows'),
	(5071, 'Ingresado Generación de Orden', '2023-02-06 17:17:23', 1310, 'IP:172.31.100.102; BROWSER:Chrome-109.0.0.0; OS:Windows'),
	(5072, 'Generación de Orden - SBB Cubierto con Mutuo', '2023-02-06 17:17:25', 1310, 'IP:172.31.100.102; BROWSER:Chrome-109.0.0.0; OS:Windows'),
	(5073, 'Generación de Orden - Resumen de operación', '2023-02-06 17:18:12', 1310, 'IP:172.31.100.102; BROWSER:Chrome-109.0.0.0; OS:Windows'),
	(5074, 'Generación de Orden - Orden Generada Satisfactoriamente ID:59', '2023-02-06 17:18:19', 1310, 'IP:172.31.100.102; BROWSER:Chrome-109.0.0.0; OS:Windows'),
	(5075, 'Ingresado detalle-operaciones', '2023-02-06 17:18:22', 1310, 'IP:172.31.100.102; BROWSER:Chrome-109.0.0.0; OS:Windows'),
	(5076, 'Identificacion de Usuario', '2023-02-07 09:17:10', 1310, 'IP:172.31.100.102; BROWSER:Chrome-109.0.0.0; OS:Windows'),
	(5077, 'Usuario o Clave Invalida', '2023-02-07 09:17:10', 1310, 'IP:172.31.100.102; BROWSER:Chrome-109.0.0.0; OS:Windows'),
	(5078, 'Identificacion de Usuario', '2023-02-07 09:17:22', 1310, 'IP:172.31.100.102; BROWSER:Chrome-109.0.0.0; OS:Windows'),
	(5079, 'Validacion de equipo frecuente', '2023-02-07 09:17:22', 1310, 'IP:172.31.100.102; BROWSER:Chrome-109.0.0.0; OS:Windows'),
	(5080, 'Generacion de codigo OTP', '2023-02-07 09:17:22', 1310, 'IP:172.31.100.102; BROWSER:Chrome-109.0.0.0; OS:Windows'),
	(5081, 'Identificacion de Usuario', '2023-02-07 09:19:01', 1310, 'IP:172.31.100.102; BROWSER:Chrome-109.0.0.0; OS:Windows'),
	(5082, 'Validacion de equipo frecuente', '2023-02-07 09:19:01', 1310, 'IP:172.31.100.102; BROWSER:Chrome-109.0.0.0; OS:Windows'),
	(5083, 'Generacion de codigo OTP', '2023-02-07 09:19:01', 1310, 'IP:172.31.100.102; BROWSER:Chrome-109.0.0.0; OS:Windows'),
	(5084, 'Validacion de codigo OTP', '2023-02-07 09:19:18', 1310, 'IP:172.31.100.102; BROWSER:Chrome-109.0.0.0; OS:Windows'),
	(5085, 'Ingreso Exitoso UbiBroker', '2023-02-07 09:19:22', 1310, 'IP:172.31.100.102; BROWSER:Chrome-109.0.0.0; OS:Windows'),
	(5086, 'Ingresando Home', '2023-02-07 09:19:22', 1310, 'IP:172.31.100.102; BROWSER:Chrome-109.0.0.0; OS:Windows'),
	(5087, 'Ingresado Generación de Orden', '2023-02-07 09:19:24', 1310, 'IP:172.31.100.102; BROWSER:Chrome-109.0.0.0; OS:Windows'),
	(5088, 'Usuario o Clave Invalida', '2023-02-07 11:29:20', 1304, 'IP:172.31.100.102; BROWSER:Chrome-109.0.0.0; OS:Windows'),
	(5089, 'Usuario o Clave Invalida', '2023-02-07 11:30:20', 1304, 'IP:172.31.100.102; BROWSER:Chrome-109.0.0.0; OS:Windows'),
	(5090, 'Usuario o Clave Invalida', '2023-02-08 16:55:21', 1304, 'IP:172.31.100.102; BROWSER:Chrome-109.0.0.0; OS:Windows'),
	(5091, 'Usuario o Clave Invalida', '2023-02-08 16:55:36', 1304, 'IP:172.31.100.102; BROWSER:Chrome-109.0.0.0; OS:Windows'),
	(5092, 'Usuario o Clave Invalida', '2023-02-08 16:56:00', 1304, 'IP:172.31.100.102; BROWSER:Chrome-109.0.0.0; OS:Windows'),
	(5093, 'Identificacion de Usuario', '2023-02-09 10:07:17', 1310, 'IP:172.31.100.102; BROWSER:Chrome-109.0.0.0; OS:Windows'),
	(5094, 'Usuario o Clave Invalida', '2023-02-09 10:07:17', 1310, 'IP:172.31.100.102; BROWSER:Chrome-109.0.0.0; OS:Windows'),
	(5095, 'Identificacion de Usuario', '2023-02-09 10:07:38', 1310, 'IP:172.31.100.102; BROWSER:Chrome-109.0.0.0; OS:Windows'),
	(5096, 'Validacion de equipo frecuente', '2023-02-09 10:07:38', 1310, 'IP:172.31.100.102; BROWSER:Chrome-109.0.0.0; OS:Windows'),
	(5097, 'Generacion de codigo OTP', '2023-02-09 10:07:38', 1310, 'IP:172.31.100.102; BROWSER:Chrome-109.0.0.0; OS:Windows'),
	(5098, 'Validacion de codigo OTP', '2023-02-09 10:08:52', 1310, 'IP:172.31.100.102; BROWSER:Chrome-109.0.0.0; OS:Windows'),
	(5099, 'Ingreso Exitoso UbiBroker', '2023-02-09 10:08:54', 1310, 'IP:172.31.100.102; BROWSER:Chrome-109.0.0.0; OS:Windows'),
	(5100, 'Ingresando Home', '2023-02-09 10:08:54', 1310, 'IP:172.31.100.102; BROWSER:Chrome-109.0.0.0; OS:Windows'),
	(5101, 'Ingresado Generación de Orden', '2023-02-09 10:14:04', 1310, 'IP:172.31.100.102; BROWSER:Chrome-109.0.0.0; OS:Windows'),
	(5102, 'Identificacion de Usuario', '2023-02-09 10:18:42', 1310, 'IP:172.31.100.102; BROWSER:Chrome-109.0.0.0; OS:Windows'),
	(5103, 'Validacion de equipo frecuente', '2023-02-09 10:18:42', 1310, 'IP:172.31.100.102; BROWSER:Chrome-109.0.0.0; OS:Windows'),
	(5104, 'Generacion de codigo OTP', '2023-02-09 10:18:42', 1310, 'IP:172.31.100.102; BROWSER:Chrome-109.0.0.0; OS:Windows'),
	(5105, 'Identificacion de Usuario', '2023-02-09 10:19:55', 1310, 'IP:172.31.100.102; BROWSER:Chrome-109.0.0.0; OS:Windows'),
	(5106, 'Validacion de equipo frecuente', '2023-02-09 10:19:55', 1310, 'IP:172.31.100.102; BROWSER:Chrome-109.0.0.0; OS:Windows'),
	(5107, 'Generacion de codigo OTP', '2023-02-09 10:19:55', 1310, 'IP:172.31.100.102; BROWSER:Chrome-109.0.0.0; OS:Windows'),
	(5108, 'Validacion de codigo OTP', '2023-02-09 10:20:20', 1310, 'IP:172.31.100.102; BROWSER:Chrome-109.0.0.0; OS:Windows'),
	(5109, 'Ingreso Exitoso UbiBroker', '2023-02-09 10:20:22', 1310, 'IP:172.31.100.102; BROWSER:Chrome-109.0.0.0; OS:Windows'),
	(5110, 'Ingresando Home', '2023-02-09 10:20:22', 1310, 'IP:172.31.100.102; BROWSER:Chrome-109.0.0.0; OS:Windows'),
	(5111, 'Ingresado Generación de Orden', '2023-02-09 10:20:33', 1310, 'IP:172.31.100.102; BROWSER:Chrome-109.0.0.0; OS:Windows'),
	(5112, 'Generación de Orden - SBB Cubierto con Mutuo', '2023-02-09 10:20:47', 1310, 'IP:172.31.100.102; BROWSER:Chrome-109.0.0.0; OS:Windows'),
	(5113, 'Ingresado Generación de Orden', '2023-02-09 10:25:08', 1310, 'IP:172.31.100.102; BROWSER:Chrome-109.0.0.0; OS:Windows'),
	(5114, 'Generación de Orden - Renta Fija(Seleccion de titulo)', '2023-02-09 10:25:35', 1310, 'IP:172.31.100.102; BROWSER:Chrome-109.0.0.0; OS:Windows'),
	(5115, 'Identificacion de Usuario', '2023-02-09 10:27:44', 1310, 'IP:172.31.100.102; BROWSER:Safari-13.0.3; OS:Mac'),
	(5116, 'Validacion de equipo frecuente', '2023-02-09 10:27:44', 1310, 'IP:172.31.100.102; BROWSER:Safari-13.0.3; OS:Mac'),
	(5117, 'Generacion de codigo OTP', '2023-02-09 10:27:44', 1310, 'IP:172.31.100.102; BROWSER:Safari-13.0.3; OS:Mac'),
	(5118, 'Identificacion de Usuario', '2023-02-09 10:28:35', 1310, 'IP:172.31.100.102; BROWSER:Safari-13.0.3; OS:Mac'),
	(5119, 'Validacion de equipo frecuente', '2023-02-09 10:28:35', 1310, 'IP:172.31.100.102; BROWSER:Safari-13.0.3; OS:Mac'),
	(5120, 'Generacion de codigo OTP', '2023-02-09 10:28:35', 1310, 'IP:172.31.100.102; BROWSER:Safari-13.0.3; OS:Mac'),
	(5121, 'Identificacion de Usuario', '2023-02-09 10:30:27', 1310, 'IP:172.31.100.102; BROWSER:Safari-13.0.3; OS:Mac'),
	(5122, 'Validacion de equipo frecuente', '2023-02-09 10:30:27', 1310, 'IP:172.31.100.102; BROWSER:Safari-13.0.3; OS:Mac'),
	(5123, 'Generacion de codigo OTP', '2023-02-09 10:30:27', 1310, 'IP:172.31.100.102; BROWSER:Safari-13.0.3; OS:Mac'),
	(5124, 'Identificacion de Usuario', '2023-02-09 10:33:30', 1310, 'IP:172.31.100.102; BROWSER:Chrome-109.0.0.0; OS:Android'),
	(5125, 'Validacion de equipo frecuente', '2023-02-09 10:33:30', 1310, 'IP:172.31.100.102; BROWSER:Chrome-109.0.0.0; OS:Android'),
	(5126, 'Generacion de codigo OTP', '2023-02-09 10:33:30', 1310, 'IP:172.31.100.102; BROWSER:Chrome-109.0.0.0; OS:Android'),
	(5127, 'Validacion de codigo OTP', '2023-02-09 10:34:05', 1310, 'IP:172.31.100.102; BROWSER:Chrome-109.0.0.0; OS:Android'),
	(5128, 'Ingreso Exitoso UbiBroker', '2023-02-09 10:34:08', 1310, 'IP:172.31.100.102; BROWSER:Chrome-109.0.0.0; OS:Android'),
	(5129, 'Ingresando Home', '2023-02-09 10:34:08', 1310, 'IP:172.31.100.102; BROWSER:Chrome-109.0.0.0; OS:Android'),
	(5130, 'Ingresado detalle-operaciones', '2023-02-09 10:34:38', 1310, 'IP:172.31.100.102; BROWSER:Chrome-109.0.0.0; OS:Android'),
	(5131, 'Ingresado Generación de Orden', '2023-02-09 10:35:26', 1310, 'IP:172.31.100.102; BROWSER:Chrome-109.0.0.0; OS:Android'),
	(5132, 'Generación de Orden - SBB Cubierto con Mutuo', '2023-02-09 10:35:36', 1310, 'IP:172.31.100.102; BROWSER:Chrome-109.0.0.0; OS:Android'),
	(5133, 'Ingresado Generación de Orden', '2023-02-09 10:36:00', 1310, 'IP:172.31.100.102; BROWSER:Chrome-109.0.0.0; OS:Android'),
	(5134, 'Identificacion de Usuario', '2023-02-09 11:05:55', 1310, 'IP:172.31.100.102; BROWSER:Chrome-109.0.0.0; OS:Windows'),
	(5135, 'Validacion de equipo frecuente', '2023-02-09 11:05:55', 1310, 'IP:172.31.100.102; BROWSER:Chrome-109.0.0.0; OS:Windows'),
	(5136, 'Generacion de codigo OTP', '2023-02-09 11:05:56', 1310, 'IP:172.31.100.102; BROWSER:Chrome-109.0.0.0; OS:Windows'),
	(5137, 'Identificacion de Usuario', '2023-02-09 11:17:33', 1310, 'IP:172.31.100.102; BROWSER:Chrome-109.0.0.0; OS:Windows'),
	(5138, 'Validacion de equipo frecuente', '2023-02-09 11:17:33', 1310, 'IP:172.31.100.102; BROWSER:Chrome-109.0.0.0; OS:Windows'),
	(5139, 'Generacion de codigo OTP', '2023-02-09 11:17:33', 1310, 'IP:172.31.100.102; BROWSER:Chrome-109.0.0.0; OS:Windows'),
	(5140, 'Identificacion de Usuario', '2023-02-09 11:19:41', 1310, 'IP:172.31.100.102; BROWSER:Chrome-109.0.0.0; OS:Windows'),
	(5141, 'Validacion de equipo frecuente', '2023-02-09 11:19:41', 1310, 'IP:172.31.100.102; BROWSER:Chrome-109.0.0.0; OS:Windows'),
	(5142, 'Generacion de codigo OTP', '2023-02-09 11:19:41', 1310, 'IP:172.31.100.102; BROWSER:Chrome-109.0.0.0; OS:Windows'),
	(5143, 'Identificacion de Usuario', '2023-02-09 11:20:15', 1310, 'IP:172.31.100.102; BROWSER:Chrome-109.0.0.0; OS:Android'),
	(5144, 'Validacion de equipo frecuente', '2023-02-09 11:20:15', 1310, 'IP:172.31.100.102; BROWSER:Chrome-109.0.0.0; OS:Android'),
	(5145, 'Generacion de codigo OTP', '2023-02-09 11:20:15', 1310, 'IP:172.31.100.102; BROWSER:Chrome-109.0.0.0; OS:Android'),
	(5146, 'Validacion de codigo OTP', '2023-02-09 11:28:39', 1310, 'IP:172.31.100.102; BROWSER:Chrome-109.0.0.0; OS:Windows'),
	(5147, 'Validacion de codigo OTP:El código otp que ingresó es inválido.', '2023-02-09 11:28:39', 1310, 'IP:172.31.100.102; BROWSER:Chrome-109.0.0.0; OS:Windows'),
	(5148, 'Identificacion de Usuario', '2023-02-09 11:30:48', 1310, 'IP:172.31.100.102; BROWSER:Chrome-109.0.0.0; OS:Windows'),
	(5149, 'Validacion de equipo frecuente', '2023-02-09 11:30:48', 1310, 'IP:172.31.100.102; BROWSER:Chrome-109.0.0.0; OS:Windows'),
	(5150, 'Generacion de codigo OTP', '2023-02-09 11:30:48', 1310, 'IP:172.31.100.102; BROWSER:Chrome-109.0.0.0; OS:Windows'),
	(5151, 'Identificacion de Usuario', '2023-02-09 11:31:37', 1310, 'IP:172.31.100.102; BROWSER:Chrome-109.0.0.0; OS:Android'),
	(5152, 'Validacion de equipo frecuente', '2023-02-09 11:31:37', 1310, 'IP:172.31.100.102; BROWSER:Chrome-109.0.0.0; OS:Android'),
	(5153, 'Generacion de codigo OTP', '2023-02-09 11:31:37', 1310, 'IP:172.31.100.102; BROWSER:Chrome-109.0.0.0; OS:Android'),
	(5154, 'Validacion de codigo OTP', '2023-02-09 11:32:05', 1310, 'IP:172.31.100.102; BROWSER:Chrome-109.0.0.0; OS:Windows'),
	(5155, 'Validacion de codigo OTP:El código otp que ingresó es inválido.', '2023-02-09 11:32:05', 1310, 'IP:172.31.100.102; BROWSER:Chrome-109.0.0.0; OS:Windows'),
	(5156, 'Validacion de codigo OTP', '2023-02-09 11:32:30', 1310, 'IP:172.31.100.102; BROWSER:Chrome-109.0.0.0; OS:Android'),
	(5157, 'Ingreso Exitoso UbiBroker', '2023-02-09 11:32:32', 1310, 'IP:172.31.100.102; BROWSER:Chrome-109.0.0.0; OS:Android'),
	(5158, 'Ingresando Home', '2023-02-09 11:32:32', 1310, 'IP:172.31.100.102; BROWSER:Chrome-109.0.0.0; OS:Android'),
	(5159, 'Ingresado Generación de Orden', '2023-02-09 11:32:54', 1310, 'IP:172.31.100.102; BROWSER:Chrome-109.0.0.0; OS:Android'),
	(5160, 'Generación de Orden - SBB Cubierto con Mutuo', '2023-02-09 11:33:11', 1310, 'IP:172.31.100.102; BROWSER:Chrome-109.0.0.0; OS:Android'),
	(5161, 'Generación de Orden - Resumen de operación', '2023-02-09 11:34:47', 1310, 'IP:172.31.100.102; BROWSER:Chrome-109.0.0.0; OS:Android'),
	(5162, 'Identificacion de Usuario', '2023-02-09 11:38:11', 1310, 'IP:172.31.100.102; BROWSER:Chrome-109.0.0.0; OS:Windows'),
	(5163, 'Validacion de equipo frecuente', '2023-02-09 11:38:11', 1310, 'IP:172.31.100.102; BROWSER:Chrome-109.0.0.0; OS:Windows'),
	(5164, 'Generacion de codigo OTP', '2023-02-09 11:38:11', 1310, 'IP:172.31.100.102; BROWSER:Chrome-109.0.0.0; OS:Windows'),
	(5165, 'Identificacion de Usuario', '2023-02-09 12:03:01', 1310, 'IP:172.31.100.102; BROWSER:Chrome-109.0.0.0; OS:Windows'),
	(5166, 'Validacion de equipo frecuente', '2023-02-09 12:03:01', 1310, 'IP:172.31.100.102; BROWSER:Chrome-109.0.0.0; OS:Windows'),
	(5167, 'Generacion de codigo OTP', '2023-02-09 12:03:01', 1310, 'IP:172.31.100.102; BROWSER:Chrome-109.0.0.0; OS:Windows'),
	(5168, 'Validacion de codigo OTP', '2023-02-09 12:03:21', 1310, 'IP:172.31.100.102; BROWSER:Chrome-109.0.0.0; OS:Windows'),
	(5169, 'Validacion de codigo OTP:El código otp que ingresó es inválido.', '2023-02-09 12:03:21', 1310, 'IP:172.31.100.102; BROWSER:Chrome-109.0.0.0; OS:Windows'),
	(5170, 'Identificacion de Usuario', '2023-02-09 12:03:43', 1310, 'IP:172.31.100.102; BROWSER:Chrome-109.0.0.0; OS:Windows'),
	(5171, 'Validacion de equipo frecuente', '2023-02-09 12:03:43', 1310, 'IP:172.31.100.102; BROWSER:Chrome-109.0.0.0; OS:Windows'),
	(5172, 'Generacion de codigo OTP', '2023-02-09 12:03:43', 1310, 'IP:172.31.100.102; BROWSER:Chrome-109.0.0.0; OS:Windows'),
	(5173, 'Identificacion de Usuario', '2023-02-09 15:27:35', 1310, 'IP:172.31.100.102; BROWSER:Chrome-109.0.0.0; OS:Windows'),
	(5174, 'Validacion de equipo frecuente', '2023-02-09 15:27:35', 1310, 'IP:172.31.100.102; BROWSER:Chrome-109.0.0.0; OS:Windows'),
	(5175, 'Generacion de codigo OTP', '2023-02-09 15:27:35', 1310, 'IP:172.31.100.102; BROWSER:Chrome-109.0.0.0; OS:Windows'),
	(5176, 'Identificacion de Usuario', '2023-02-09 15:30:19', 1310, 'IP:172.31.100.102; BROWSER:Chrome-109.0.0.0; OS:Windows'),
	(5177, 'Validacion de equipo frecuente', '2023-02-09 15:30:19', 1310, 'IP:172.31.100.102; BROWSER:Chrome-109.0.0.0; OS:Windows'),
	(5178, 'Generacion de codigo OTP', '2023-02-09 15:30:19', 1310, 'IP:172.31.100.102; BROWSER:Chrome-109.0.0.0; OS:Windows'),
	(5179, 'Validacion de codigo OTP', '2023-02-09 15:33:54', 1310, 'IP:172.31.100.102; BROWSER:Chrome-109.0.0.0; OS:Windows'),
	(5180, 'Ingreso Exitoso UbiBroker', '2023-02-09 15:33:58', 1310, 'IP:172.31.100.102; BROWSER:Chrome-109.0.0.0; OS:Windows'),
	(5181, 'Ingresando Home', '2023-02-09 15:33:58', 1310, 'IP:172.31.100.102; BROWSER:Chrome-109.0.0.0; OS:Windows'),
	(5182, 'Ingresado Generación de Orden', '2023-02-09 15:39:53', 1310, 'IP:172.31.100.102; BROWSER:Chrome-109.0.0.0; OS:Windows'),
	(5183, 'Generación de Orden - SBB Cubierto con Mutuo', '2023-02-09 15:40:08', 1310, 'IP:172.31.100.102; BROWSER:Chrome-109.0.0.0; OS:Windows'),
	(5184, 'Generación de Orden - Resumen de operación', '2023-02-09 15:42:10', 1310, 'IP:172.31.100.102; BROWSER:Chrome-109.0.0.0; OS:Windows'),
	(5185, 'Generación de Orden - Orden Generada Satisfactoriamente ID:60', '2023-02-09 15:42:49', 1310, 'IP:172.31.100.102; BROWSER:Chrome-109.0.0.0; OS:Windows'),
	(5186, 'Ingresado detalle-operaciones', '2023-02-09 15:42:51', 1310, 'IP:172.31.100.102; BROWSER:Chrome-109.0.0.0; OS:Windows'),
	(5187, 'Ingresado detalle-perfil', '2023-02-09 15:43:25', 1310, 'IP:172.31.100.102; BROWSER:Chrome-109.0.0.0; OS:Windows'),
	(5188, 'Ingresado Generación de Orden', '2023-02-09 15:44:18', 1310, 'IP:172.31.100.102; BROWSER:Chrome-109.0.0.0; OS:Windows'),
	(5189, 'Generación de Orden - SBB Cubierto con Mutuo', '2023-02-09 15:44:30', 1310, 'IP:172.31.100.102; BROWSER:Chrome-109.0.0.0; OS:Windows'),
	(5190, 'Ingresado Generación de Orden', '2023-02-09 15:44:40', 1310, 'IP:172.31.100.102; BROWSER:Chrome-109.0.0.0; OS:Windows'),
	(5191, 'Generación de Orden - Renta Fija(Seleccion de titulo)', '2023-02-09 15:44:46', 1310, 'IP:172.31.100.102; BROWSER:Chrome-109.0.0.0; OS:Windows'),
	(5192, 'Ingresado Generación de Orden', '2023-02-09 15:45:42', 1310, 'IP:172.31.100.102; BROWSER:Chrome-109.0.0.0; OS:Windows'),
	(5193, 'Ingresado detalle-operaciones', '2023-02-09 15:46:31', 1310, 'IP:172.31.100.102; BROWSER:Chrome-109.0.0.0; OS:Windows'),
	(5194, 'Ingresado Generación de Orden', '2023-02-09 15:47:50', 1310, 'IP:172.31.100.102; BROWSER:Chrome-109.0.0.0; OS:Windows'),
	(5195, 'Generación de Orden - Renta Fija(Seleccion de titulo)', '2023-02-09 15:48:02', 1310, 'IP:172.31.100.102; BROWSER:Chrome-109.0.0.0; OS:Windows'),
	(5196, 'Generación de Orden - Resumen de operación', '2023-02-09 15:48:40', 1310, 'IP:172.31.100.102; BROWSER:Chrome-109.0.0.0; OS:Windows'),
	(5197, 'Ingresado detalle-operaciones', '2023-02-09 15:56:44', 1310, 'IP:172.31.100.102; BROWSER:Chrome-109.0.0.0; OS:Windows'),
	(5198, 'Ingresado detalle-operaciones', '2023-02-09 15:59:53', 1310, 'IP:172.31.100.102; BROWSER:Chrome-109.0.0.0; OS:Windows'),
	(5199, 'Ingresado detalle-operaciones', '2023-02-09 16:01:26', 1310, 'IP:172.31.100.102; BROWSER:Chrome-109.0.0.0; OS:Windows'),
	(5200, 'Identificacion de Usuario', '2023-02-09 18:12:24', 1310, 'IP:172.31.100.102; BROWSER:Chrome-109.0.0.0; OS:Windows'),
	(5201, 'Validacion de equipo frecuente', '2023-02-09 18:12:24', 1310, 'IP:172.31.100.102; BROWSER:Chrome-109.0.0.0; OS:Windows'),
	(5202, 'Generacion de codigo OTP', '2023-02-09 18:12:24', 1310, 'IP:172.31.100.102; BROWSER:Chrome-109.0.0.0; OS:Windows'),
	(5203, 'Identificacion de Usuario', '2023-02-09 18:23:45', 1310, 'IP:172.31.100.102; BROWSER:Chrome-109.0.0.0; OS:Windows'),
	(5204, 'Validacion de equipo frecuente', '2023-02-09 18:23:45', 1310, 'IP:172.31.100.102; BROWSER:Chrome-109.0.0.0; OS:Windows'),
	(5205, 'Generacion de codigo OTP', '2023-02-09 18:23:45', 1310, 'IP:172.31.100.102; BROWSER:Chrome-109.0.0.0; OS:Windows'),
	(5206, 'Identificacion de Usuario', '2023-02-09 18:25:39', 1310, 'IP:172.31.100.102; BROWSER:Chrome-109.0.0.0; OS:Windows'),
	(5207, 'Validacion de equipo frecuente', '2023-02-09 18:25:39', 1310, 'IP:172.31.100.102; BROWSER:Chrome-109.0.0.0; OS:Windows'),
	(5208, 'Generacion de codigo OTP', '2023-02-09 18:25:39', 1310, 'IP:172.31.100.102; BROWSER:Chrome-109.0.0.0; OS:Windows'),
	(5209, 'Identificacion de Usuario', '2023-02-09 19:19:31', 1263, 'IP:172.31.100.102; BROWSER:Chrome-109.0.0.0; OS:Windows'),
	(5210, 'Validacion de equipo frecuente', '2023-02-09 19:19:31', 1263, 'IP:172.31.100.102; BROWSER:Chrome-109.0.0.0; OS:Windows'),
	(5211, 'Generacion de codigo OTP', '2023-02-09 19:19:31', 1263, 'IP:172.31.100.102; BROWSER:Chrome-109.0.0.0; OS:Windows'),
	(5212, 'Identificacion de Usuario', '2023-02-09 19:20:12', 1263, 'IP:172.31.100.102; BROWSER:Chrome-109.0.0.0; OS:Windows'),
	(5213, 'Validacion de equipo frecuente', '2023-02-09 19:20:12', 1263, 'IP:172.31.100.102; BROWSER:Chrome-109.0.0.0; OS:Windows'),
	(5214, 'Generacion de codigo OTP', '2023-02-09 19:20:12', 1263, 'IP:172.31.100.102; BROWSER:Chrome-109.0.0.0; OS:Windows'),
	(5215, 'Identificacion de Usuario', '2023-02-09 19:21:07', 1263, 'IP:172.31.100.102; BROWSER:Chrome-109.0.0.0; OS:Windows'),
	(5216, 'Validacion de equipo frecuente', '2023-02-09 19:21:07', 1263, 'IP:172.31.100.102; BROWSER:Chrome-109.0.0.0; OS:Windows'),
	(5217, 'Generacion de codigo OTP', '2023-02-09 19:21:07', 1263, 'IP:172.31.100.102; BROWSER:Chrome-109.0.0.0; OS:Windows'),
	(5218, 'Identificacion de Usuario', '2023-02-10 09:20:43', 1310, 'IP:172.31.100.102; BROWSER:Chrome-109.0.0.0; OS:Windows'),
	(5219, 'Validacion de equipo frecuente', '2023-02-10 09:20:43', 1310, 'IP:172.31.100.102; BROWSER:Chrome-109.0.0.0; OS:Windows'),
	(5220, 'Generacion de codigo OTP', '2023-02-10 09:20:43', 1310, 'IP:172.31.100.102; BROWSER:Chrome-109.0.0.0; OS:Windows'),
	(5221, 'Identificacion de Usuario', '2023-02-10 09:25:20', 1310, 'IP:172.31.100.102; BROWSER:Chrome-109.0.0.0; OS:Windows'),
	(5222, 'Validacion de equipo frecuente', '2023-02-10 09:25:20', 1310, 'IP:172.31.100.102; BROWSER:Chrome-109.0.0.0; OS:Windows'),
	(5223, 'Generacion de codigo OTP', '2023-02-10 09:25:20', 1310, 'IP:172.31.100.102; BROWSER:Chrome-109.0.0.0; OS:Windows'),
	(5224, 'Validacion de codigo OTP', '2023-02-10 09:25:44', 1310, 'IP:172.31.100.102; BROWSER:Chrome-109.0.0.0; OS:Windows'),
	(5225, 'Ingreso Exitoso UbiBroker', '2023-02-10 09:25:50', 1310, 'IP:172.31.100.102; BROWSER:Chrome-109.0.0.0; OS:Windows'),
	(5226, 'Ingresando Home', '2023-02-10 09:25:50', 1310, 'IP:172.31.100.102; BROWSER:Chrome-109.0.0.0; OS:Windows'),
	(5227, 'Ingresado Generación de Orden', '2023-02-10 09:26:33', 1310, 'IP:172.31.100.102; BROWSER:Chrome-109.0.0.0; OS:Windows'),
	(5228, 'Generación de Orden - SBB Cubierto con Mutuo', '2023-02-10 09:26:44', 1310, 'IP:172.31.100.102; BROWSER:Chrome-109.0.0.0; OS:Windows'),
	(5229, 'Generación de Orden - Resumen de operación', '2023-02-10 09:29:42', 1310, 'IP:172.31.100.102; BROWSER:Chrome-109.0.0.0; OS:Windows'),
	(5230, 'Ingresado Generación de Orden', '2023-02-10 09:30:36', 1310, 'IP:172.31.100.102; BROWSER:Chrome-109.0.0.0; OS:Windows'),
	(5231, 'Generación de Orden - Renta Fija(Seleccion de titulo)', '2023-02-10 09:31:25', 1310, 'IP:172.31.100.102; BROWSER:Chrome-109.0.0.0; OS:Windows'),
	(5232, 'Generación de Orden - Resumen de operación', '2023-02-10 09:32:20', 1310, 'IP:172.31.100.102; BROWSER:Chrome-109.0.0.0; OS:Windows'),
	(5233, 'Ingresado Generación de Orden', '2023-02-10 09:37:33', 1310, 'IP:172.31.100.102; BROWSER:Chrome-109.0.0.0; OS:Windows'),
	(5234, 'Generación de Orden - SBB Cubierto con Mutuo', '2023-02-10 09:37:42', 1310, 'IP:172.31.100.102; BROWSER:Chrome-109.0.0.0; OS:Windows'),
	(5235, 'Ingresado Generación de Orden', '2023-02-10 09:39:56', 1310, 'IP:172.31.100.102; BROWSER:Chrome-109.0.0.0; OS:Windows'),
	(5236, 'Generación de Orden - SBB Cubierto con Mutuo', '2023-02-10 09:42:27', 1310, 'IP:172.31.100.102; BROWSER:Chrome-109.0.0.0; OS:Windows'),
	(5237, 'Generación de Orden - Resumen de operación', '2023-02-10 09:55:53', 1310, 'IP:172.31.100.102; BROWSER:Chrome-109.0.0.0; OS:Windows'),
	(5238, 'Generación de Orden - Orden Generada Satisfactoriamente ID:61', '2023-02-10 09:56:05', 1310, 'IP:172.31.100.102; BROWSER:Chrome-109.0.0.0; OS:Windows'),
	(5239, 'Ingresado detalle-operaciones', '2023-02-10 09:56:08', 1310, 'IP:172.31.100.102; BROWSER:Chrome-109.0.0.0; OS:Windows'),
	(5240, 'Ingresado Generación de Orden', '2023-02-10 09:58:43', 1310, 'IP:172.31.100.102; BROWSER:Chrome-109.0.0.0; OS:Windows'),
	(5241, 'Generación de Orden - SBB Cubierto con Mutuo', '2023-02-10 09:58:56', 1310, 'IP:172.31.100.102; BROWSER:Chrome-109.0.0.0; OS:Windows'),
	(5242, 'Generación de Orden - Resumen de operación', '2023-02-10 09:59:22', 1310, 'IP:172.31.100.102; BROWSER:Chrome-109.0.0.0; OS:Windows'),
	(5243, 'Generación de Orden - Orden Generada Satisfactoriamente ID:62', '2023-02-10 09:59:36', 1310, 'IP:172.31.100.102; BROWSER:Chrome-109.0.0.0; OS:Windows'),
	(5244, 'Ingresado detalle-operaciones', '2023-02-10 09:59:37', 1310, 'IP:172.31.100.102; BROWSER:Chrome-109.0.0.0; OS:Windows'),
	(5245, 'Ingresado Generación de Orden', '2023-02-10 10:05:03', 1310, 'IP:172.31.100.102; BROWSER:Chrome-109.0.0.0; OS:Windows'),
	(5246, 'Generación de Orden - SBB Cubierto con Mutuo', '2023-02-10 10:05:15', 1310, 'IP:172.31.100.102; BROWSER:Chrome-109.0.0.0; OS:Windows'),
	(5247, 'Generación de Orden - Resumen de operación', '2023-02-10 10:05:40', 1310, 'IP:172.31.100.102; BROWSER:Chrome-109.0.0.0; OS:Windows'),
	(5248, 'Generación de Orden - Orden Generada Satisfactoriamente ID:63', '2023-02-10 10:05:56', 1310, 'IP:172.31.100.102; BROWSER:Chrome-109.0.0.0; OS:Windows'),
	(5249, 'Ingresado detalle-operaciones', '2023-02-10 10:05:58', 1310, 'IP:172.31.100.102; BROWSER:Chrome-109.0.0.0; OS:Windows'),
	(5250, 'Identificacion de Usuario', '2023-02-10 10:58:20', 1310, 'IP:172.31.100.102; BROWSER:Chrome-109.0.0.0; OS:Windows'),
	(5251, 'Validacion de equipo frecuente', '2023-02-10 10:58:20', 1310, 'IP:172.31.100.102; BROWSER:Chrome-109.0.0.0; OS:Windows'),
	(5252, 'Generacion de codigo OTP', '2023-02-10 10:58:20', 1310, 'IP:172.31.100.102; BROWSER:Chrome-109.0.0.0; OS:Windows'),
	(5253, 'Identificacion de Usuario', '2023-02-10 10:59:55', 1310, 'IP:172.31.100.102; BROWSER:Chrome-109.0.0.0; OS:Windows'),
	(5254, 'Validacion de equipo frecuente', '2023-02-10 10:59:55', 1310, 'IP:172.31.100.102; BROWSER:Chrome-109.0.0.0; OS:Windows'),
	(5255, 'Generacion de codigo OTP', '2023-02-10 10:59:55', 1310, 'IP:172.31.100.102; BROWSER:Chrome-109.0.0.0; OS:Windows'),
	(5256, 'Identificacion de Usuario', '2023-02-10 11:01:10', 1310, 'IP:172.31.100.102; BROWSER:Chrome-109.0.0.0; OS:Windows'),
	(5257, 'Validacion de equipo frecuente', '2023-02-10 11:01:10', 1310, 'IP:172.31.100.102; BROWSER:Chrome-109.0.0.0; OS:Windows'),
	(5258, 'Generacion de codigo OTP', '2023-02-10 11:01:10', 1310, 'IP:172.31.100.102; BROWSER:Chrome-109.0.0.0; OS:Windows'),
	(5259, 'Identificacion de Usuario', '2023-02-10 11:01:55', 1310, 'IP:172.31.100.102; BROWSER:Chrome-109.0.0.0; OS:Windows'),
	(5260, 'Validacion de equipo frecuente', '2023-02-10 11:01:55', 1310, 'IP:172.31.100.102; BROWSER:Chrome-109.0.0.0; OS:Windows'),
	(5261, 'Generacion de codigo OTP', '2023-02-10 11:01:55', 1310, 'IP:172.31.100.102; BROWSER:Chrome-109.0.0.0; OS:Windows'),
	(5262, 'Validacion de codigo OTP', '2023-02-10 11:02:20', 1310, 'IP:172.31.100.102; BROWSER:Chrome-109.0.0.0; OS:Windows'),
	(5263, 'Ingreso Exitoso UbiBroker', '2023-02-10 11:02:23', 1310, 'IP:172.31.100.102; BROWSER:Chrome-109.0.0.0; OS:Windows'),
	(5264, 'Ingresando Home', '2023-02-10 11:02:23', 1310, 'IP:172.31.100.102; BROWSER:Chrome-109.0.0.0; OS:Windows'),
	(5265, 'Ingresado Generación de Orden', '2023-02-10 11:07:41', 1310, 'IP:172.31.100.102; BROWSER:Chrome-109.0.0.0; OS:Windows'),
	(5266, 'Identificacion de Usuario', '2023-02-10 11:07:58', 1310, 'IP:172.31.100.102; BROWSER:Chrome-109.0.0.0; OS:Windows'),
	(5267, 'Validacion de equipo frecuente', '2023-02-10 11:07:58', 1310, 'IP:172.31.100.102; BROWSER:Chrome-109.0.0.0; OS:Windows'),
	(5268, 'Generacion de codigo OTP', '2023-02-10 11:07:58', 1310, 'IP:172.31.100.102; BROWSER:Chrome-109.0.0.0; OS:Windows'),
	(5269, 'Validacion de codigo OTP', '2023-02-10 11:08:29', 1310, 'IP:172.31.100.102; BROWSER:Chrome-109.0.0.0; OS:Windows'),
	(5270, 'Ingreso Exitoso UbiBroker', '2023-02-10 11:08:31', 1310, 'IP:172.31.100.102; BROWSER:Chrome-109.0.0.0; OS:Windows'),
	(5271, 'Ingresando Home', '2023-02-10 11:08:31', 1310, 'IP:172.31.100.102; BROWSER:Chrome-109.0.0.0; OS:Windows'),
	(5272, 'Ingresado Generación de Orden', '2023-02-10 11:08:43', 1310, 'IP:172.31.100.102; BROWSER:Chrome-109.0.0.0; OS:Windows'),
	(5273, 'Generación de Orden - SBB Cubierto con Mutuo', '2023-02-10 11:08:50', 1310, 'IP:172.31.100.102; BROWSER:Chrome-109.0.0.0; OS:Windows'),
	(5274, 'Ingresado detalle-categoria', '2023-02-10 11:11:54', 1310, 'IP:172.31.100.102; BROWSER:Chrome-109.0.0.0; OS:Windows'),
	(5275, 'Ingresado Generación de Orden', '2023-02-10 11:15:04', 1310, 'IP:172.31.100.102; BROWSER:Chrome-109.0.0.0; OS:Windows'),
	(5276, 'Generación de Orden - SBB Cubierto con Mutuo', '2023-02-10 11:15:11', 1310, 'IP:172.31.100.102; BROWSER:Chrome-109.0.0.0; OS:Windows'),
	(5277, 'Ingresado Generación de Orden', '2023-02-10 11:23:20', 1310, 'IP:172.31.100.102; BROWSER:Chrome-109.0.0.0; OS:Windows'),
	(5278, 'Generación de Orden - Renta Fija(Seleccion de titulo)', '2023-02-10 11:23:32', 1310, 'IP:172.31.100.102; BROWSER:Chrome-109.0.0.0; OS:Windows'),
	(5279, 'Generación de Orden - Resumen de operación', '2023-02-10 11:27:17', 1310, 'IP:172.31.100.102; BROWSER:Chrome-109.0.0.0; OS:Windows'),
	(5280, 'Ingresado detalle-operaciones', '2023-02-10 11:37:39', 1310, 'IP:172.31.100.102; BROWSER:Chrome-109.0.0.0; OS:Windows'),
	(5281, 'Ingresado detalle-operaciones', '2023-02-10 11:37:39', 1310, 'IP:172.31.100.102; BROWSER:Chrome-109.0.0.0; OS:Windows'),
	(5282, 'Ingresado detalle-operaciones', '2023-02-10 11:37:39', 1310, 'IP:172.31.100.102; BROWSER:Chrome-109.0.0.0; OS:Windows'),
	(5283, 'Ingresado detalle-operaciones', '2023-02-10 11:37:39', 1310, 'IP:172.31.100.102; BROWSER:Chrome-109.0.0.0; OS:Windows'),
	(5284, 'Ingresado detalle-operaciones', '2023-02-10 11:37:39', 1310, 'IP:172.31.100.102; BROWSER:Chrome-109.0.0.0; OS:Windows'),
	(5285, 'Ingresado detalle-operaciones', '2023-02-10 11:38:40', 1310, 'IP:172.31.100.102; BROWSER:Chrome-109.0.0.0; OS:Windows'),
	(5286, 'Ingresado detalle-operaciones', '2023-02-10 11:38:52', 1310, 'IP:172.31.100.102; BROWSER:Chrome-109.0.0.0; OS:Windows'),
	(5287, 'Ingresado detalle-operaciones', '2023-02-10 11:39:47', 1310, 'IP:172.31.100.102; BROWSER:Chrome-109.0.0.0; OS:Windows'),
	(5288, 'Ingresado detalle-operaciones', '2023-02-10 11:41:22', 1310, 'IP:172.31.100.102; BROWSER:Chrome-109.0.0.0; OS:Windows'),
	(5289, 'Ingresado Generación de Orden', '2023-02-10 11:44:22', 1310, 'IP:172.31.100.102; BROWSER:Chrome-109.0.0.0; OS:Windows'),
	(5290, 'Generación de Orden - SBB Cubierto con Mutuo', '2023-02-10 11:44:30', 1310, 'IP:172.31.100.102; BROWSER:Chrome-109.0.0.0; OS:Windows'),
	(5291, 'Generación de Orden - Resumen de operación', '2023-02-10 11:46:42', 1310, 'IP:172.31.100.102; BROWSER:Chrome-109.0.0.0; OS:Windows'),
	(5292, 'Generación de Orden - Orden Generada Satisfactoriamente ID:64', '2023-02-10 11:47:05', 1310, 'IP:172.31.100.102; BROWSER:Chrome-109.0.0.0; OS:Windows'),
	(5293, 'Ingresado detalle-operaciones', '2023-02-10 11:47:07', 1310, 'IP:172.31.100.102; BROWSER:Chrome-109.0.0.0; OS:Windows'),
	(5294, 'Identificacion de Usuario', '2023-02-10 17:49:02', 1263, 'IP:172.31.100.102; BROWSER:Chrome-109.0.0.0; OS:Windows'),
	(5295, 'Validacion de equipo frecuente', '2023-02-10 17:49:02', 1263, 'IP:172.31.100.102; BROWSER:Chrome-109.0.0.0; OS:Windows'),
	(5296, 'Generacion de codigo OTP', '2023-02-10 17:49:02', 1263, 'IP:172.31.100.102; BROWSER:Chrome-109.0.0.0; OS:Windows'),
	(5297, 'Identificacion de Usuario', '2023-02-10 17:50:39', 1310, 'IP:172.31.100.102; BROWSER:Chrome-109.0.0.0; OS:Windows'),
	(5298, 'Validacion de equipo frecuente', '2023-02-10 17:50:39', 1310, 'IP:172.31.100.102; BROWSER:Chrome-109.0.0.0; OS:Windows'),
	(5299, 'Generacion de codigo OTP', '2023-02-10 17:50:39', 1310, 'IP:172.31.100.102; BROWSER:Chrome-109.0.0.0; OS:Windows'),
	(5300, 'Identificacion de Usuario', '2023-02-10 17:51:30', 1310, 'IP:172.31.100.102; BROWSER:Chrome-109.0.0.0; OS:Windows'),
	(5301, 'Validacion de equipo frecuente', '2023-02-10 17:51:30', 1310, 'IP:172.31.100.102; BROWSER:Chrome-109.0.0.0; OS:Windows'),
	(5302, 'Generacion de codigo OTP', '2023-02-10 17:51:30', 1310, 'IP:172.31.100.102; BROWSER:Chrome-109.0.0.0; OS:Windows'),
	(5303, 'Validacion de codigo OTP', '2023-02-10 17:51:54', 1310, 'IP:172.31.100.102; BROWSER:Chrome-109.0.0.0; OS:Windows'),
	(5304, 'Ingreso Exitoso UbiBroker', '2023-02-10 17:52:02', 1310, 'IP:172.31.100.102; BROWSER:Chrome-109.0.0.0; OS:Windows'),
	(5305, 'Ingresando Home', '2023-02-10 17:52:02', 1310, 'IP:172.31.100.102; BROWSER:Chrome-109.0.0.0; OS:Windows'),
	(5306, 'Ingresado Generación de Orden', '2023-02-10 17:52:33', 1310, 'IP:172.31.100.102; BROWSER:Chrome-109.0.0.0; OS:Windows'),
	(5307, 'Generación de Orden - SBB Cubierto con Mutuo', '2023-02-10 17:53:43', 1310, 'IP:172.31.100.102; BROWSER:Chrome-109.0.0.0; OS:Windows'),
	(5308, 'Generación de Orden - Resumen de operación', '2023-02-10 17:54:19', 1310, 'IP:172.31.100.102; BROWSER:Chrome-109.0.0.0; OS:Windows'),
	(5309, 'Generación de Orden - Orden Generada Satisfactoriamente ID:65', '2023-02-10 17:55:03', 1310, 'IP:172.31.100.102; BROWSER:Chrome-109.0.0.0; OS:Windows'),
	(5310, 'Ingresado detalle-operaciones', '2023-02-10 17:55:05', 1310, 'IP:172.31.100.102; BROWSER:Chrome-109.0.0.0; OS:Windows'),
	(5311, 'Ingresado Generación de Orden', '2023-02-10 17:55:40', 1310, 'IP:172.31.100.102; BROWSER:Chrome-109.0.0.0; OS:Windows'),
	(5312, 'Generación de Orden - Renta Fija(Seleccion de titulo)', '2023-02-10 17:55:52', 1310, 'IP:172.31.100.102; BROWSER:Chrome-109.0.0.0; OS:Windows'),
	(5313, 'Generación de Orden - Resumen de operación', '2023-02-10 17:56:53', 1310, 'IP:172.31.100.102; BROWSER:Chrome-109.0.0.0; OS:Windows'),
	(5314, 'Generación de Orden - Orden Generada Satisfactoriamente ID:66', '2023-02-10 17:59:35', 1310, 'IP:172.31.100.102; BROWSER:Chrome-109.0.0.0; OS:Windows'),
	(5315, 'Ingresado detalle-operaciones', '2023-02-10 17:59:36', 1310, 'IP:172.31.100.102; BROWSER:Chrome-109.0.0.0; OS:Windows'),
	(5316, 'Identificacion de Usuario', '2023-02-13 10:53:20', 1310, 'IP:172.31.100.102; BROWSER:Chrome-109.0.0.0; OS:Windows'),
	(5317, 'Validacion de equipo frecuente', '2023-02-13 10:53:20', 1310, 'IP:172.31.100.102; BROWSER:Chrome-109.0.0.0; OS:Windows'),
	(5318, 'Generacion de codigo OTP', '2023-02-13 10:53:20', 1310, 'IP:172.31.100.102; BROWSER:Chrome-109.0.0.0; OS:Windows'),
	(5319, 'Usuario o Clave Invalida', '2023-02-13 10:55:20', 1304, 'IP:172.31.100.102; BROWSER:Chrome-110.0.0.0; OS:Windows'),
	(5320, 'Usuario o Clave Invalida', '2023-02-13 10:55:38', 1304, 'IP:172.31.100.102; BROWSER:Chrome-110.0.0.0; OS:Windows'),
	(5321, 'Identificacion de Usuario', '2023-02-14 10:21:49', 1310, 'IP:172.31.100.102; BROWSER:Chrome-110.0.0.0; OS:Windows'),
	(5322, 'Validacion de equipo frecuente', '2023-02-14 10:21:49', 1310, 'IP:172.31.100.102; BROWSER:Chrome-110.0.0.0; OS:Windows'),
	(5323, 'Generacion de codigo OTP', '2023-02-14 10:21:49', 1310, 'IP:172.31.100.102; BROWSER:Chrome-110.0.0.0; OS:Windows'),
	(5324, 'Usuario o Clave Invalida', '2023-02-14 10:23:20', 1325, 'IP:172.31.100.102; BROWSER:Chrome-110.0.0.0; OS:Windows'),
	(5325, 'Identificacion de Usuario', '2023-02-14 10:25:51', 1310, 'IP:172.31.100.102; BROWSER:Chrome-110.0.0.0; OS:Windows'),
	(5326, 'Validacion de equipo frecuente', '2023-02-14 10:25:51', 1310, 'IP:172.31.100.102; BROWSER:Chrome-110.0.0.0; OS:Windows'),
	(5327, 'Generacion de codigo OTP', '2023-02-14 10:25:51', 1310, 'IP:172.31.100.102; BROWSER:Chrome-110.0.0.0; OS:Windows'),
	(5328, 'Validacion de codigo OTP', '2023-02-14 10:26:22', 1310, 'IP:172.31.100.102; BROWSER:Chrome-110.0.0.0; OS:Windows'),
	(5329, 'Ingreso Exitoso UbiBroker', '2023-02-14 10:26:23', 1310, 'IP:172.31.100.102; BROWSER:Chrome-110.0.0.0; OS:Windows'),
	(5330, 'Ingresando Home', '2023-02-14 10:26:23', 1310, 'IP:172.31.100.102; BROWSER:Chrome-110.0.0.0; OS:Windows'),
	(5331, 'Ingresado Generación de Orden', '2023-02-14 10:26:57', 1310, 'IP:172.31.100.102; BROWSER:Chrome-110.0.0.0; OS:Windows'),
	(5332, 'Generación de Orden - SBB Cubierto con Mutuo', '2023-02-14 10:27:29', 1310, 'IP:172.31.100.102; BROWSER:Chrome-110.0.0.0; OS:Windows'),
	(5333, 'Generación de Orden - Resumen de operación', '2023-02-14 10:29:05', 1310, 'IP:172.31.100.102; BROWSER:Chrome-110.0.0.0; OS:Windows'),
	(5334, 'Generación de Orden - Orden Generada Satisfactoriamente ID:67', '2023-02-14 10:29:31', 1310, 'IP:172.31.100.102; BROWSER:Chrome-110.0.0.0; OS:Windows'),
	(5335, 'Ingresado detalle-operaciones', '2023-02-14 10:29:44', 1310, 'IP:172.31.100.102; BROWSER:Chrome-110.0.0.0; OS:Windows'),
	(5336, 'Identificacion de Usuario', '2023-02-14 10:44:02', 1310, 'IP:172.31.100.102; BROWSER:Chrome-110.0.0.0; OS:Windows'),
	(5337, 'Validacion de equipo frecuente', '2023-02-14 10:44:02', 1310, 'IP:172.31.100.102; BROWSER:Chrome-110.0.0.0; OS:Windows'),
	(5338, 'Generacion de codigo OTP', '2023-02-14 10:44:02', 1310, 'IP:172.31.100.102; BROWSER:Chrome-110.0.0.0; OS:Windows'),
	(5339, 'Validacion de codigo OTP', '2023-02-14 10:45:39', 1310, 'IP:172.31.100.102; BROWSER:Chrome-110.0.0.0; OS:Windows'),
	(5340, 'Ingreso Exitoso UbiBroker', '2023-02-14 10:45:42', 1310, 'IP:172.31.100.102; BROWSER:Chrome-110.0.0.0; OS:Windows'),
	(5341, 'Ingresando Home', '2023-02-14 10:45:42', 1310, 'IP:172.31.100.102; BROWSER:Chrome-110.0.0.0; OS:Windows'),
	(5342, 'Ingresado Generación de Orden', '2023-02-14 10:46:15', 1310, 'IP:172.31.100.102; BROWSER:Chrome-110.0.0.0; OS:Windows'),
	(5343, 'Generación de Orden - SBB Cubierto con Mutuo', '2023-02-14 10:47:20', 1310, 'IP:172.31.100.102; BROWSER:Chrome-110.0.0.0; OS:Windows'),
	(5344, 'Generación de Orden - Resumen de operación', '2023-02-14 10:48:16', 1310, 'IP:172.31.100.102; BROWSER:Chrome-110.0.0.0; OS:Windows'),
	(5345, 'Usuario o Clave Invalida', '2023-02-14 10:50:36', 1324, 'IP:172.31.100.102; BROWSER:Chrome-110.0.0.0; OS:Windows'),
	(5346, 'Identificacion de Usuario', '2023-02-14 10:50:56', 1310, 'IP:172.31.100.102; BROWSER:Chrome-110.0.0.0; OS:Windows'),
	(5347, 'Validacion de equipo frecuente', '2023-02-14 10:50:56', 1310, 'IP:172.31.100.102; BROWSER:Chrome-110.0.0.0; OS:Windows'),
	(5348, 'Generacion de codigo OTP', '2023-02-14 10:50:56', 1310, 'IP:172.31.100.102; BROWSER:Chrome-110.0.0.0; OS:Windows'),
	(5349, 'Usuario o Clave Invalida', '2023-02-14 10:51:00', 1324, 'IP:172.31.100.102; BROWSER:Chrome-110.0.0.0; OS:Windows'),
	(5350, 'Identificacion de Usuario', '2023-02-14 10:52:23', 1310, 'IP:172.31.100.102; BROWSER:Chrome-110.0.0.0; OS:Windows'),
	(5351, 'Validacion de equipo frecuente', '2023-02-14 10:52:23', 1310, 'IP:172.31.100.102; BROWSER:Chrome-110.0.0.0; OS:Windows'),
	(5352, 'Generacion de codigo OTP', '2023-02-14 10:52:23', 1310, 'IP:172.31.100.102; BROWSER:Chrome-110.0.0.0; OS:Windows'),
	(5353, 'Validacion de codigo OTP', '2023-02-14 10:52:45', 1310, 'IP:172.31.100.102; BROWSER:Chrome-110.0.0.0; OS:Windows'),
	(5354, 'Ingreso Exitoso UbiBroker', '2023-02-14 10:52:48', 1310, 'IP:172.31.100.102; BROWSER:Chrome-110.0.0.0; OS:Windows'),
	(5355, 'Ingresando Home', '2023-02-14 10:52:48', 1310, 'IP:172.31.100.102; BROWSER:Chrome-110.0.0.0; OS:Windows'),
	(5356, 'Ingresado Generación de Orden', '2023-02-14 10:53:10', 1310, 'IP:172.31.100.102; BROWSER:Chrome-110.0.0.0; OS:Windows'),
	(5357, 'Desconexion UbiBroker', '2023-02-14 10:53:48', 1310, 'IP:172.31.100.102; BROWSER:Chrome-110.0.0.0; OS:Windows'),
	(5358, 'Identificacion de Usuario', '2023-02-15 11:07:50', 1310, 'IP:172.31.100.102; BROWSER:Chrome-110.0.0.0; OS:Windows'),
	(5359, 'Validacion de equipo frecuente', '2023-02-15 11:07:50', 1310, 'IP:172.31.100.102; BROWSER:Chrome-110.0.0.0; OS:Windows'),
	(5360, 'Generacion de codigo OTP', '2023-02-15 11:07:50', 1310, 'IP:172.31.100.102; BROWSER:Chrome-110.0.0.0; OS:Windows'),
	(5361, 'Identificacion de Usuario', '2023-02-15 11:08:29', 1310, 'IP:172.31.100.102; BROWSER:Safari-13.0.3; OS:Mac'),
	(5362, 'Validacion de equipo frecuente', '2023-02-15 11:08:29', 1310, 'IP:172.31.100.102; BROWSER:Safari-13.0.3; OS:Mac'),
	(5363, 'Generacion de codigo OTP', '2023-02-15 11:08:29', 1310, 'IP:172.31.100.102; BROWSER:Safari-13.0.3; OS:Mac'),
	(5364, 'Validacion de codigo OTP', '2023-02-15 11:08:47', 1310, 'IP:172.31.100.102; BROWSER:Safari-13.0.3; OS:Mac'),
	(5365, 'Ingreso Exitoso UbiBroker', '2023-02-15 11:08:52', 1310, 'IP:172.31.100.102; BROWSER:Safari-13.0.3; OS:Mac'),
	(5366, 'Ingresando Home', '2023-02-15 11:08:52', 1310, 'IP:172.31.100.102; BROWSER:Safari-13.0.3; OS:Mac'),
	(5367, 'Ingresado Generación de Orden', '2023-02-15 11:09:26', 1310, 'IP:172.31.100.102; BROWSER:Safari-13.0.3; OS:Mac'),
	(5368, 'Recuperacion de cotraseña- API CRM Error:UserPassWebApp Estatus 500(Error generico)', '2023-02-15 11:57:53', 1319, 'IP:172.31.100.102; BROWSER:Chrome-110.0.0.0; OS:Windows'),
	(5369, 'Usuario o Clave Invalida', '2023-02-15 11:58:42', 1319, 'IP:172.31.100.102; BROWSER:Chrome-110.0.0.0; OS:Windows'),
	(5370, 'Recuperacion de cotraseña- API CRM Error:UserPassWebApp Estatus 500(Error generico)', '2023-02-15 12:03:38', 1319, 'IP:172.31.100.102; BROWSER:Chrome-110.0.0.0; OS:Windows'),
	(5371, 'Identificacion de Usuario', '2023-02-15 15:16:19', 1310, 'IP:172.31.100.102; BROWSER:Chrome-110.0.0.0; OS:Windows'),
	(5372, 'Validacion de equipo frecuente', '2023-02-15 15:16:19', 1310, 'IP:172.31.100.102; BROWSER:Chrome-110.0.0.0; OS:Windows'),
	(5373, 'Generacion de codigo OTP', '2023-02-15 15:16:19', 1310, 'IP:172.31.100.102; BROWSER:Chrome-110.0.0.0; OS:Windows'),
	(5374, 'Validacion de codigo OTP', '2023-02-15 15:16:40', 1310, 'IP:172.31.100.102; BROWSER:Chrome-110.0.0.0; OS:Windows'),
	(5375, 'Validacion de codigo OTP:El código otp que ingresó es inválido.', '2023-02-15 15:16:40', 1310, 'IP:172.31.100.102; BROWSER:Chrome-110.0.0.0; OS:Windows'),
	(5376, 'Identificacion de Usuario', '2023-02-15 16:14:47', 1310, 'IP:172.31.100.102; BROWSER:Chrome-110.0.0.0; OS:Windows'),
	(5377, 'Validacion de equipo frecuente', '2023-02-15 16:14:47', 1310, 'IP:172.31.100.102; BROWSER:Chrome-110.0.0.0; OS:Windows'),
	(5378, 'Generacion de codigo OTP', '2023-02-15 16:14:47', 1310, 'IP:172.31.100.102; BROWSER:Chrome-110.0.0.0; OS:Windows'),
	(5379, 'Identificacion de Usuario', '2023-02-15 16:15:19', 1310, 'IP:172.31.100.102; BROWSER:Chrome-110.0.0.0; OS:Windows'),
	(5380, 'Validacion de equipo frecuente', '2023-02-15 16:15:19', 1310, 'IP:172.31.100.102; BROWSER:Chrome-110.0.0.0; OS:Windows'),
	(5381, 'Generacion de codigo OTP', '2023-02-15 16:15:19', 1310, 'IP:172.31.100.102; BROWSER:Chrome-110.0.0.0; OS:Windows'),
	(5382, 'Validacion de codigo OTP', '2023-02-15 16:16:31', 1310, 'IP:172.31.100.102; BROWSER:Chrome-110.0.0.0; OS:Windows'),
	(5383, 'Ingreso Exitoso UbiBroker', '2023-02-15 16:16:34', 1310, 'IP:172.31.100.102; BROWSER:Chrome-110.0.0.0; OS:Windows'),
	(5384, 'Ingresando Home', '2023-02-15 16:16:34', 1310, 'IP:172.31.100.102; BROWSER:Chrome-110.0.0.0; OS:Windows'),
	(5385, 'Ingresado Generación de Orden', '2023-02-15 16:16:47', 1310, 'IP:172.31.100.102; BROWSER:Chrome-110.0.0.0; OS:Windows'),
	(5386, 'Generación de Orden - SBB Cubierto con Mutuo', '2023-02-15 16:17:00', 1310, 'IP:172.31.100.102; BROWSER:Chrome-110.0.0.0; OS:Windows'),
	(5387, 'Generación de Orden - Resumen de operación', '2023-02-15 16:18:02', 1310, 'IP:172.31.100.102; BROWSER:Chrome-110.0.0.0; OS:Windows'),
	(5388, 'Generación de Orden - Orden Generada Satisfactoriamente ID:68', '2023-02-15 16:18:41', 1310, 'IP:172.31.100.102; BROWSER:Chrome-110.0.0.0; OS:Windows'),
	(5389, 'Ingresado detalle-operaciones', '2023-02-15 16:18:44', 1310, 'IP:172.31.100.102; BROWSER:Chrome-110.0.0.0; OS:Windows'),
	(5390, 'Ingresado Generación de Orden', '2023-02-15 16:20:00', 1310, 'IP:172.31.100.102; BROWSER:Chrome-110.0.0.0; OS:Windows'),
	(5391, 'Generación de Orden - Renta Fija(Seleccion de titulo)', '2023-02-15 16:20:08', 1310, 'IP:172.31.100.102; BROWSER:Chrome-110.0.0.0; OS:Windows'),
	(5392, 'Generación de Orden - Resumen de operación', '2023-02-15 16:20:55', 1310, 'IP:172.31.100.102; BROWSER:Chrome-110.0.0.0; OS:Windows'),
	(5393, 'Identificacion de Usuario', '2023-02-16 13:59:08', 1310, 'IP:172.31.100.102; BROWSER:Chrome-110.0.0.0; OS:Windows'),
	(5394, 'Validacion de equipo frecuente', '2023-02-16 13:59:09', 1310, 'IP:172.31.100.102; BROWSER:Chrome-110.0.0.0; OS:Windows'),
	(5395, 'Generacion de codigo OTP', '2023-02-16 13:59:09', 1310, 'IP:172.31.100.102; BROWSER:Chrome-110.0.0.0; OS:Windows'),
	(5396, 'Identificacion de Usuario', '2023-02-16 14:03:06', 1310, 'IP:172.31.100.102; BROWSER:Chrome-110.0.0.0; OS:Windows'),
	(5397, 'Validacion de equipo frecuente', '2023-02-16 14:03:06', 1310, 'IP:172.31.100.102; BROWSER:Chrome-110.0.0.0; OS:Windows'),
	(5398, 'Generacion de codigo OTP', '2023-02-16 14:03:06', 1310, 'IP:172.31.100.102; BROWSER:Chrome-110.0.0.0; OS:Windows'),
	(5399, 'Validacion de codigo OTP', '2023-02-16 14:04:05', 1310, 'IP:172.31.100.102; BROWSER:Chrome-110.0.0.0; OS:Windows'),
	(5400, 'Ingreso Exitoso UbiBroker', '2023-02-16 14:04:09', 1310, 'IP:172.31.100.102; BROWSER:Chrome-110.0.0.0; OS:Windows'),
	(5401, 'Ingresando Home', '2023-02-16 14:04:09', 1310, 'IP:172.31.100.102; BROWSER:Chrome-110.0.0.0; OS:Windows'),
	(5402, 'Ingresado Generación de Orden', '2023-02-16 14:05:07', 1310, 'IP:172.31.100.102; BROWSER:Chrome-110.0.0.0; OS:Windows'),
	(5403, 'Generación de Orden - SBB Cubierto con Mutuo', '2023-02-16 14:05:11', 1310, 'IP:172.31.100.102; BROWSER:Chrome-110.0.0.0; OS:Windows'),
	(5404, 'Identificacion de Usuario', '2023-02-16 14:12:52', 1319, 'IP:172.31.100.102; BROWSER:Chrome-110.0.0.0; OS:Windows'),
	(5405, 'Creacion de preguntas de seguridad', '2023-02-16 14:12:52', 1319, 'IP:172.31.100.102; BROWSER:Chrome-110.0.0.0; OS:Windows'),
	(5406, 'Confirmacion de preguntas de seguridad', '2023-02-16 14:13:14', 1319, 'IP:172.31.100.102; BROWSER:Chrome-110.0.0.0; OS:Windows'),
	(5407, 'Creacion de preguntas de seguridad exitosa ', '2023-02-16 14:13:27', 1319, 'IP:172.31.100.102; BROWSER:Chrome-110.0.0.0; OS:Windows'),
	(5408, 'Ingreso Exitoso UbiBroker', '2023-02-16 14:13:30', 1319, 'IP:172.31.100.102; BROWSER:Chrome-110.0.0.0; OS:Windows'),
	(5409, 'Ingresando Home', '2023-02-16 14:13:30', 1319, 'IP:172.31.100.102; BROWSER:Chrome-110.0.0.0; OS:Windows'),
	(5410, 'Identificacion de Usuario', '2023-02-16 14:46:13', 1310, 'IP:172.31.100.102; BROWSER:Chrome-110.0.0.0; OS:Windows'),
	(5411, 'Validacion de equipo frecuente', '2023-02-16 14:46:13', 1310, 'IP:172.31.100.102; BROWSER:Chrome-110.0.0.0; OS:Windows'),
	(5412, 'Generacion de codigo OTP', '2023-02-16 14:46:13', 1310, 'IP:172.31.100.102; BROWSER:Chrome-110.0.0.0; OS:Windows'),
	(5413, 'Identificacion de Usuario', '2023-02-16 14:47:23', 1310, 'IP:172.31.100.102; BROWSER:Chrome-110.0.0.0; OS:Windows'),
	(5414, 'Validacion de equipo frecuente', '2023-02-16 14:47:23', 1310, 'IP:172.31.100.102; BROWSER:Chrome-110.0.0.0; OS:Windows'),
	(5415, 'Generacion de codigo OTP', '2023-02-16 14:47:23', 1310, 'IP:172.31.100.102; BROWSER:Chrome-110.0.0.0; OS:Windows'),
	(5416, 'Validacion de codigo OTP', '2023-02-16 14:47:43', 1310, 'IP:172.31.100.102; BROWSER:Chrome-110.0.0.0; OS:Windows'),
	(5417, 'Ingreso Exitoso UbiBroker', '2023-02-16 14:47:46', 1310, 'IP:172.31.100.102; BROWSER:Chrome-110.0.0.0; OS:Windows'),
	(5418, 'Ingresando Home', '2023-02-16 14:47:46', 1310, 'IP:172.31.100.102; BROWSER:Chrome-110.0.0.0; OS:Windows'),
	(5419, 'Ingresado Generación de Orden', '2023-02-16 14:47:56', 1310, 'IP:172.31.100.102; BROWSER:Chrome-110.0.0.0; OS:Windows'),
	(5420, 'Generación de Orden - SBB Cubierto con Mutuo', '2023-02-16 14:48:09', 1310, 'IP:172.31.100.102; BROWSER:Chrome-110.0.0.0; OS:Windows'),
	(5421, 'Generación de Orden - Resumen de operación', '2023-02-16 14:48:47', 1310, 'IP:172.31.100.102; BROWSER:Chrome-110.0.0.0; OS:Windows'),
	(5422, 'Generación de Orden - Orden Generada Satisfactoriamente ID:69', '2023-02-16 14:48:56', 1310, 'IP:172.31.100.102; BROWSER:Chrome-110.0.0.0; OS:Windows'),
	(5423, 'Generación de Orden - Orden Generada Satisfactoriamente ID:70', '2023-02-16 14:54:01', 1310, 'IP:172.31.100.102; BROWSER:Chrome-110.0.0.0; OS:Windows'),
	(5424, 'Generación de Orden - Error al insertar el archivo adjunto', '2023-02-16 15:01:48', 1310, 'IP:172.31.100.102; BROWSER:Chrome-110.0.0.0; OS:Windows'),
	(5425, 'Identificacion de Usuario', '2023-02-16 15:07:33', 1310, 'IP:172.31.100.102; BROWSER:Chrome-109.0.0.0; OS:Windows'),
	(5426, 'Validacion de equipo frecuente', '2023-02-16 15:07:33', 1310, 'IP:172.31.100.102; BROWSER:Chrome-109.0.0.0; OS:Windows'),
	(5427, 'Generacion de codigo OTP', '2023-02-16 15:07:33', 1310, 'IP:172.31.100.102; BROWSER:Chrome-109.0.0.0; OS:Windows'),
	(5428, 'Validacion de codigo OTP', '2023-02-16 15:08:34', NULL, 'IP:172.31.100.102; BROWSER:Chrome-109.0.0.0; OS:Windows'),
	(5429, 'Generación de Orden - Error al insertar el archivo adjunto', '2023-02-16 15:09:06', 1310, 'IP:172.31.100.102; BROWSER:Chrome-110.0.0.0; OS:Windows'),
	(5430, 'Identificacion de Usuario', '2023-02-16 15:09:15', 1310, 'IP:172.31.100.102; BROWSER:Chrome-109.0.0.0; OS:Windows'),
	(5431, 'Validacion de equipo frecuente', '2023-02-16 15:09:15', 1310, 'IP:172.31.100.102; BROWSER:Chrome-109.0.0.0; OS:Windows'),
	(5432, 'Generacion de codigo OTP', '2023-02-16 15:09:15', 1310, 'IP:172.31.100.102; BROWSER:Chrome-109.0.0.0; OS:Windows'),
	(5433, 'Validacion de codigo OTP', '2023-02-16 15:09:59', 1310, 'IP:172.31.100.102; BROWSER:Chrome-109.0.0.0; OS:Windows'),
	(5434, 'Ingreso Exitoso UbiBroker', '2023-02-16 15:10:10', 1310, 'IP:172.31.100.102; BROWSER:Chrome-109.0.0.0; OS:Windows'),
	(5435, 'Ingresando Home', '2023-02-16 15:10:10', 1310, 'IP:172.31.100.102; BROWSER:Chrome-109.0.0.0; OS:Windows'),
	(5436, 'Ingresado Generación de Orden', '2023-02-16 15:10:31', 1310, 'IP:172.31.100.102; BROWSER:Chrome-109.0.0.0; OS:Windows'),
	(5437, 'Generación de Orden - SBB Cubierto con Mutuo', '2023-02-16 15:10:43', 1310, 'IP:172.31.100.102; BROWSER:Chrome-109.0.0.0; OS:Windows'),
	(5438, 'Generación de Orden - Resumen de operación', '2023-02-16 15:14:27', 1310, 'IP:172.31.100.102; BROWSER:Chrome-109.0.0.0; OS:Windows'),
	(5439, 'Generación de Orden - Orden Generada Satisfactoriamente ID:71', '2023-02-16 15:15:09', 1310, 'IP:172.31.100.102; BROWSER:Chrome-109.0.0.0; OS:Windows'),
	(5440, 'Ingresado detalle-operaciones', '2023-02-16 15:15:27', 1310, 'IP:172.31.100.102; BROWSER:Chrome-109.0.0.0; OS:Windows'),
	(5441, 'Ingresado Generación de Orden', '2023-02-16 15:29:37', 1310, 'IP:172.31.100.102; BROWSER:Chrome-109.0.0.0; OS:Windows'),
	(5442, 'Generación de Orden - SBB Cubierto con Mutuo', '2023-02-16 15:29:50', 1310, 'IP:172.31.100.102; BROWSER:Chrome-109.0.0.0; OS:Windows'),
	(5443, 'Generación de Orden - Resumen de operación', '2023-02-16 15:31:23', 1310, 'IP:172.31.100.102; BROWSER:Chrome-109.0.0.0; OS:Windows'),
	(5444, 'Generación de Orden - Resumen de operación', '2023-02-16 15:32:46', 1310, 'IP:172.31.100.102; BROWSER:Chrome-109.0.0.0; OS:Windows'),
	(5445, 'Modificacion de Preguntas de seguridad', '2023-02-16 15:33:34', 1310, 'IP:172.31.100.102; BROWSER:Chrome-109.0.0.0; OS:Windows'),
	(5446, 'Desconexion UbiBroker', '2023-02-16 15:34:00', 1310, 'IP:172.31.100.102; BROWSER:Chrome-109.0.0.0; OS:Windows'),
	(5447, 'Identificacion de Usuario', '2023-02-16 15:34:32', 1310, 'IP:172.31.100.102; BROWSER:Chrome-109.0.0.0; OS:Windows'),
	(5448, 'Usuario o Clave Invalida', '2023-02-16 15:34:32', 1310, 'IP:172.31.100.102; BROWSER:Chrome-109.0.0.0; OS:Windows'),
	(5449, 'Identificacion de Usuario', '2023-02-16 15:35:01', 1310, 'IP:172.31.100.102; BROWSER:Chrome-109.0.0.0; OS:Windows'),
	(5450, 'Validacion de equipo frecuente', '2023-02-16 15:35:01', 1310, 'IP:172.31.100.102; BROWSER:Chrome-109.0.0.0; OS:Windows'),
	(5451, 'Generacion de codigo OTP', '2023-02-16 15:35:01', 1310, 'IP:172.31.100.102; BROWSER:Chrome-109.0.0.0; OS:Windows'),
	(5452, 'Validacion de codigo OTP', '2023-02-16 15:35:53', 1310, 'IP:172.31.100.102; BROWSER:Chrome-109.0.0.0; OS:Windows'),
	(5453, 'Ingreso Exitoso UbiBroker', '2023-02-16 15:35:53', 1310, 'IP:172.31.100.102; BROWSER:Chrome-109.0.0.0; OS:Windows'),
	(5454, 'Ingresando Home', '2023-02-16 15:35:53', 1310, 'IP:172.31.100.102; BROWSER:Chrome-109.0.0.0; OS:Windows'),
	(5455, 'Ingresado Generación de Orden', '2023-02-16 15:36:04', 1310, 'IP:172.31.100.102; BROWSER:Chrome-109.0.0.0; OS:Windows'),
	(5456, 'Generación de Orden - SBB Cubierto con Mutuo', '2023-02-16 15:36:15', 1310, 'IP:172.31.100.102; BROWSER:Chrome-109.0.0.0; OS:Windows'),
	(5457, 'Identificacion de Usuario', '2023-02-17 10:39:31', 1319, 'IP:172.31.100.102; BROWSER:Chrome-110.0.0.0; OS:Windows'),
	(5458, 'Validacion de equipo frecuente', '2023-02-17 10:39:31', 1319, 'IP:172.31.100.102; BROWSER:Chrome-110.0.0.0; OS:Windows'),
	(5459, 'Generacion de codigo OTP', '2023-02-17 10:39:31', 1319, 'IP:172.31.100.102; BROWSER:Chrome-110.0.0.0; OS:Windows'),
	(5460, 'Validacion de codigo OTP', '2023-02-17 10:40:02', 1319, 'IP:172.31.100.102; BROWSER:Chrome-110.0.0.0; OS:Windows'),
	(5461, 'Ingreso Exitoso UbiBroker', '2023-02-17 10:40:10', 1319, 'IP:172.31.100.102; BROWSER:Chrome-110.0.0.0; OS:Windows'),
	(5462, 'Ingresando Home', '2023-02-17 10:40:10', 1319, 'IP:172.31.100.102; BROWSER:Chrome-110.0.0.0; OS:Windows'),
	(5463, 'Identificacion de Usuario', '2023-02-17 10:53:28', 1319, 'IP:172.31.100.102; BROWSER:Chrome-110.0.0.0; OS:Android'),
	(5464, 'Validacion de equipo frecuente', '2023-02-17 10:53:28', 1319, 'IP:172.31.100.102; BROWSER:Chrome-110.0.0.0; OS:Android'),
	(5465, 'Generacion de codigo OTP', '2023-02-17 10:53:28', 1319, 'IP:172.31.100.102; BROWSER:Chrome-110.0.0.0; OS:Android'),
	(5466, 'Validacion de codigo OTP', '2023-02-17 10:53:58', 1319, 'IP:172.31.100.102; BROWSER:Chrome-110.0.0.0; OS:Android'),
	(5467, 'Ingreso Exitoso UbiBroker', '2023-02-17 10:53:59', 1319, 'IP:172.31.100.102; BROWSER:Chrome-110.0.0.0; OS:Android'),
	(5468, 'Ingresando Home', '2023-02-17 10:53:59', 1319, 'IP:172.31.100.102; BROWSER:Chrome-110.0.0.0; OS:Android'),
	(5469, 'Identificacion de Usuario', '2023-02-17 11:14:06', 1310, 'IP:172.31.100.102; BROWSER:Chrome-110.0.0.0; OS:Windows'),
	(5470, 'Usuario o Clave Invalida', '2023-02-17 11:14:06', 1310, 'IP:172.31.100.102; BROWSER:Chrome-110.0.0.0; OS:Windows'),
	(5471, 'Identificacion de Usuario', '2023-02-17 11:14:31', 1310, 'IP:172.31.100.102; BROWSER:Chrome-110.0.0.0; OS:Windows'),
	(5472, 'Usuario o Clave Invalida', '2023-02-17 11:14:31', 1310, 'IP:172.31.100.102; BROWSER:Chrome-110.0.0.0; OS:Windows'),
	(5473, 'Identificacion de Usuario', '2023-02-17 11:14:49', 1311, 'IP:172.31.100.102; BROWSER:Chrome-110.0.0.0; OS:Windows'),
	(5474, 'Validacion de equipo frecuente', '2023-02-17 11:14:49', 1311, 'IP:172.31.100.102; BROWSER:Chrome-110.0.0.0; OS:Windows'),
	(5475, 'Generacion de codigo OTP', '2023-02-17 11:14:49', 1311, 'IP:172.31.100.102; BROWSER:Chrome-110.0.0.0; OS:Windows'),
	(5476, 'Identificacion de Usuario', '2023-02-17 11:16:58', 1311, 'IP:172.31.100.102; BROWSER:Chrome-110.0.0.0; OS:Windows'),
	(5477, 'Validacion de equipo frecuente', '2023-02-17 11:16:59', 1311, 'IP:172.31.100.102; BROWSER:Chrome-110.0.0.0; OS:Windows'),
	(5478, 'Generacion de codigo OTP', '2023-02-17 11:16:59', 1311, 'IP:172.31.100.102; BROWSER:Chrome-110.0.0.0; OS:Windows'),
	(5479, 'Identificacion de Usuario', '2023-02-17 11:19:01', 1310, 'IP:172.31.100.102; BROWSER:Chrome-110.0.0.0; OS:Windows'),
	(5480, 'Validacion de equipo frecuente', '2023-02-17 11:19:01', 1310, 'IP:172.31.100.102; BROWSER:Chrome-110.0.0.0; OS:Windows'),
	(5481, 'Generacion de codigo OTP', '2023-02-17 11:19:01', 1310, 'IP:172.31.100.102; BROWSER:Chrome-110.0.0.0; OS:Windows'),
	(5482, 'Identificacion de Usuario', '2023-02-17 11:19:31', 1310, 'IP:172.31.100.102; BROWSER:Chrome-110.0.0.0; OS:Windows'),
	(5483, 'Validacion de equipo frecuente', '2023-02-17 11:19:31', 1310, 'IP:172.31.100.102; BROWSER:Chrome-110.0.0.0; OS:Windows'),
	(5484, 'Generacion de codigo OTP', '2023-02-17 11:19:31', 1310, 'IP:172.31.100.102; BROWSER:Chrome-110.0.0.0; OS:Windows'),
	(5485, 'Usuario o Clave Invalida', '2023-02-17 11:22:11', 1310, 'IP:172.31.100.102; BROWSER:Chrome-110.0.0.0; OS:Windows'),
	(5486, 'Usuario o Clave Invalida', '2023-02-17 18:13:25', 246, 'IP:172.31.100.102; BROWSER:Chrome-110.0.0.0; OS:Windows'),
	(5487, 'Usuario o Clave Invalida', '2023-02-17 18:53:03', 1305, 'IP:172.31.100.102; BROWSER:Chrome-109.0.0.0; OS:Windows'),
	(5488, 'Usuario o Clave Invalida', '2023-02-17 18:54:26', 1310, 'IP:172.31.100.102; BROWSER:Chrome-110.0.0.0; OS:Windows'),
	(5489, 'Usuario o Clave Invalida', '2023-02-17 18:56:08', 1310, 'IP:172.31.100.102; BROWSER:Chrome-110.0.0.0; OS:Windows'),
	(5490, 'Identificacion de Usuario', '2023-02-20 08:44:32', 1312, 'IP:172.31.100.102; BROWSER:Chrome-110.0.0.0; OS:Windows'),
	(5491, 'Creacion de preguntas de seguridad', '2023-02-20 08:44:32', 1312, 'IP:172.31.100.102; BROWSER:Chrome-110.0.0.0; OS:Windows'),
	(5492, 'Identificacion de Usuario', '2023-02-21 11:18:13', 1319, 'IP:172.31.100.102; BROWSER:Chrome-110.0.0.0; OS:Windows'),
	(5493, 'Validacion de equipo frecuente', '2023-02-21 11:18:14', 1319, 'IP:172.31.100.102; BROWSER:Chrome-110.0.0.0; OS:Windows'),
	(5494, 'Generacion de codigo OTP', '2023-02-21 11:18:14', 1319, 'IP:172.31.100.102; BROWSER:Chrome-110.0.0.0; OS:Windows'),
	(5495, 'Validacion de codigo OTP', '2023-02-21 11:18:39', 1319, 'IP:172.31.100.102; BROWSER:Chrome-110.0.0.0; OS:Windows'),
	(5496, 'Ingreso Exitoso UbiBroker', '2023-02-21 11:18:45', 1319, 'IP:172.31.100.102; BROWSER:Chrome-110.0.0.0; OS:Windows'),
	(5497, 'Ingresando Home', '2023-02-21 11:18:45', 1319, 'IP:172.31.100.102; BROWSER:Chrome-110.0.0.0; OS:Windows'),
	(5498, 'Identificacion de Usuario', '2023-02-21 11:21:16', 1319, 'IP:172.31.100.102; BROWSER:Chrome-110.0.0.0; OS:Windows'),
	(5499, 'Validacion de equipo frecuente', '2023-02-21 11:21:16', 1319, 'IP:172.31.100.102; BROWSER:Chrome-110.0.0.0; OS:Windows'),
	(5500, 'Generacion de codigo OTP', '2023-02-21 11:21:16', 1319, 'IP:172.31.100.102; BROWSER:Chrome-110.0.0.0; OS:Windows'),
	(5501, 'Validacion de codigo OTP', '2023-02-21 11:22:02', 1319, 'IP:172.31.100.102; BROWSER:Chrome-110.0.0.0; OS:Windows'),
	(5502, 'Ingreso Exitoso UbiBroker', '2023-02-21 11:22:03', 1319, 'IP:172.31.100.102; BROWSER:Chrome-110.0.0.0; OS:Windows'),
	(5503, 'Ingresando Home', '2023-02-21 11:22:03', 1319, 'IP:172.31.100.102; BROWSER:Chrome-110.0.0.0; OS:Windows'),
	(5504, 'Ingresando Home Embebido', '2023-02-22 08:49:21', 1160, '172.31.100.102'),
	(5505, 'Ingresando Home Embebido', '2023-02-22 08:49:44', 1160, '172.31.100.102'),
	(5506, 'Identificacion de Usuario', '2023-02-22 09:00:50', 1221, 'IP:172.31.100.102; BROWSER:Firefox-109.0; OS:Windows'),
	(5507, 'Validacion de equipo frecuente', '2023-02-22 09:00:50', 1221, 'IP:172.31.100.102; BROWSER:Firefox-109.0; OS:Windows'),
	(5508, 'Generacion de codigo OTP', '2023-02-22 09:00:50', 1221, 'IP:172.31.100.102; BROWSER:Firefox-109.0; OS:Windows'),
	(5509, 'Validacion de codigo OTP', '2023-02-22 09:01:37', 1221, 'IP:172.31.100.102; BROWSER:Firefox-109.0; OS:Windows'),
	(5510, 'Ingreso Exitoso UbiBroker', '2023-02-22 09:01:44', 1221, 'IP:172.31.100.102; BROWSER:Firefox-109.0; OS:Windows'),
	(5511, 'Ingresando Home', '2023-02-22 09:01:45', 1221, 'IP:172.31.100.102; BROWSER:Firefox-109.0; OS:Windows'),
	(5512, 'Ingresado detalle-operaciones', '2023-02-22 09:01:55', 1221, 'IP:172.31.100.102; BROWSER:Firefox-109.0; OS:Windows'),
	(5513, 'Usuario o Clave Invalida', '2023-02-22 17:04:35', 1310, 'IP:172.31.100.102; BROWSER:Chrome-110.0.0.0; OS:Windows'),
	(5514, 'Usuario o Clave Invalida', '2023-02-22 17:05:11', 1310, 'IP:172.31.100.102; BROWSER:Chrome-110.0.0.0; OS:Windows'),
	(5515, 'Identificacion de Usuario', '2023-02-22 17:06:59', 1313, 'IP:172.31.100.102; BROWSER:Chrome-110.0.0.0; OS:Windows'),
	(5516, 'Validacion de equipo frecuente', '2023-02-22 17:06:59', 1313, 'IP:172.31.100.102; BROWSER:Chrome-110.0.0.0; OS:Windows'),
	(5517, 'Generacion de codigo OTP', '2023-02-22 17:07:00', 1313, 'IP:172.31.100.102; BROWSER:Chrome-110.0.0.0; OS:Windows'),
	(5518, 'Identificacion de Usuario', '2023-02-22 17:08:09', 1311, 'IP:172.31.100.102; BROWSER:Chrome-110.0.0.0; OS:Windows'),
	(5519, 'Validacion de equipo frecuente', '2023-02-22 17:08:09', 1311, 'IP:172.31.100.102; BROWSER:Chrome-110.0.0.0; OS:Windows'),
	(5520, 'Generacion de codigo OTP', '2023-02-22 17:08:09', 1311, 'IP:172.31.100.102; BROWSER:Chrome-110.0.0.0; OS:Windows'),
	(5521, 'Validacion de codigo OTP', '2023-02-22 17:08:55', 1311, 'IP:172.31.100.102; BROWSER:Chrome-110.0.0.0; OS:Windows'),
	(5522, 'Ingreso Exitoso UbiBroker', '2023-02-22 17:08:57', 1311, 'IP:172.31.100.102; BROWSER:Chrome-110.0.0.0; OS:Windows'),
	(5523, 'Ingresando Home', '2023-02-22 17:08:57', 1311, 'IP:172.31.100.102; BROWSER:Chrome-110.0.0.0; OS:Windows'),
	(5524, 'Ingresado Generación de Orden', '2023-02-22 17:10:10', 1311, 'IP:172.31.100.102; BROWSER:Chrome-110.0.0.0; OS:Windows'),
	(5525, 'Generación de Orden - SBB Cubierto con Mutuo', '2023-02-22 17:11:22', 1311, 'IP:172.31.100.102; BROWSER:Chrome-110.0.0.0; OS:Windows'),
	(5526, 'Ingresado Generación de Orden', '2023-02-22 17:17:02', 1311, 'IP:172.31.100.102; BROWSER:Chrome-110.0.0.0; OS:Windows'),
	(5527, 'Generación de Orden - SBB Cubierto con Mutuo', '2023-02-22 17:17:34', 1311, 'IP:172.31.100.102; BROWSER:Chrome-110.0.0.0; OS:Windows'),
	(5528, 'Ingresado Generación de Orden', '2023-02-22 17:18:13', 1311, 'IP:172.31.100.102; BROWSER:Chrome-110.0.0.0; OS:Windows'),
	(5529, 'Identificacion de Usuario', '2023-02-23 14:57:21', 1319, 'IP:172.31.100.102; BROWSER:Chrome-110.0.0.0; OS:Windows'),
	(5530, 'Usuario o Clave Invalida', '2023-02-23 14:57:21', 1319, 'IP:172.31.100.102; BROWSER:Chrome-110.0.0.0; OS:Windows'),
	(5531, 'Identificacion de Usuario', '2023-02-23 14:57:34', 1319, 'IP:172.31.100.102; BROWSER:Chrome-110.0.0.0; OS:Windows'),
	(5532, 'Validacion de equipo frecuente', '2023-02-23 14:57:34', 1319, 'IP:172.31.100.102; BROWSER:Chrome-110.0.0.0; OS:Windows'),
	(5533, 'Generacion de codigo OTP', '2023-02-23 14:57:34', 1319, 'IP:172.31.100.102; BROWSER:Chrome-110.0.0.0; OS:Windows'),
	(5534, 'Validacion de codigo OTP', '2023-02-23 14:58:05', 1319, 'IP:172.31.100.102; BROWSER:Chrome-110.0.0.0; OS:Windows'),
	(5535, 'Ingreso Exitoso UbiBroker', '2023-02-23 14:58:06', 1319, 'IP:172.31.100.102; BROWSER:Chrome-110.0.0.0; OS:Windows'),
	(5536, 'Ingresando Home', '2023-02-23 14:58:06', 1319, 'IP:172.31.100.102; BROWSER:Chrome-110.0.0.0; OS:Windows'),
	(5537, 'Identificacion de Usuario', '2023-02-23 15:33:54', 1319, 'IP:172.31.100.102; BROWSER:Chrome-80.0.3987.162; OS:Android'),
	(5538, 'Validacion de equipo frecuente', '2023-02-23 15:33:54', 1319, 'IP:172.31.100.102; BROWSER:Chrome-80.0.3987.162; OS:Android'),
	(5539, 'Generacion de codigo OTP', '2023-02-23 15:33:54', 1319, 'IP:172.31.100.102; BROWSER:Chrome-80.0.3987.162; OS:Android'),
	(5540, 'Validacion de codigo OTP', '2023-02-23 15:34:12', 1319, 'IP:172.31.100.102; BROWSER:Chrome-80.0.3987.162; OS:Android'),
	(5541, 'Ingreso Exitoso UbiBroker', '2023-02-23 15:34:12', 1319, 'IP:172.31.100.102; BROWSER:Chrome-80.0.3987.162; OS:Android'),
	(5542, 'Ingresando Home', '2023-02-23 15:34:12', 1319, 'IP:172.31.100.102; BROWSER:Chrome-80.0.3987.162; OS:Android'),
	(5543, 'Ingresado detalle-operaciones', '2023-02-23 15:35:38', 1319, 'IP:172.31.100.102; BROWSER:Chrome-80.0.3987.162; OS:Android'),
	(5544, 'Identificacion de Usuario', '2023-02-23 17:24:47', 1311, 'IP:172.31.100.102; BROWSER:Chrome-110.0.0.0; OS:Windows'),
	(5545, 'Validacion de equipo frecuente', '2023-02-23 17:24:47', 1311, 'IP:172.31.100.102; BROWSER:Chrome-110.0.0.0; OS:Windows'),
	(5546, 'Generacion de codigo OTP', '2023-02-23 17:24:47', 1311, 'IP:172.31.100.102; BROWSER:Chrome-110.0.0.0; OS:Windows'),
	(5547, 'Validacion de codigo OTP', '2023-02-23 17:26:04', 1311, 'IP:172.31.100.102; BROWSER:Chrome-110.0.0.0; OS:Windows'),
	(5548, 'Ingreso Exitoso UbiBroker', '2023-02-23 17:26:05', 1311, 'IP:172.31.100.102; BROWSER:Chrome-110.0.0.0; OS:Windows'),
	(5549, 'Ingresando Home', '2023-02-23 17:26:05', 1311, 'IP:172.31.100.102; BROWSER:Chrome-110.0.0.0; OS:Windows'),
	(5550, 'Ingresado Generación de Orden', '2023-02-23 17:26:09', 1311, 'IP:172.31.100.102; BROWSER:Chrome-110.0.0.0; OS:Windows'),
	(5551, 'Generación de Orden - SBB Cubierto con Mutuo', '2023-02-23 17:26:11', 1311, 'IP:172.31.100.102; BROWSER:Chrome-110.0.0.0; OS:Windows'),
	(5552, 'Generación de Orden - Resumen de operación', '2023-02-23 17:27:12', 1311, 'IP:172.31.100.102; BROWSER:Chrome-110.0.0.0; OS:Windows'),
	(5553, 'Generación de Orden - Resumen de operación', '2023-02-23 17:27:42', 1311, 'IP:172.31.100.102; BROWSER:Chrome-110.0.0.0; OS:Windows'),
	(5554, 'Generación de Orden - Orden Generada Satisfactoriamente ID:72', '2023-02-23 17:27:50', 1311, 'IP:172.31.100.102; BROWSER:Chrome-110.0.0.0; OS:Windows'),
	(5555, 'Ingresado detalle-operaciones', '2023-02-23 17:27:52', 1311, 'IP:172.31.100.102; BROWSER:Chrome-110.0.0.0; OS:Windows'),
	(5556, 'Ingresado Generación de Orden', '2023-02-23 17:29:42', 1311, 'IP:172.31.100.102; BROWSER:Chrome-110.0.0.0; OS:Windows'),
	(5557, 'Generación de Orden - SBB Cubierto con Mutuo', '2023-02-23 17:29:50', 1311, 'IP:172.31.100.102; BROWSER:Chrome-110.0.0.0; OS:Windows'),
	(5558, 'Ingresado detalle-operaciones', '2023-02-23 17:30:00', 1311, 'IP:172.31.100.102; BROWSER:Chrome-110.0.0.0; OS:Windows'),
	(5559, 'Ingresado Generación de Orden', '2023-02-23 17:30:08', 1311, 'IP:172.31.100.102; BROWSER:Chrome-110.0.0.0; OS:Windows'),
	(5560, 'Generación de Orden - SBB Cubierto con Mutuo', '2023-02-23 17:30:13', 1311, 'IP:172.31.100.102; BROWSER:Chrome-110.0.0.0; OS:Windows'),
	(5561, 'Identificacion de Usuario', '2023-02-23 18:56:53', 1310, 'IP:172.31.100.102; BROWSER:Chrome-110.0.0.0; OS:Windows'),
	(5562, 'Usuario o Clave Invalida', '2023-02-23 18:56:53', 1310, 'IP:172.31.100.102; BROWSER:Chrome-110.0.0.0; OS:Windows'),
	(5563, 'Identificacion de Usuario', '2023-02-23 18:57:02', 1310, 'IP:172.31.100.102; BROWSER:Chrome-110.0.0.0; OS:Windows'),
	(5564, 'Usuario o Clave Invalida', '2023-02-23 18:57:02', 1310, 'IP:172.31.100.102; BROWSER:Chrome-110.0.0.0; OS:Windows'),
	(5565, 'Identificacion de Usuario', '2023-02-23 18:57:07', 1311, 'IP:172.31.100.102; BROWSER:Chrome-110.0.0.0; OS:Windows'),
	(5566, 'Validacion de equipo frecuente', '2023-02-23 18:57:07', 1311, 'IP:172.31.100.102; BROWSER:Chrome-110.0.0.0; OS:Windows'),
	(5567, 'Generacion de codigo OTP', '2023-02-23 18:57:07', 1311, 'IP:172.31.100.102; BROWSER:Chrome-110.0.0.0; OS:Windows'),
	(5568, 'Validacion de codigo OTP', '2023-02-23 18:57:33', 1311, 'IP:172.31.100.102; BROWSER:Chrome-110.0.0.0; OS:Windows'),
	(5569, 'Ingreso Exitoso UbiBroker', '2023-02-23 18:57:35', 1311, 'IP:172.31.100.102; BROWSER:Chrome-110.0.0.0; OS:Windows'),
	(5570, 'Ingresando Home', '2023-02-23 18:57:35', 1311, 'IP:172.31.100.102; BROWSER:Chrome-110.0.0.0; OS:Windows'),
	(5571, 'Ingresado detalle-operaciones', '2023-02-23 18:58:34', 1311, 'IP:172.31.100.102; BROWSER:Chrome-110.0.0.0; OS:Windows'),
	(5572, 'Ingresado detalle-categoria', '2023-02-23 19:00:11', 1311, 'IP:172.31.100.102; BROWSER:Chrome-110.0.0.0; OS:Windows'),
	(5573, 'Ingresado Generación de Orden', '2023-02-23 19:01:19', 1311, 'IP:172.31.100.102; BROWSER:Chrome-110.0.0.0; OS:Windows'),
	(5574, 'Ingresado detalle-perfil', '2023-02-23 19:01:39', 1311, 'IP:172.31.100.102; BROWSER:Chrome-110.0.0.0; OS:Windows'),
	(5575, 'Modificacion de Preguntas de seguridad', '2023-02-23 19:01:59', 1311, 'IP:172.31.100.102; BROWSER:Chrome-110.0.0.0; OS:Windows'),
	(5576, 'Identificacion de Usuario', '2023-02-27 14:25:31', 1263, 'IP:172.31.100.102; BROWSER:Chrome-110.0.0.0; OS:Windows'),
	(5577, 'Validacion de equipo frecuente', '2023-02-27 14:25:31', 1263, 'IP:172.31.100.102; BROWSER:Chrome-110.0.0.0; OS:Windows'),
	(5578, 'Generacion de codigo OTP', '2023-02-27 14:25:31', 1263, 'IP:172.31.100.102; BROWSER:Chrome-110.0.0.0; OS:Windows'),
	(5579, 'Validacion de codigo OTP', '2023-02-27 14:25:52', 1263, 'IP:172.31.100.102; BROWSER:Chrome-110.0.0.0; OS:Windows'),
	(5580, 'Validacion de codigo OTP:El código otp que ingresó es inválido.', '2023-02-27 14:25:52', 1263, 'IP:172.31.100.102; BROWSER:Chrome-110.0.0.0; OS:Windows'),
	(5581, 'Validacion de codigo OTP', '2023-02-27 14:26:08', 1263, 'IP:172.31.100.102; BROWSER:Chrome-110.0.0.0; OS:Windows'),
	(5582, 'Ingreso Exitoso UbiBroker', '2023-02-27 14:26:12', 1263, 'IP:172.31.100.102; BROWSER:Chrome-110.0.0.0; OS:Windows'),
	(5583, 'Ingresando Home', '2023-02-27 14:26:12', 1263, 'IP:172.31.100.102; BROWSER:Chrome-110.0.0.0; OS:Windows'),
	(5584, 'Ingresado detalle-categoria', '2023-02-27 14:26:24', 1263, 'IP:172.31.100.102; BROWSER:Chrome-110.0.0.0; OS:Windows'),
	(5585, 'Desconexion UbiBroker', '2023-02-27 14:27:44', 1263, 'IP:172.31.100.102; BROWSER:Chrome-110.0.0.0; OS:Windows'),
	(5586, 'Identificacion de Usuario', '2023-02-28 13:35:49', 1326, 'IP:172.16.0.147; BROWSER:Firefox-110.0; OS:Windows'),
	(5587, 'Creacion de preguntas de seguridad', '2023-02-28 13:35:49', 1326, 'IP:172.16.0.147; BROWSER:Firefox-110.0; OS:Windows'),
	(5588, 'Identificacion de Usuario', '2023-02-28 13:38:07', 1326, 'IP:172.16.0.147; BROWSER:Firefox-110.0; OS:Windows'),
	(5589, 'Creacion de preguntas de seguridad', '2023-02-28 13:38:07', 1326, 'IP:172.16.0.147; BROWSER:Firefox-110.0; OS:Windows'),
	(5590, 'Confirmacion de preguntas de seguridad', '2023-02-28 13:38:19', 1326, 'IP:172.16.0.147; BROWSER:Firefox-110.0; OS:Windows'),
	(5591, 'Creacion de preguntas de seguridad exitosa ', '2023-02-28 13:38:26', 1326, 'IP:172.16.0.147; BROWSER:Firefox-110.0; OS:Windows'),
	(5592, 'Ingreso Exitoso UbiBroker', '2023-02-28 13:38:31', 1326, 'IP:172.16.0.147; BROWSER:Firefox-110.0; OS:Windows'),
	(5593, 'Ingresando Home', '2023-02-28 13:38:32', 1326, 'IP:172.16.0.147; BROWSER:Firefox-110.0; OS:Windows'),
	(5594, 'Ingresado Generación de Orden', '2023-02-28 13:39:04', 1326, 'IP:172.16.0.147; BROWSER:Firefox-110.0; OS:Windows'),
	(5595, 'Generación de Orden - SBB Cubierto con Mutuo', '2023-02-28 13:39:11', 1326, 'IP:172.16.0.147; BROWSER:Firefox-110.0; OS:Windows'),
	(5596, 'Generación de Orden - Resumen de operación', '2023-02-28 13:40:33', 1326, 'IP:172.16.0.147; BROWSER:Firefox-110.0; OS:Windows'),
	(5597, 'Generación de Orden - Error(Exception) al generar la orden', '2023-02-28 13:40:50', 1326, 'IP:172.16.0.147; BROWSER:Firefox-110.0; OS:Windows'),
	(5598, 'Ingresado detalle-operaciones', '2023-02-28 13:40:51', 1326, 'IP:172.16.0.147; BROWSER:Firefox-110.0; OS:Windows'),
	(5599, 'Ingresado detalle-categoria', '2023-02-28 13:41:44', 1326, 'IP:172.16.0.147; BROWSER:Firefox-110.0; OS:Windows'),
	(5600, 'Ingresado detalle-perfil', '2023-02-28 13:41:53', 1326, 'IP:172.16.0.147; BROWSER:Firefox-110.0; OS:Windows'),
	(5601, 'Ingresado detalle-operaciones', '2023-02-28 13:42:20', 1326, 'IP:172.16.0.147; BROWSER:Firefox-110.0; OS:Windows'),
	(5602, 'Ingresado Generación de Orden', '2023-02-28 13:42:25', 1326, 'IP:172.16.0.147; BROWSER:Firefox-110.0; OS:Windows'),
	(5603, 'Ingresado detalle-perfil', '2023-02-28 13:42:36', 1326, 'IP:172.16.0.147; BROWSER:Firefox-110.0; OS:Windows'),
	(5604, 'Identificacion de Usuario', '2023-03-01 13:39:54', 1310, 'IP:172.16.0.147; BROWSER:Firefox-110.0; OS:Windows'),
	(5605, 'Validacion de equipo frecuente', '2023-03-01 13:39:54', 1310, 'IP:172.16.0.147; BROWSER:Firefox-110.0; OS:Windows'),
	(5606, 'Generacion de codigo OTP', '2023-03-01 13:39:54', 1310, 'IP:172.16.0.147; BROWSER:Firefox-110.0; OS:Windows'),
	(5607, 'Validacion de codigo OTP', '2023-03-01 13:40:13', 1310, 'IP:172.16.0.147; BROWSER:Firefox-110.0; OS:Windows'),
	(5608, 'Ingreso Exitoso UbiBroker', '2023-03-01 13:40:18', 1310, 'IP:172.16.0.147; BROWSER:Firefox-110.0; OS:Windows'),
	(5609, 'Ingresando Home', '2023-03-01 13:40:18', 1310, 'IP:172.16.0.147; BROWSER:Firefox-110.0; OS:Windows'),
	(5610, 'Ingresado Estado de Cuenta', '2023-03-01 13:40:34', 1310, 'IP:172.16.0.147; BROWSER:Firefox-110.0; OS:Windows'),
	(5611, 'Ingresado detalle-operaciones', '2023-03-01 13:40:36', 1310, 'IP:172.16.0.147; BROWSER:Firefox-110.0; OS:Windows'),
	(5612, 'Ingresado detalle-operaciones', '2023-03-01 13:41:18', 1310, 'IP:172.16.0.147; BROWSER:Firefox-110.0; OS:Windows'),
	(5613, 'Ingresado detalle-operaciones', '2023-03-01 13:41:29', 1310, 'IP:172.16.0.147; BROWSER:Firefox-110.0; OS:Windows'),
	(5614, 'Ingresado detalle-operaciones', '2023-03-01 13:46:57', 1310, 'IP:172.16.0.147; BROWSER:Firefox-110.0; OS:Windows'),
	(5615, 'Ingresado detalle-operaciones', '2023-03-01 13:53:37', 1310, 'IP:172.16.0.147; BROWSER:Firefox-110.0; OS:Windows'),
	(5616, 'Ingresado detalle-operaciones', '2023-03-01 13:58:34', 1310, 'IP:172.16.0.147; BROWSER:Firefox-110.0; OS:Windows'),
	(5617, 'Ingresado detalle-operaciones', '2023-03-01 14:01:31', 1310, 'IP:172.16.0.147; BROWSER:Firefox-110.0; OS:Windows'),
	(5618, 'Ingresado detalle-operaciones', '2023-03-01 14:02:36', 1310, 'IP:172.16.0.147; BROWSER:Firefox-110.0; OS:Windows'),
	(5619, 'Identificacion de Usuario', '2023-03-01 14:06:37', 1310, 'IP:172.16.0.147; BROWSER:Firefox-110.0; OS:Windows'),
	(5620, 'Validacion de equipo frecuente', '2023-03-01 14:06:37', 1310, 'IP:172.16.0.147; BROWSER:Firefox-110.0; OS:Windows'),
	(5621, 'Generacion de codigo OTP', '2023-03-01 14:06:37', 1310, 'IP:172.16.0.147; BROWSER:Firefox-110.0; OS:Windows'),
	(5622, 'Validacion de codigo OTP', '2023-03-01 14:06:48', 1310, 'IP:172.16.0.147; BROWSER:Firefox-110.0; OS:Windows'),
	(5623, 'Ingreso Exitoso UbiBroker', '2023-03-01 14:06:49', 1310, 'IP:172.16.0.147; BROWSER:Firefox-110.0; OS:Windows'),
	(5624, 'Ingresando Home', '2023-03-01 14:06:50', 1310, 'IP:172.16.0.147; BROWSER:Firefox-110.0; OS:Windows'),
	(5625, 'Ingresado detalle-operaciones', '2023-03-01 14:07:05', 1310, 'IP:172.16.0.147; BROWSER:Firefox-110.0; OS:Windows'),
	(5626, 'Ingresado detalle-operaciones', '2023-03-01 14:17:26', 1310, 'IP:127.0.0.1; BROWSER:Firefox-110.0; OS:Windows'),
	(5627, 'Identificacion de Usuario', '2023-03-01 14:30:12', 1310, 'IP:127.0.0.1; BROWSER:Firefox-110.0; OS:Windows'),
	(5628, 'Validacion de equipo frecuente', '2023-03-01 14:30:12', 1310, 'IP:127.0.0.1; BROWSER:Firefox-110.0; OS:Windows'),
	(5629, 'Generacion de codigo OTP', '2023-03-01 14:30:12', 1310, 'IP:127.0.0.1; BROWSER:Firefox-110.0; OS:Windows'),
	(5630, 'Validacion de codigo OTP', '2023-03-01 14:30:25', 1310, 'IP:127.0.0.1; BROWSER:Firefox-110.0; OS:Windows'),
	(5631, 'Ingreso Exitoso UbiBroker', '2023-03-01 14:30:26', 1310, 'IP:127.0.0.1; BROWSER:Firefox-110.0; OS:Windows'),
	(5632, 'Ingresando Home', '2023-03-01 14:30:26', 1310, 'IP:127.0.0.1; BROWSER:Firefox-110.0; OS:Windows'),
	(5633, 'Ingresado detalle-operaciones', '2023-03-01 14:30:36', 1310, 'IP:127.0.0.1; BROWSER:Firefox-110.0; OS:Windows'),
	(5634, 'Ingresado detalle-operaciones', '2023-03-01 14:30:42', 1310, 'IP:127.0.0.1; BROWSER:Firefox-110.0; OS:Windows'),
	(5635, 'Ingresado detalle-operaciones', '2023-03-01 14:32:25', 1310, 'IP:127.0.0.1; BROWSER:Firefox-110.0; OS:Windows'),
	(5636, 'Identificacion de Usuario', '2023-03-01 14:39:19', 1310, 'IP:127.0.0.1; BROWSER:Firefox-110.0; OS:Windows'),
	(5637, 'Validacion de equipo frecuente', '2023-03-01 14:39:19', 1310, 'IP:127.0.0.1; BROWSER:Firefox-110.0; OS:Windows'),
	(5638, 'Generacion de codigo OTP', '2023-03-01 14:39:19', 1310, 'IP:127.0.0.1; BROWSER:Firefox-110.0; OS:Windows'),
	(5639, 'Validacion de codigo OTP', '2023-03-01 14:39:31', 1310, 'IP:127.0.0.1; BROWSER:Firefox-110.0; OS:Windows'),
	(5640, 'Ingreso Exitoso UbiBroker', '2023-03-01 14:39:32', 1310, 'IP:127.0.0.1; BROWSER:Firefox-110.0; OS:Windows'),
	(5641, 'Ingresando Home', '2023-03-01 14:39:33', 1310, 'IP:127.0.0.1; BROWSER:Firefox-110.0; OS:Windows'),
	(5642, 'Ingresado detalle-operaciones', '2023-03-01 14:39:47', 1310, 'IP:127.0.0.1; BROWSER:Firefox-110.0; OS:Windows'),
	(5643, 'Ingresado detalle-operaciones', '2023-03-01 14:40:27', 1310, 'IP:127.0.0.1; BROWSER:Firefox-110.0; OS:Windows'),
	(5644, 'Ingresado detalle-operaciones', '2023-03-01 14:41:37', 1310, 'IP:127.0.0.1; BROWSER:Firefox-110.0; OS:Windows'),
	(5645, 'Ingresado detalle-operaciones', '2023-03-01 14:43:17', 1310, 'IP:127.0.0.1; BROWSER:Firefox-110.0; OS:Windows'),
	(5646, 'Ingresado detalle-operaciones', '2023-03-01 14:44:48', 1310, 'IP:127.0.0.1; BROWSER:Firefox-110.0; OS:Windows'),
	(5647, 'Identificacion de Usuario', '2023-03-01 16:18:49', 1310, 'IP:172.16.0.147; BROWSER:Firefox-110.0; OS:Windows'),
	(5648, 'Validacion de equipo frecuente', '2023-03-01 16:18:49', 1310, 'IP:172.16.0.147; BROWSER:Firefox-110.0; OS:Windows'),
	(5649, 'Generacion de codigo OTP', '2023-03-01 16:18:49', 1310, 'IP:172.16.0.147; BROWSER:Firefox-110.0; OS:Windows'),
	(5650, 'Validacion de codigo OTP', '2023-03-01 16:19:03', 1310, 'IP:172.16.0.147; BROWSER:Firefox-110.0; OS:Windows'),
	(5651, 'Ingreso Exitoso UbiBroker', '2023-03-01 16:19:07', 1310, 'IP:172.16.0.147; BROWSER:Firefox-110.0; OS:Windows'),
	(5652, 'Ingresando Home', '2023-03-01 16:19:07', 1310, 'IP:172.16.0.147; BROWSER:Firefox-110.0; OS:Windows'),
	(5653, 'Ingresado detalle-operaciones', '2023-03-01 16:19:49', 1310, 'IP:172.16.0.147; BROWSER:Firefox-110.0; OS:Windows'),
	(5654, 'Ingresado detalle-operaciones', '2023-03-01 16:21:14', 1310, 'IP:172.16.0.147; BROWSER:Firefox-110.0; OS:Windows'),
	(5655, 'Identificacion de Usuario', '2023-03-09 12:01:32', 1310, 'IP:10.213.35.3; BROWSER:Firefox-110.0; OS:Windows'),
	(5656, 'Validacion de equipo frecuente', '2023-03-09 12:01:32', 1310, 'IP:10.213.35.3; BROWSER:Firefox-110.0; OS:Windows'),
	(5657, 'Generacion de codigo OTP', '2023-03-09 12:01:32', 1310, 'IP:10.213.35.3; BROWSER:Firefox-110.0; OS:Windows'),
	(5658, 'Validacion de codigo OTP', '2023-03-09 12:01:51', 1310, 'IP:10.213.35.3; BROWSER:Firefox-110.0; OS:Windows'),
	(5659, 'Ingreso Exitoso UbiBroker', '2023-03-09 12:01:56', 1310, 'IP:10.213.35.3; BROWSER:Firefox-110.0; OS:Windows'),
	(5660, 'Ingresando Home', '2023-03-09 12:01:56', 1310, 'IP:10.213.35.3; BROWSER:Firefox-110.0; OS:Windows'),
	(5661, 'Identificacion de Usuario', '2023-03-09 13:46:17', 1310, 'IP:192.168.0.5; BROWSER:Firefox-110.0; OS:Windows'),
	(5662, 'Validacion de equipo frecuente', '2023-03-09 13:46:17', 1310, 'IP:192.168.0.5; BROWSER:Firefox-110.0; OS:Windows'),
	(5663, 'Generacion de codigo OTP', '2023-03-09 13:46:17', 1310, 'IP:192.168.0.5; BROWSER:Firefox-110.0; OS:Windows'),
	(5664, 'Validacion de codigo OTP', '2023-03-09 13:46:34', 1310, 'IP:192.168.0.5; BROWSER:Firefox-110.0; OS:Windows'),
	(5665, 'Ingreso Exitoso UbiBroker', '2023-03-09 13:46:38', 1310, 'IP:192.168.0.5; BROWSER:Firefox-110.0; OS:Windows'),
	(5666, 'Ingresando Home', '2023-03-09 13:46:39', 1310, 'IP:192.168.0.5; BROWSER:Firefox-110.0; OS:Windows'),
	(5667, 'Identificacion de Usuario', '2023-03-09 13:49:59', 1310, 'IP:192.168.0.5; BROWSER:Firefox-110.0; OS:Windows'),
	(5668, 'Validacion de equipo frecuente', '2023-03-09 13:49:59', 1310, 'IP:192.168.0.5; BROWSER:Firefox-110.0; OS:Windows'),
	(5669, 'Generacion de codigo OTP', '2023-03-09 13:49:59', 1310, 'IP:192.168.0.5; BROWSER:Firefox-110.0; OS:Windows'),
	(5670, 'Validacion de codigo OTP', '2023-03-09 13:50:11', 1310, 'IP:192.168.0.5; BROWSER:Firefox-110.0; OS:Windows'),
	(5671, 'Ingreso Exitoso UbiBroker', '2023-03-09 13:50:12', 1310, 'IP:192.168.0.5; BROWSER:Firefox-110.0; OS:Windows'),
	(5672, 'Ingresando Home', '2023-03-09 13:50:12', 1310, 'IP:192.168.0.5; BROWSER:Firefox-110.0; OS:Windows'),
	(5673, 'Identificacion de Usuario', '2023-03-09 13:57:11', 1310, 'IP:192.168.0.5; BROWSER:Firefox-110.0; OS:Windows'),
	(5674, 'Validacion de equipo frecuente', '2023-03-09 13:57:11', 1310, 'IP:192.168.0.5; BROWSER:Firefox-110.0; OS:Windows'),
	(5675, 'Generacion de codigo OTP', '2023-03-09 13:57:11', 1310, 'IP:192.168.0.5; BROWSER:Firefox-110.0; OS:Windows'),
	(5676, 'Validacion de codigo OTP', '2023-03-09 13:57:24', 1310, 'IP:192.168.0.5; BROWSER:Firefox-110.0; OS:Windows'),
	(5677, 'Ingreso Exitoso UbiBroker', '2023-03-09 13:57:26', 1310, 'IP:192.168.0.5; BROWSER:Firefox-110.0; OS:Windows'),
	(5678, 'Ingresando Home', '2023-03-09 13:57:26', 1310, 'IP:192.168.0.5; BROWSER:Firefox-110.0; OS:Windows'),
	(5679, 'Identificacion de Usuario', '2023-03-09 14:01:48', 1310, 'IP:192.168.0.5; BROWSER:Firefox-110.0; OS:Windows'),
	(5680, 'Validacion de equipo frecuente', '2023-03-09 14:01:48', 1310, 'IP:192.168.0.5; BROWSER:Firefox-110.0; OS:Windows'),
	(5681, 'Generacion de codigo OTP', '2023-03-09 14:01:48', 1310, 'IP:192.168.0.5; BROWSER:Firefox-110.0; OS:Windows'),
	(5682, 'Validacion de codigo OTP', '2023-03-09 14:02:05', 1310, 'IP:192.168.0.5; BROWSER:Firefox-110.0; OS:Windows'),
	(5683, 'Ingreso Exitoso UbiBroker', '2023-03-09 14:02:09', 1310, 'IP:192.168.0.5; BROWSER:Firefox-110.0; OS:Windows'),
	(5684, 'Ingresando Home', '2023-03-09 14:02:10', 1310, 'IP:192.168.0.5; BROWSER:Firefox-110.0; OS:Windows'),
	(5685, 'Identificacion de Usuario', '2023-03-09 14:04:21', 1310, 'IP:192.168.0.5; BROWSER:Firefox-110.0; OS:Windows'),
	(5686, 'Validacion de equipo frecuente', '2023-03-09 14:04:21', 1310, 'IP:192.168.0.5; BROWSER:Firefox-110.0; OS:Windows'),
	(5687, 'Generacion de codigo OTP', '2023-03-09 14:04:21', 1310, 'IP:192.168.0.5; BROWSER:Firefox-110.0; OS:Windows'),
	(5688, 'Validacion de codigo OTP', '2023-03-09 14:04:33', 1310, 'IP:192.168.0.5; BROWSER:Firefox-110.0; OS:Windows'),
	(5689, 'Ingreso Exitoso UbiBroker', '2023-03-09 14:04:34', 1310, 'IP:192.168.0.5; BROWSER:Firefox-110.0; OS:Windows'),
	(5690, 'Ingresando Home', '2023-03-09 14:04:34', 1310, 'IP:192.168.0.5; BROWSER:Firefox-110.0; OS:Windows'),
	(5691, 'Identificacion de Usuario', '2023-03-09 14:05:32', 1310, 'IP:192.168.0.5; BROWSER:Firefox-110.0; OS:Windows'),
	(5692, 'Validacion de equipo frecuente', '2023-03-09 14:05:32', 1310, 'IP:192.168.0.5; BROWSER:Firefox-110.0; OS:Windows'),
	(5693, 'Generacion de codigo OTP', '2023-03-09 14:05:32', 1310, 'IP:192.168.0.5; BROWSER:Firefox-110.0; OS:Windows'),
	(5694, 'Validacion de codigo OTP', '2023-03-09 14:05:44', 1310, 'IP:192.168.0.5; BROWSER:Firefox-110.0; OS:Windows'),
	(5695, 'Ingreso Exitoso UbiBroker', '2023-03-09 14:05:45', 1310, 'IP:192.168.0.5; BROWSER:Firefox-110.0; OS:Windows'),
	(5696, 'Ingresando Home', '2023-03-09 14:05:45', 1310, 'IP:192.168.0.5; BROWSER:Firefox-110.0; OS:Windows'),
	(5697, 'Identificacion de Usuario', '2023-03-09 14:27:26', 1310, 'IP:192.168.0.5; BROWSER:Firefox-110.0; OS:Windows'),
	(5698, 'Validacion de equipo frecuente', '2023-03-09 14:27:26', 1310, 'IP:192.168.0.5; BROWSER:Firefox-110.0; OS:Windows'),
	(5699, 'Generacion de codigo OTP', '2023-03-09 14:27:26', 1310, 'IP:192.168.0.5; BROWSER:Firefox-110.0; OS:Windows'),
	(5700, 'Validacion de codigo OTP', '2023-03-09 14:27:40', 1310, 'IP:192.168.0.5; BROWSER:Firefox-110.0; OS:Windows'),
	(5701, 'Ingreso Exitoso UbiBroker', '2023-03-09 14:27:40', 1310, 'IP:192.168.0.5; BROWSER:Firefox-110.0; OS:Windows'),
	(5702, 'Ingresando Home', '2023-03-09 14:27:41', 1310, 'IP:192.168.0.5; BROWSER:Firefox-110.0; OS:Windows'),
	(5703, 'Identificacion de Usuario', '2023-03-09 14:33:06', 1310, 'IP:192.168.0.5; BROWSER:Firefox-110.0; OS:Windows'),
	(5704, 'Validacion de equipo frecuente', '2023-03-09 14:33:06', 1310, 'IP:192.168.0.5; BROWSER:Firefox-110.0; OS:Windows'),
	(5705, 'Generacion de codigo OTP', '2023-03-09 14:33:07', 1310, 'IP:192.168.0.5; BROWSER:Firefox-110.0; OS:Windows'),
	(5706, 'Validacion de codigo OTP', '2023-03-09 14:33:21', 1310, 'IP:192.168.0.5; BROWSER:Firefox-110.0; OS:Windows'),
	(5707, 'Ingreso Exitoso UbiBroker', '2023-03-09 14:33:22', 1310, 'IP:192.168.0.5; BROWSER:Firefox-110.0; OS:Windows'),
	(5708, 'Ingresando Home', '2023-03-09 14:33:22', 1310, 'IP:192.168.0.5; BROWSER:Firefox-110.0; OS:Windows'),
	(5709, 'Identificacion de Usuario', '2023-03-09 14:35:53', 1310, 'IP:192.168.0.5; BROWSER:Firefox-110.0; OS:Windows'),
	(5710, 'Validacion de equipo frecuente', '2023-03-09 14:35:53', 1310, 'IP:192.168.0.5; BROWSER:Firefox-110.0; OS:Windows'),
	(5711, 'Generacion de codigo OTP', '2023-03-09 14:35:53', 1310, 'IP:192.168.0.5; BROWSER:Firefox-110.0; OS:Windows'),
	(5712, 'Validacion de codigo OTP', '2023-03-09 14:36:04', 1310, 'IP:192.168.0.5; BROWSER:Firefox-110.0; OS:Windows'),
	(5713, 'Ingreso Exitoso UbiBroker', '2023-03-09 14:36:05', 1310, 'IP:192.168.0.5; BROWSER:Firefox-110.0; OS:Windows'),
	(5714, 'Ingresando Home', '2023-03-09 14:36:05', 1310, 'IP:192.168.0.5; BROWSER:Firefox-110.0; OS:Windows'),
	(5715, 'Identificacion de Usuario', '2023-03-09 14:38:24', 1310, 'IP:192.168.0.5; BROWSER:Firefox-110.0; OS:Windows'),
	(5716, 'Validacion de equipo frecuente', '2023-03-09 14:38:24', 1310, 'IP:192.168.0.5; BROWSER:Firefox-110.0; OS:Windows'),
	(5717, 'Generacion de codigo OTP', '2023-03-09 14:38:24', 1310, 'IP:192.168.0.5; BROWSER:Firefox-110.0; OS:Windows'),
	(5718, 'Validacion de codigo OTP', '2023-03-09 14:38:35', 1310, 'IP:192.168.0.5; BROWSER:Firefox-110.0; OS:Windows'),
	(5719, 'Ingreso Exitoso UbiBroker', '2023-03-09 14:38:36', 1310, 'IP:192.168.0.5; BROWSER:Firefox-110.0; OS:Windows'),
	(5720, 'Ingresando Home', '2023-03-09 14:38:36', 1310, 'IP:192.168.0.5; BROWSER:Firefox-110.0; OS:Windows'),
	(5721, 'Identificacion de Usuario', '2023-03-09 14:53:06', 1310, 'IP:192.168.0.5; BROWSER:Firefox-110.0; OS:Windows'),
	(5722, 'Validacion de equipo frecuente', '2023-03-09 14:53:06', 1310, 'IP:192.168.0.5; BROWSER:Firefox-110.0; OS:Windows'),
	(5723, 'Generacion de codigo OTP', '2023-03-09 14:53:06', 1310, 'IP:192.168.0.5; BROWSER:Firefox-110.0; OS:Windows'),
	(5724, 'Validacion de codigo OTP', '2023-03-09 14:53:22', 1310, 'IP:192.168.0.5; BROWSER:Firefox-110.0; OS:Windows'),
	(5725, 'Ingreso Exitoso UbiBroker', '2023-03-09 14:53:22', 1310, 'IP:192.168.0.5; BROWSER:Firefox-110.0; OS:Windows'),
	(5726, 'Ingresando Home', '2023-03-09 14:53:23', 1310, 'IP:192.168.0.5; BROWSER:Firefox-110.0; OS:Windows'),
	(5727, 'Identificacion de Usuario', '2023-03-09 14:55:33', 1310, 'IP:192.168.0.5; BROWSER:Firefox-110.0; OS:Windows'),
	(5728, 'Validacion de equipo frecuente', '2023-03-09 14:55:33', 1310, 'IP:192.168.0.5; BROWSER:Firefox-110.0; OS:Windows'),
	(5729, 'Generacion de codigo OTP', '2023-03-09 14:55:33', 1310, 'IP:192.168.0.5; BROWSER:Firefox-110.0; OS:Windows'),
	(5730, 'Validacion de codigo OTP', '2023-03-09 14:55:44', 1310, 'IP:192.168.0.5; BROWSER:Firefox-110.0; OS:Windows'),
	(5731, 'Ingreso Exitoso UbiBroker', '2023-03-09 14:55:44', 1310, 'IP:192.168.0.5; BROWSER:Firefox-110.0; OS:Windows'),
	(5732, 'Ingresando Home', '2023-03-09 14:55:45', 1310, 'IP:192.168.0.5; BROWSER:Firefox-110.0; OS:Windows'),
	(5733, 'Identificacion de Usuario', '2023-03-09 15:07:52', 1310, 'IP:192.168.0.5; BROWSER:Firefox-110.0; OS:Windows'),
	(5734, 'Validacion de equipo frecuente', '2023-03-09 15:07:52', 1310, 'IP:192.168.0.5; BROWSER:Firefox-110.0; OS:Windows'),
	(5735, 'Generacion de codigo OTP', '2023-03-09 15:07:52', 1310, 'IP:192.168.0.5; BROWSER:Firefox-110.0; OS:Windows'),
	(5736, 'Validacion de codigo OTP', '2023-03-09 15:08:03', 1310, 'IP:192.168.0.5; BROWSER:Firefox-110.0; OS:Windows'),
	(5737, 'Ingreso Exitoso UbiBroker', '2023-03-09 15:08:04', 1310, 'IP:192.168.0.5; BROWSER:Firefox-110.0; OS:Windows'),
	(5738, 'Ingresando Home', '2023-03-09 15:08:05', 1310, 'IP:192.168.0.5; BROWSER:Firefox-110.0; OS:Windows'),
	(5739, 'Identificacion de Usuario', '2023-03-09 15:09:53', 1310, 'IP:192.168.0.5; BROWSER:Firefox-110.0; OS:Windows'),
	(5740, 'Validacion de equipo frecuente', '2023-03-09 15:09:53', 1310, 'IP:192.168.0.5; BROWSER:Firefox-110.0; OS:Windows'),
	(5741, 'Generacion de codigo OTP', '2023-03-09 15:09:53', 1310, 'IP:192.168.0.5; BROWSER:Firefox-110.0; OS:Windows'),
	(5742, 'Validacion de codigo OTP', '2023-03-09 15:10:17', 1310, 'IP:192.168.0.5; BROWSER:Firefox-110.0; OS:Windows'),
	(5743, 'Ingreso Exitoso UbiBroker', '2023-03-09 15:10:18', 1310, 'IP:192.168.0.5; BROWSER:Firefox-110.0; OS:Windows'),
	(5744, 'Ingresando Home', '2023-03-09 15:10:18', 1310, 'IP:192.168.0.5; BROWSER:Firefox-110.0; OS:Windows'),
	(5745, 'Identificacion de Usuario', '2023-03-09 15:12:21', 1310, 'IP:192.168.0.5; BROWSER:Firefox-110.0; OS:Windows'),
	(5746, 'Validacion de equipo frecuente', '2023-03-09 15:12:21', 1310, 'IP:192.168.0.5; BROWSER:Firefox-110.0; OS:Windows'),
	(5747, 'Generacion de codigo OTP', '2023-03-09 15:12:21', 1310, 'IP:192.168.0.5; BROWSER:Firefox-110.0; OS:Windows'),
	(5748, 'Validacion de codigo OTP', '2023-03-09 15:12:38', 1310, 'IP:192.168.0.5; BROWSER:Firefox-110.0; OS:Windows'),
	(5749, 'Ingreso Exitoso UbiBroker', '2023-03-09 15:12:39', 1310, 'IP:192.168.0.5; BROWSER:Firefox-110.0; OS:Windows'),
	(5750, 'Ingresando Home', '2023-03-09 15:12:39', 1310, 'IP:192.168.0.5; BROWSER:Firefox-110.0; OS:Windows'),
	(5751, 'Identificacion de Usuario', '2023-03-09 15:14:21', 1310, 'IP:192.168.0.5; BROWSER:Firefox-110.0; OS:Windows'),
	(5752, 'Validacion de equipo frecuente', '2023-03-09 15:14:21', 1310, 'IP:192.168.0.5; BROWSER:Firefox-110.0; OS:Windows'),
	(5753, 'Generacion de codigo OTP', '2023-03-09 15:14:21', 1310, 'IP:192.168.0.5; BROWSER:Firefox-110.0; OS:Windows'),
	(5754, 'Validacion de codigo OTP', '2023-03-09 15:14:36', 1310, 'IP:192.168.0.5; BROWSER:Firefox-110.0; OS:Windows'),
	(5755, 'Ingreso Exitoso UbiBroker', '2023-03-09 15:14:37', 1310, 'IP:192.168.0.5; BROWSER:Firefox-110.0; OS:Windows'),
	(5756, 'Ingresando Home', '2023-03-09 15:14:38', 1310, 'IP:192.168.0.5; BROWSER:Firefox-110.0; OS:Windows'),
	(5757, 'Identificacion de Usuario', '2023-03-09 15:32:27', 1310, 'IP:192.168.0.5; BROWSER:Firefox-110.0; OS:Windows'),
	(5758, 'Validacion de equipo frecuente', '2023-03-09 15:32:27', 1310, 'IP:192.168.0.5; BROWSER:Firefox-110.0; OS:Windows'),
	(5759, 'Generacion de codigo OTP', '2023-03-09 15:32:28', 1310, 'IP:192.168.0.5; BROWSER:Firefox-110.0; OS:Windows'),
	(5760, 'Validacion de codigo OTP', '2023-03-09 15:32:42', 1310, 'IP:192.168.0.5; BROWSER:Firefox-110.0; OS:Windows'),
	(5761, 'Ingreso Exitoso UbiBroker', '2023-03-09 15:32:43', 1310, 'IP:192.168.0.5; BROWSER:Firefox-110.0; OS:Windows'),
	(5762, 'Ingresando Home', '2023-03-09 15:32:43', 1310, 'IP:192.168.0.5; BROWSER:Firefox-110.0; OS:Windows'),
	(5763, 'Identificacion de Usuario', '2023-03-10 02:02:10', 1310, 'IP:192.168.0.5; BROWSER:Chrome-110.0.0.0; OS:Windows'),
	(5764, 'Validacion de equipo frecuente', '2023-03-10 02:02:10', 1310, 'IP:192.168.0.5; BROWSER:Chrome-110.0.0.0; OS:Windows'),
	(5765, 'Generacion de codigo OTP', '2023-03-10 02:02:10', 1310, 'IP:192.168.0.5; BROWSER:Chrome-110.0.0.0; OS:Windows'),
	(5766, 'Validacion de codigo OTP', '2023-03-10 02:02:37', 1310, 'IP:192.168.0.5; BROWSER:Chrome-110.0.0.0; OS:Windows'),
	(5767, 'Ingreso Exitoso UbiBroker', '2023-03-10 02:02:42', 1310, 'IP:192.168.0.5; BROWSER:Chrome-110.0.0.0; OS:Windows'),
	(5768, 'Ingresando Home', '2023-03-10 02:02:42', 1310, 'IP:192.168.0.5; BROWSER:Chrome-110.0.0.0; OS:Windows'),
	(5769, 'Ingresado detalle-categoria', '2023-03-10 02:04:08', 1310, 'IP:192.168.0.5; BROWSER:Chrome-110.0.0.0; OS:Windows'),
	(5770, 'Identificacion de Usuario', '2023-03-10 02:13:39', 1310, 'IP:192.168.0.5; BROWSER:Chrome-110.0.0.0; OS:Windows'),
	(5771, 'Validacion de equipo frecuente', '2023-03-10 02:13:39', 1310, 'IP:192.168.0.5; BROWSER:Chrome-110.0.0.0; OS:Windows'),
	(5772, 'Generacion de codigo OTP', '2023-03-10 02:13:40', 1310, 'IP:192.168.0.5; BROWSER:Chrome-110.0.0.0; OS:Windows'),
	(5773, 'Validacion de codigo OTP', '2023-03-10 02:14:00', 1310, 'IP:192.168.0.5; BROWSER:Chrome-110.0.0.0; OS:Windows'),
	(5774, 'Ingreso Exitoso UbiBroker', '2023-03-10 02:14:01', 1310, 'IP:192.168.0.5; BROWSER:Chrome-110.0.0.0; OS:Windows'),
	(5775, 'Ingresando Home', '2023-03-10 02:14:02', 1310, 'IP:192.168.0.5; BROWSER:Chrome-110.0.0.0; OS:Windows'),
	(5776, 'Identificacion de Usuario', '2023-03-10 02:15:05', 1310, 'IP:192.168.0.5; BROWSER:Firefox-110.0; OS:Windows'),
	(5777, 'Validacion de equipo frecuente', '2023-03-10 02:15:05', 1310, 'IP:192.168.0.5; BROWSER:Firefox-110.0; OS:Windows'),
	(5778, 'Generacion de codigo OTP', '2023-03-10 02:15:05', 1310, 'IP:192.168.0.5; BROWSER:Firefox-110.0; OS:Windows'),
	(5779, 'Validacion de codigo OTP', '2023-03-10 02:15:17', 1310, 'IP:192.168.0.5; BROWSER:Firefox-110.0; OS:Windows'),
	(5780, 'Ingreso Exitoso UbiBroker', '2023-03-10 02:15:18', 1310, 'IP:192.168.0.5; BROWSER:Firefox-110.0; OS:Windows'),
	(5781, 'Ingresando Home', '2023-03-10 02:15:18', 1310, 'IP:192.168.0.5; BROWSER:Firefox-110.0; OS:Windows'),
	(5782, 'Identificacion de Usuario', '2023-03-10 02:23:12', 1310, 'IP:192.168.0.5; BROWSER:Firefox-110.0; OS:Windows'),
	(5783, 'Validacion de equipo frecuente', '2023-03-10 02:23:12', 1310, 'IP:192.168.0.5; BROWSER:Firefox-110.0; OS:Windows'),
	(5784, 'Generacion de codigo OTP', '2023-03-10 02:23:12', 1310, 'IP:192.168.0.5; BROWSER:Firefox-110.0; OS:Windows'),
	(5785, 'Validacion de codigo OTP', '2023-03-10 02:23:23', 1310, 'IP:192.168.0.5; BROWSER:Firefox-110.0; OS:Windows'),
	(5786, 'Ingreso Exitoso UbiBroker', '2023-03-10 02:23:24', 1310, 'IP:192.168.0.5; BROWSER:Firefox-110.0; OS:Windows'),
	(5787, 'Ingresando Home', '2023-03-10 02:23:24', 1310, 'IP:192.168.0.5; BROWSER:Firefox-110.0; OS:Windows'),
	(5788, 'Desconexion UbiBroker', '2023-03-10 02:25:15', 1310, 'IP:192.168.0.5; BROWSER:Firefox-110.0; OS:Windows'),
	(5789, 'Identificacion de Usuario', '2023-03-10 02:25:41', 1310, 'IP:192.168.0.5; BROWSER:Chrome-110.0.0.0; OS:Windows'),
	(5790, 'Validacion de equipo frecuente', '2023-03-10 02:25:41', 1310, 'IP:192.168.0.5; BROWSER:Chrome-110.0.0.0; OS:Windows'),
	(5791, 'Generacion de codigo OTP', '2023-03-10 02:25:41', 1310, 'IP:192.168.0.5; BROWSER:Chrome-110.0.0.0; OS:Windows'),
	(5792, 'Validacion de codigo OTP', '2023-03-10 02:25:56', 1310, 'IP:192.168.0.5; BROWSER:Chrome-110.0.0.0; OS:Windows'),
	(5793, 'Ingreso Exitoso UbiBroker', '2023-03-10 02:25:56', 1310, 'IP:192.168.0.5; BROWSER:Chrome-110.0.0.0; OS:Windows'),
	(5794, 'Ingresando Home', '2023-03-10 02:25:56', 1310, 'IP:192.168.0.5; BROWSER:Chrome-110.0.0.0; OS:Windows'),
	(5795, 'Identificacion de Usuario', '2023-03-10 02:38:03', 1310, 'IP:192.168.0.5; BROWSER:Chrome-110.0.0.0; OS:Windows'),
	(5796, 'Validacion de equipo frecuente', '2023-03-10 02:38:03', 1310, 'IP:192.168.0.5; BROWSER:Chrome-110.0.0.0; OS:Windows'),
	(5797, 'Generacion de codigo OTP', '2023-03-10 02:38:03', 1310, 'IP:192.168.0.5; BROWSER:Chrome-110.0.0.0; OS:Windows'),
	(5798, 'Validacion de codigo OTP', '2023-03-10 02:38:16', 1310, 'IP:192.168.0.5; BROWSER:Chrome-110.0.0.0; OS:Windows'),
	(5799, 'Ingreso Exitoso UbiBroker', '2023-03-10 02:38:16', 1310, 'IP:192.168.0.5; BROWSER:Chrome-110.0.0.0; OS:Windows'),
	(5800, 'Ingresando Home', '2023-03-10 02:38:17', 1310, 'IP:192.168.0.5; BROWSER:Chrome-110.0.0.0; OS:Windows'),
	(5801, 'Identificacion de Usuario', '2023-03-10 06:35:20', 1221, 'IP:192.168.0.5; BROWSER:Firefox-110.0; OS:Windows'),
	(5802, 'Validacion de equipo frecuente', '2023-03-10 06:35:20', 1221, 'IP:192.168.0.5; BROWSER:Firefox-110.0; OS:Windows'),
	(5803, 'Generacion de codigo OTP', '2023-03-10 06:35:20', 1221, 'IP:192.168.0.5; BROWSER:Firefox-110.0; OS:Windows'),
	(5804, 'Validacion de codigo OTP', '2023-03-10 06:35:38', 1221, 'IP:192.168.0.5; BROWSER:Firefox-110.0; OS:Windows'),
	(5805, 'Ingreso Exitoso UbiBroker', '2023-03-10 06:35:39', 1221, 'IP:192.168.0.5; BROWSER:Firefox-110.0; OS:Windows'),
	(5806, 'Ingresando Home', '2023-03-10 06:35:39', 1221, 'IP:192.168.0.5; BROWSER:Firefox-110.0; OS:Windows'),
	(5807, 'Identificacion de Usuario', '2023-03-10 06:43:32', 1310, 'IP:192.168.0.5; BROWSER:Firefox-110.0; OS:Windows'),
	(5808, 'Validacion de equipo frecuente', '2023-03-10 06:43:32', 1310, 'IP:192.168.0.5; BROWSER:Firefox-110.0; OS:Windows'),
	(5809, 'Generacion de codigo OTP', '2023-03-10 06:43:32', 1310, 'IP:192.168.0.5; BROWSER:Firefox-110.0; OS:Windows'),
	(5810, 'Validacion de codigo OTP', '2023-03-10 06:43:59', 1310, 'IP:192.168.0.5; BROWSER:Firefox-110.0; OS:Windows'),
	(5811, 'Ingreso Exitoso UbiBroker', '2023-03-10 06:44:00', 1310, 'IP:192.168.0.5; BROWSER:Firefox-110.0; OS:Windows'),
	(5812, 'Ingresando Home', '2023-03-10 06:44:00', 1310, 'IP:192.168.0.5; BROWSER:Firefox-110.0; OS:Windows'),
	(5813, 'Identificacion de Usuario', '2023-03-10 06:48:58', 1310, 'IP:192.168.0.5; BROWSER:Firefox-110.0; OS:Windows'),
	(5814, 'Validacion de equipo frecuente', '2023-03-10 06:48:58', 1310, 'IP:192.168.0.5; BROWSER:Firefox-110.0; OS:Windows'),
	(5815, 'Generacion de codigo OTP', '2023-03-10 06:48:58', 1310, 'IP:192.168.0.5; BROWSER:Firefox-110.0; OS:Windows'),
	(5816, 'Validacion de codigo OTP', '2023-03-10 06:49:11', 1310, 'IP:192.168.0.5; BROWSER:Firefox-110.0; OS:Windows'),
	(5817, 'Ingreso Exitoso UbiBroker', '2023-03-10 06:49:11', 1310, 'IP:192.168.0.5; BROWSER:Firefox-110.0; OS:Windows'),
	(5818, 'Ingresando Home', '2023-03-10 06:49:12', 1310, 'IP:192.168.0.5; BROWSER:Firefox-110.0; OS:Windows'),
	(5819, 'Desconexion UbiBroker', '2023-03-10 06:52:20', 1310, 'IP:192.168.0.5; BROWSER:Firefox-110.0; OS:Windows'),
	(5820, 'Identificacion de Usuario', '2023-03-10 12:09:52', 1310, 'IP:192.168.0.5; BROWSER:Firefox-110.0; OS:Windows'),
	(5821, 'Validacion de equipo frecuente', '2023-03-10 12:09:52', 1310, 'IP:192.168.0.5; BROWSER:Firefox-110.0; OS:Windows'),
	(5822, 'Generacion de codigo OTP', '2023-03-10 12:09:52', 1310, 'IP:192.168.0.5; BROWSER:Firefox-110.0; OS:Windows'),
	(5823, 'Validacion de codigo OTP', '2023-03-10 12:10:12', 1310, 'IP:192.168.0.5; BROWSER:Firefox-110.0; OS:Windows'),
	(5824, 'Ingreso Exitoso UbiBroker', '2023-03-10 12:10:13', 1310, 'IP:192.168.0.5; BROWSER:Firefox-110.0; OS:Windows'),
	(5825, 'Ingresando Home', '2023-03-10 12:10:13', 1310, 'IP:192.168.0.5; BROWSER:Firefox-110.0; OS:Windows'),
	(5826, 'Identificacion de Usuario', '2023-03-10 13:43:02', 1310, 'IP:192.168.0.5; BROWSER:Chrome-110.0.0.0; OS:Android'),
	(5827, 'Validacion de equipo frecuente', '2023-03-10 13:43:02', 1310, 'IP:192.168.0.5; BROWSER:Chrome-110.0.0.0; OS:Android'),
	(5828, 'Generacion de codigo OTP', '2023-03-10 13:43:02', 1310, 'IP:192.168.0.5; BROWSER:Chrome-110.0.0.0; OS:Android'),
	(5829, 'Identificacion de Usuario', '2023-03-10 13:45:49', 1310, 'IP:192.168.0.5; BROWSER:Chrome-110.0.0.0; OS:Android'),
	(5830, 'Validacion de equipo frecuente', '2023-03-10 13:45:49', 1310, 'IP:192.168.0.5; BROWSER:Chrome-110.0.0.0; OS:Android'),
	(5831, 'Generacion de codigo OTP', '2023-03-10 13:45:49', 1310, 'IP:192.168.0.5; BROWSER:Chrome-110.0.0.0; OS:Android'),
	(5832, 'Validacion de codigo OTP', '2023-03-10 13:46:25', 1310, 'IP:192.168.0.5; BROWSER:Chrome-110.0.0.0; OS:Android'),
	(5833, 'Ingreso Exitoso UbiBroker', '2023-03-10 13:46:30', 1310, 'IP:192.168.0.5; BROWSER:Chrome-110.0.0.0; OS:Android'),
	(5834, 'Ingresando Home', '2023-03-10 13:46:30', 1310, 'IP:192.168.0.5; BROWSER:Chrome-110.0.0.0; OS:Android'),
	(5835, 'Ingresado Estado de Cuenta', '2023-03-10 13:46:41', 1310, 'IP:192.168.0.5; BROWSER:Chrome-110.0.0.0; OS:Android'),
	(5836, 'Identificacion de Usuario', '2023-03-14 11:30:02', 1310, 'IP:172.22.201.21; BROWSER:Chrome-111.0.0.0; OS:Android'),
	(5837, 'Validacion de equipo frecuente', '2023-03-14 11:30:03', 1310, 'IP:172.22.201.21; BROWSER:Chrome-111.0.0.0; OS:Android'),
	(5838, 'Generacion de codigo OTP', '2023-03-14 11:30:03', 1310, 'IP:172.22.201.21; BROWSER:Chrome-111.0.0.0; OS:Android'),
	(5839, 'Validacion de codigo OTP', '2023-03-14 11:30:42', 1310, 'IP:172.22.201.21; BROWSER:Chrome-111.0.0.0; OS:Android'),
	(5840, 'Ingreso Exitoso UbiBroker', '2023-03-14 11:30:47', 1310, 'IP:172.22.201.21; BROWSER:Chrome-111.0.0.0; OS:Android'),
	(5841, 'Ingresando Home', '2023-03-14 11:30:47', 1310, 'IP:172.22.201.21; BROWSER:Chrome-111.0.0.0; OS:Android'),
	(5842, 'Ingresado Estado de Cuenta', '2023-03-14 11:31:03', 1310, 'IP:172.22.201.21; BROWSER:Chrome-111.0.0.0; OS:Android'),
	(5843, 'Ingresado Estado de Cuenta', '2023-03-14 11:32:44', 1310, 'IP:172.22.201.21; BROWSER:Chrome-111.0.0.0; OS:Android'),
	(5844, 'Identificacion de Usuario', '2023-03-14 11:36:42', 1310, 'IP:172.22.201.21; BROWSER:Chrome-111.0.0.0; OS:Android'),
	(5845, 'Validacion de equipo frecuente', '2023-03-14 11:36:42', 1310, 'IP:172.22.201.21; BROWSER:Chrome-111.0.0.0; OS:Android'),
	(5846, 'Generacion de codigo OTP', '2023-03-14 11:36:42', 1310, 'IP:172.22.201.21; BROWSER:Chrome-111.0.0.0; OS:Android'),
	(5847, 'Validacion de codigo OTP', '2023-03-14 11:37:23', 1310, 'IP:172.22.201.21; BROWSER:Chrome-111.0.0.0; OS:Android'),
	(5848, 'Ingreso Exitoso UbiBroker', '2023-03-14 11:37:28', 1310, 'IP:172.22.201.21; BROWSER:Chrome-111.0.0.0; OS:Android'),
	(5849, 'Ingresando Home', '2023-03-14 11:37:28', 1310, 'IP:172.22.201.21; BROWSER:Chrome-111.0.0.0; OS:Android'),
	(5850, 'Ingresado Estado de Cuenta', '2023-03-14 11:37:52', 1310, 'IP:172.22.201.21; BROWSER:Chrome-111.0.0.0; OS:Android'),
	(5851, 'Busqueda exitosa Estado de Cuenta', '2023-03-14 11:40:02', 1310, 'IP:172.22.201.21; BROWSER:Chrome-111.0.0.0; OS:Android'),
	(5852, 'Identificacion de Usuario', '2023-03-14 11:41:04', 1310, 'IP:172.22.201.21; BROWSER:Firefox-110.0; OS:Windows'),
	(5853, 'Validacion de equipo frecuente', '2023-03-14 11:41:04', 1310, 'IP:172.22.201.21; BROWSER:Firefox-110.0; OS:Windows'),
	(5854, 'Generacion de codigo OTP', '2023-03-14 11:41:04', 1310, 'IP:172.22.201.21; BROWSER:Firefox-110.0; OS:Windows'),
	(5855, 'Validacion de codigo OTP', '2023-03-14 11:41:17', 1310, 'IP:172.22.201.21; BROWSER:Firefox-110.0; OS:Windows'),
	(5856, 'Ingreso Exitoso UbiBroker', '2023-03-14 11:41:18', 1310, 'IP:172.22.201.21; BROWSER:Firefox-110.0; OS:Windows'),
	(5857, 'Ingresando Home', '2023-03-14 11:41:18', 1310, 'IP:172.22.201.21; BROWSER:Firefox-110.0; OS:Windows'),
	(5858, 'Ingresado Estado de Cuenta', '2023-03-14 11:41:24', 1310, 'IP:172.22.201.21; BROWSER:Firefox-110.0; OS:Windows'),
	(5859, 'Busqueda exitosa Estado de Cuenta', '2023-03-14 11:41:32', 1310, 'IP:172.22.201.21; BROWSER:Firefox-110.0; OS:Windows'),
	(5860, 'Busqueda exitosa Estado de Cuenta', '2023-03-14 11:44:22', 1310, 'IP:172.22.201.21; BROWSER:Chrome-111.0.0.0; OS:Android'),
	(5861, 'Ingresado Estado de Cuenta', '2023-03-14 11:49:17', 1310, 'IP:172.22.201.21; BROWSER:Firefox-110.0; OS:Windows'),
	(5862, 'Busqueda exitosa Estado de Cuenta', '2023-03-14 11:49:25', 1310, 'IP:172.22.201.21; BROWSER:Firefox-110.0; OS:Windows'),
	(5863, 'Identificacion de Usuario', '2023-03-14 11:53:34', 1310, 'IP:172.22.201.21; BROWSER:Firefox-110.0; OS:Windows'),
	(5864, 'Validacion de equipo frecuente', '2023-03-14 11:53:34', 1310, 'IP:172.22.201.21; BROWSER:Firefox-110.0; OS:Windows'),
	(5865, 'Generacion de codigo OTP', '2023-03-14 11:53:34', 1310, 'IP:172.22.201.21; BROWSER:Firefox-110.0; OS:Windows'),
	(5866, 'Validacion de codigo OTP', '2023-03-14 11:53:48', 1310, 'IP:172.22.201.21; BROWSER:Firefox-110.0; OS:Windows'),
	(5867, 'Validacion de codigo OTP:El código otp que ingresó es inválido.', '2023-03-14 11:53:48', 1310, 'IP:172.22.201.21; BROWSER:Firefox-110.0; OS:Windows'),
	(5868, 'Validacion de codigo OTP', '2023-03-14 11:54:06', 1310, 'IP:172.22.201.21; BROWSER:Firefox-110.0; OS:Windows'),
	(5869, 'Ingreso Exitoso UbiBroker', '2023-03-14 11:54:11', 1310, 'IP:172.22.201.21; BROWSER:Firefox-110.0; OS:Windows'),
	(5870, 'Ingresando Home', '2023-03-14 11:54:11', 1310, 'IP:172.22.201.21; BROWSER:Firefox-110.0; OS:Windows'),
	(5871, 'Ingresado Estado de Cuenta', '2023-03-14 11:54:16', 1310, 'IP:172.22.201.21; BROWSER:Firefox-110.0; OS:Windows'),
	(5872, 'Ingresado Estado de Cuenta', '2023-03-14 11:57:01', 1310, 'IP:172.22.201.21; BROWSER:Firefox-110.0; OS:Windows'),
	(5873, 'Ingresado Estado de Cuenta', '2023-03-14 11:57:52', 1310, 'IP:172.22.201.21; BROWSER:Firefox-110.0; OS:Windows'),
	(5874, 'Ingresado Estado de Cuenta', '2023-03-14 11:58:05', 1310, 'IP:172.22.201.21; BROWSER:Firefox-110.0; OS:Windows'),
	(5875, 'Ingresado Estado de Cuenta', '2023-03-14 12:01:18', 1310, 'IP:172.22.201.21; BROWSER:Firefox-110.0; OS:Windows'),
	(5876, 'Identificacion de Usuario', '2023-03-14 12:06:23', 1310, 'IP:172.22.201.21; BROWSER:Chrome-111.0.0.0; OS:Android'),
	(5877, 'Validacion de equipo frecuente', '2023-03-14 12:06:24', 1310, 'IP:172.22.201.21; BROWSER:Chrome-111.0.0.0; OS:Android'),
	(5878, 'Generacion de codigo OTP', '2023-03-14 12:06:24', 1310, 'IP:172.22.201.21; BROWSER:Chrome-111.0.0.0; OS:Android'),
	(5879, 'Validacion de codigo OTP', '2023-03-14 12:06:59', 1310, 'IP:172.22.201.21; BROWSER:Chrome-111.0.0.0; OS:Android'),
	(5880, 'Ingreso Exitoso UbiBroker', '2023-03-14 12:06:59', 1310, 'IP:172.22.201.21; BROWSER:Chrome-111.0.0.0; OS:Android'),
	(5881, 'Ingresando Home', '2023-03-14 12:07:00', 1310, 'IP:172.22.201.21; BROWSER:Chrome-111.0.0.0; OS:Android'),
	(5882, 'Ingresado Estado de Cuenta', '2023-03-14 12:07:15', 1310, 'IP:172.22.201.21; BROWSER:Chrome-111.0.0.0; OS:Android'),
	(5883, 'Busqueda exitosa Estado de Cuenta', '2023-03-14 12:07:29', 1310, 'IP:172.22.201.21; BROWSER:Chrome-111.0.0.0; OS:Android'),
	(5884, 'Identificacion de Usuario', '2023-03-14 12:16:17', 1310, 'IP:172.22.201.21; BROWSER:Firefox-110.0; OS:Windows'),
	(5885, 'Validacion de equipo frecuente', '2023-03-14 12:16:17', 1310, 'IP:172.22.201.21; BROWSER:Firefox-110.0; OS:Windows'),
	(5886, 'Generacion de codigo OTP', '2023-03-14 12:16:17', 1310, 'IP:172.22.201.21; BROWSER:Firefox-110.0; OS:Windows'),
	(5887, 'Validacion de codigo OTP', '2023-03-14 12:16:36', 1310, 'IP:172.22.201.21; BROWSER:Firefox-110.0; OS:Windows'),
	(5888, 'Ingreso Exitoso UbiBroker', '2023-03-14 12:16:37', 1310, 'IP:172.22.201.21; BROWSER:Firefox-110.0; OS:Windows'),
	(5889, 'Ingresando Home', '2023-03-14 12:16:37', 1310, 'IP:172.22.201.21; BROWSER:Firefox-110.0; OS:Windows'),
	(5890, 'Ingresado Estado de Cuenta', '2023-03-14 12:16:46', 1310, 'IP:172.22.201.21; BROWSER:Firefox-110.0; OS:Windows'),
	(5891, 'Identificacion de Usuario', '2023-03-14 12:20:29', 1310, 'IP:172.22.201.21; BROWSER:Firefox-110.0; OS:Windows'),
	(5892, 'Validacion de equipo frecuente', '2023-03-14 12:20:29', 1310, 'IP:172.22.201.21; BROWSER:Firefox-110.0; OS:Windows'),
	(5893, 'Generacion de codigo OTP', '2023-03-14 12:20:30', 1310, 'IP:172.22.201.21; BROWSER:Firefox-110.0; OS:Windows'),
	(5894, 'Validacion de codigo OTP', '2023-03-14 12:20:45', 1310, 'IP:172.22.201.21; BROWSER:Firefox-110.0; OS:Windows'),
	(5895, 'Ingreso Exitoso UbiBroker', '2023-03-14 12:20:46', 1310, 'IP:172.22.201.21; BROWSER:Firefox-110.0; OS:Windows'),
	(5896, 'Ingresando Home', '2023-03-14 12:20:47', 1310, 'IP:172.22.201.21; BROWSER:Firefox-110.0; OS:Windows'),
	(5897, 'Ingresado Estado de Cuenta', '2023-03-14 12:21:03', 1310, 'IP:172.22.201.21; BROWSER:Firefox-110.0; OS:Windows'),
	(5898, 'Busqueda exitosa Estado de Cuenta', '2023-03-14 12:21:16', 1310, 'IP:172.22.201.21; BROWSER:Firefox-110.0; OS:Windows'),
	(5899, 'Ingresado detalle-perfil', '2023-03-14 12:21:45', 1310, 'IP:172.22.201.21; BROWSER:Firefox-110.0; OS:Windows'),
	(5900, 'Modificacion de Preguntas de seguridad', '2023-03-14 12:22:35', 1310, 'IP:172.22.201.21; BROWSER:Firefox-110.0; OS:Windows'),
	(5901, 'Modificacion de Preguntas de seguridad:Algunas de las respuesta no coincide', '2023-03-14 12:27:03', 1310, 'IP:172.22.201.21; BROWSER:Firefox-110.0; OS:Windows'),
	(5902, 'Modificacion de Preguntas de seguridad:Algunas de las respuesta no coincide', '2023-03-14 12:27:08', 1310, 'IP:172.22.201.21; BROWSER:Firefox-110.0; OS:Windows'),
	(5903, 'Desconexion UbiBroker', '2023-03-14 12:27:31', 1310, 'IP:172.22.201.21; BROWSER:Firefox-110.0; OS:Windows'),
	(5904, 'Identificacion de Usuario', '2023-03-14 12:28:08', 1310, 'IP:172.22.201.21; BROWSER:Firefox-110.0; OS:Windows'),
	(5905, 'Validacion de equipo frecuente', '2023-03-14 12:28:08', 1310, 'IP:172.22.201.21; BROWSER:Firefox-110.0; OS:Windows'),
	(5906, 'Generacion de codigo OTP', '2023-03-14 12:28:08', 1310, 'IP:172.22.201.21; BROWSER:Firefox-110.0; OS:Windows'),
	(5907, 'Validacion de codigo OTP', '2023-03-14 12:28:21', 1310, 'IP:172.22.201.21; BROWSER:Firefox-110.0; OS:Windows'),
	(5908, 'Ingreso Exitoso UbiBroker', '2023-03-14 12:28:22', 1310, 'IP:172.22.201.21; BROWSER:Firefox-110.0; OS:Windows'),
	(5909, 'Ingresando Home', '2023-03-14 12:28:22', 1310, 'IP:172.22.201.21; BROWSER:Firefox-110.0; OS:Windows'),
	(5910, 'Ingresado detalle-perfil', '2023-03-14 12:28:52', 1310, 'IP:172.22.201.21; BROWSER:Firefox-110.0; OS:Windows'),
	(5911, 'Modificacion de Preguntas de seguridad', '2023-03-14 12:28:59', 1310, 'IP:172.22.201.21; BROWSER:Firefox-110.0; OS:Windows'),
	(5912, 'Ingresado detalle-perfil', '2023-03-14 12:29:06', 1310, 'IP:172.22.201.21; BROWSER:Firefox-110.0; OS:Windows'),
	(5913, 'Modificacion de Preguntas de seguridad', '2023-03-14 12:29:12', 1310, 'IP:172.22.201.21; BROWSER:Firefox-110.0; OS:Windows'),
	(5914, 'Modificacion de Preguntas de seguridad:Confirmacion', '2023-03-14 12:29:39', 1310, 'IP:172.22.201.21; BROWSER:Firefox-110.0; OS:Windows'),
	(5915, 'Modificacion de Preguntas de seguridad', '2023-03-14 12:29:54', 1310, 'IP:172.22.201.21; BROWSER:Firefox-110.0; OS:Windows'),
	(5916, 'Modificacion de Preguntas de seguridad:Confirmacion', '2023-03-14 12:30:05', 1310, 'IP:172.22.201.21; BROWSER:Firefox-110.0; OS:Windows'),
	(5917, 'Ingresado Estado de Cuenta', '2023-03-14 12:30:20', 1310, 'IP:172.22.201.21; BROWSER:Firefox-110.0; OS:Windows'),
	(5918, 'Identificacion de Usuario', '2023-03-14 12:36:24', 1310, 'IP:172.22.201.21; BROWSER:Firefox-110.0; OS:Windows'),
	(5919, 'Validacion de equipo frecuente', '2023-03-14 12:36:24', 1310, 'IP:172.22.201.21; BROWSER:Firefox-110.0; OS:Windows'),
	(5920, 'Generacion de codigo OTP', '2023-03-14 12:36:24', 1310, 'IP:172.22.201.21; BROWSER:Firefox-110.0; OS:Windows'),
	(5921, 'Validacion de codigo OTP', '2023-03-14 12:36:35', 1310, 'IP:172.22.201.21; BROWSER:Firefox-110.0; OS:Windows'),
	(5922, 'Ingreso Exitoso UbiBroker', '2023-03-14 12:36:35', 1310, 'IP:172.22.201.21; BROWSER:Firefox-110.0; OS:Windows'),
	(5923, 'Ingresando Home', '2023-03-14 12:36:36', 1310, 'IP:172.22.201.21; BROWSER:Firefox-110.0; OS:Windows'),
	(5924, 'Modificacion de Preguntas de seguridad', '2023-03-14 12:36:44', 1310, 'IP:172.22.201.21; BROWSER:Firefox-110.0; OS:Windows'),
	(5925, 'Modificacion de Preguntas de seguridad:Confirmacion', '2023-03-14 12:36:50', 1310, 'IP:172.22.201.21; BROWSER:Firefox-110.0; OS:Windows'),
	(5926, 'Identificacion de Usuario', '2023-03-14 12:38:18', 1310, 'IP:172.22.201.21; BROWSER:Firefox-110.0; OS:Windows'),
	(5927, 'Validacion de equipo frecuente', '2023-03-14 12:38:18', 1310, 'IP:172.22.201.21; BROWSER:Firefox-110.0; OS:Windows'),
	(5928, 'Generacion de codigo OTP', '2023-03-14 12:38:18', 1310, 'IP:172.22.201.21; BROWSER:Firefox-110.0; OS:Windows'),
	(5929, 'Validacion de codigo OTP', '2023-03-14 12:38:33', 1310, 'IP:172.22.201.21; BROWSER:Firefox-110.0; OS:Windows'),
	(5930, 'Ingreso Exitoso UbiBroker', '2023-03-14 12:38:34', 1310, 'IP:172.22.201.21; BROWSER:Firefox-110.0; OS:Windows'),
	(5931, 'Ingresando Home', '2023-03-14 12:38:34', 1310, 'IP:172.22.201.21; BROWSER:Firefox-110.0; OS:Windows'),
	(5932, 'Modificacion de Preguntas de seguridad', '2023-03-14 12:38:40', 1310, 'IP:172.22.201.21; BROWSER:Firefox-110.0; OS:Windows'),
	(5933, 'Modificacion de Preguntas de seguridad:Confirmacion', '2023-03-14 12:38:49', 1310, 'IP:172.22.201.21; BROWSER:Firefox-110.0; OS:Windows'),
	(5934, 'Identificacion de Usuario', '2023-03-14 12:44:06', 1310, 'IP:172.22.201.21; BROWSER:Firefox-110.0; OS:Windows'),
	(5935, 'Validacion de equipo frecuente', '2023-03-14 12:44:06', 1310, 'IP:172.22.201.21; BROWSER:Firefox-110.0; OS:Windows'),
	(5936, 'Generacion de codigo OTP', '2023-03-14 12:44:06', 1310, 'IP:172.22.201.21; BROWSER:Firefox-110.0; OS:Windows'),
	(5937, 'Validacion de codigo OTP', '2023-03-14 12:44:22', 1310, 'IP:172.22.201.21; BROWSER:Firefox-110.0; OS:Windows'),
	(5938, 'Ingreso Exitoso UbiBroker', '2023-03-14 12:44:23', 1310, 'IP:172.22.201.21; BROWSER:Firefox-110.0; OS:Windows'),
	(5939, 'Ingresando Home', '2023-03-14 12:44:23', 1310, 'IP:172.22.201.21; BROWSER:Firefox-110.0; OS:Windows'),
	(5940, 'Modificacion de Preguntas de seguridad', '2023-03-14 12:44:32', 1310, 'IP:172.22.201.21; BROWSER:Firefox-110.0; OS:Windows'),
	(5941, 'Modificacion de Preguntas de seguridad:Confirmacion', '2023-03-14 12:44:55', 1310, 'IP:172.22.201.21; BROWSER:Firefox-110.0; OS:Windows'),
	(5942, 'Modificacion de Preguntas de seguridad', '2023-03-14 12:45:02', 1310, 'IP:172.22.201.21; BROWSER:Firefox-110.0; OS:Windows'),
	(5943, 'Identificacion de Usuario', '2023-03-14 12:49:51', 1310, 'IP:127.0.0.1; BROWSER:Firefox-110.0; OS:Windows'),
	(5944, 'Validacion de equipo frecuente', '2023-03-14 12:49:52', 1310, 'IP:127.0.0.1; BROWSER:Firefox-110.0; OS:Windows'),
	(5945, 'Generacion de codigo OTP', '2023-03-14 12:49:52', 1310, 'IP:127.0.0.1; BROWSER:Firefox-110.0; OS:Windows'),
	(5946, 'Validacion de codigo OTP', '2023-03-14 12:50:14', 1310, 'IP:127.0.0.1; BROWSER:Firefox-110.0; OS:Windows'),
	(5947, 'Ingreso Exitoso UbiBroker', '2023-03-14 12:50:16', 1310, 'IP:127.0.0.1; BROWSER:Firefox-110.0; OS:Windows'),
	(5948, 'Ingresando Home', '2023-03-14 12:50:16', 1310, 'IP:127.0.0.1; BROWSER:Firefox-110.0; OS:Windows'),
	(5949, 'Modificacion de Preguntas de seguridad', '2023-03-14 12:50:25', 1310, 'IP:127.0.0.1; BROWSER:Firefox-110.0; OS:Windows'),
	(5950, 'Identificacion de Usuario', '2023-03-14 12:53:58', 1310, 'IP:192.168.0.5; BROWSER:Firefox-110.0; OS:Windows'),
	(5951, 'Validacion de equipo frecuente', '2023-03-14 12:53:58', 1310, 'IP:192.168.0.5; BROWSER:Firefox-110.0; OS:Windows'),
	(5952, 'Generacion de codigo OTP', '2023-03-14 12:53:58', 1310, 'IP:192.168.0.5; BROWSER:Firefox-110.0; OS:Windows'),
	(5953, 'Validacion de codigo OTP', '2023-03-14 12:54:13', 1310, 'IP:192.168.0.5; BROWSER:Firefox-110.0; OS:Windows'),
	(5954, 'Ingreso Exitoso UbiBroker', '2023-03-14 12:54:14', 1310, 'IP:192.168.0.5; BROWSER:Firefox-110.0; OS:Windows'),
	(5955, 'Ingresando Home', '2023-03-14 12:54:14', 1310, 'IP:192.168.0.5; BROWSER:Firefox-110.0; OS:Windows'),
	(5956, 'Modificacion de Preguntas de seguridad', '2023-03-14 12:54:39', 1310, 'IP:192.168.0.5; BROWSER:Firefox-110.0; OS:Windows'),
	(5957, 'Modificacion de Preguntas de seguridad:Confirmacion', '2023-03-14 12:54:54', 1310, 'IP:192.168.0.5; BROWSER:Firefox-110.0; OS:Windows'),
	(5958, 'Identificacion de Usuario', '2023-03-14 12:58:19', 1310, 'IP:192.168.0.5; BROWSER:Firefox-110.0; OS:Windows'),
	(5959, 'Validacion de equipo frecuente', '2023-03-14 12:58:19', 1310, 'IP:192.168.0.5; BROWSER:Firefox-110.0; OS:Windows'),
	(5960, 'Generacion de codigo OTP', '2023-03-14 12:58:19', 1310, 'IP:192.168.0.5; BROWSER:Firefox-110.0; OS:Windows'),
	(5961, 'Validacion de codigo OTP', '2023-03-14 12:58:35', 1310, 'IP:192.168.0.5; BROWSER:Firefox-110.0; OS:Windows'),
	(5962, 'Ingreso Exitoso UbiBroker', '2023-03-14 12:58:35', 1310, 'IP:192.168.0.5; BROWSER:Firefox-110.0; OS:Windows'),
	(5963, 'Ingresando Home', '2023-03-14 12:58:36', 1310, 'IP:192.168.0.5; BROWSER:Firefox-110.0; OS:Windows'),
	(5964, 'Modificacion de Preguntas de seguridad', '2023-03-14 12:58:49', 1310, 'IP:192.168.0.5; BROWSER:Firefox-110.0; OS:Windows'),
	(5965, 'Modificacion de Preguntas de seguridad:Confirmacion', '2023-03-14 12:58:58', 1310, 'IP:192.168.0.5; BROWSER:Firefox-110.0; OS:Windows'),
	(5966, 'Ingresado detalle-perfil', '2023-03-14 12:59:28', 1310, 'IP:192.168.0.5; BROWSER:Firefox-110.0; OS:Windows'),
	(5967, 'Identificacion de Usuario', '2023-03-14 13:03:23', 1310, 'IP:192.168.0.5; BROWSER:Chrome-111.0.0.0; OS:Android'),
	(5968, 'Validacion de equipo frecuente', '2023-03-14 13:03:23', 1310, 'IP:192.168.0.5; BROWSER:Chrome-111.0.0.0; OS:Android'),
	(5969, 'Generacion de codigo OTP', '2023-03-14 13:03:23', 1310, 'IP:192.168.0.5; BROWSER:Chrome-111.0.0.0; OS:Android'),
	(5970, 'Validacion de codigo OTP', '2023-03-14 13:04:01', 1310, 'IP:192.168.0.5; BROWSER:Chrome-111.0.0.0; OS:Android'),
	(5971, 'Ingreso Exitoso UbiBroker', '2023-03-14 13:04:02', 1310, 'IP:192.168.0.5; BROWSER:Chrome-111.0.0.0; OS:Android'),
	(5972, 'Ingresando Home', '2023-03-14 13:04:02', 1310, 'IP:192.168.0.5; BROWSER:Chrome-111.0.0.0; OS:Android'),
	(5973, 'Ingresado detalle-perfil', '2023-03-14 13:04:22', 1310, 'IP:192.168.0.5; BROWSER:Chrome-111.0.0.0; OS:Android'),
	(5974, 'Ingresado Estado de Cuenta', '2023-03-14 13:04:49', 1310, 'IP:192.168.0.5; BROWSER:Chrome-111.0.0.0; OS:Android'),
	(5975, 'Busqueda exitosa Estado de Cuenta', '2023-03-14 13:05:00', 1310, 'IP:192.168.0.5; BROWSER:Chrome-111.0.0.0; OS:Android'),
	(5976, 'Modificacion de Preguntas de seguridad', '2023-03-14 13:05:34', 1310, 'IP:192.168.0.5; BROWSER:Chrome-111.0.0.0; OS:Android'),
	(5977, 'Modificacion de Preguntas de seguridad:Confirmacion', '2023-03-14 13:06:16', 1310, 'IP:192.168.0.5; BROWSER:Chrome-111.0.0.0; OS:Android'),
	(5978, 'Identificacion de Usuario', '2023-03-14 13:08:14', 1310, 'IP:192.168.0.5; BROWSER:Firefox-110.0; OS:Windows'),
	(5979, 'Validacion de equipo frecuente', '2023-03-14 13:08:14', 1310, 'IP:192.168.0.5; BROWSER:Firefox-110.0; OS:Windows'),
	(5980, 'Generacion de codigo OTP', '2023-03-14 13:08:14', 1310, 'IP:192.168.0.5; BROWSER:Firefox-110.0; OS:Windows'),
	(5981, 'Validacion de codigo OTP', '2023-03-14 13:08:30', 1310, 'IP:192.168.0.5; BROWSER:Firefox-110.0; OS:Windows'),
	(5982, 'Ingreso Exitoso UbiBroker', '2023-03-14 13:08:31', 1310, 'IP:192.168.0.5; BROWSER:Firefox-110.0; OS:Windows'),
	(5983, 'Ingresando Home', '2023-03-14 13:08:31', 1310, 'IP:192.168.0.5; BROWSER:Firefox-110.0; OS:Windows'),
	(5984, 'Modificacion de Preguntas de seguridad', '2023-03-14 13:08:40', 1310, 'IP:192.168.0.5; BROWSER:Firefox-110.0; OS:Windows'),
	(5985, 'Modificacion de Preguntas de seguridad:Confirmacion', '2023-03-14 13:08:48', 1310, 'IP:192.168.0.5; BROWSER:Firefox-110.0; OS:Windows'),
	(5986, 'Identificacion de Usuario', '2023-03-14 13:11:56', 1310, 'IP:192.168.0.5; BROWSER:Chrome-111.0.0.0; OS:Android'),
	(5987, 'Validacion de equipo frecuente', '2023-03-14 13:11:56', 1310, 'IP:192.168.0.5; BROWSER:Chrome-111.0.0.0; OS:Android'),
	(5988, 'Generacion de codigo OTP', '2023-03-14 13:11:56', 1310, 'IP:192.168.0.5; BROWSER:Chrome-111.0.0.0; OS:Android'),
	(5989, 'Validacion de codigo OTP', '2023-03-14 13:12:26', 1310, 'IP:192.168.0.5; BROWSER:Chrome-111.0.0.0; OS:Android'),
	(5990, 'Ingreso Exitoso UbiBroker', '2023-03-14 13:12:26', 1310, 'IP:192.168.0.5; BROWSER:Chrome-111.0.0.0; OS:Android'),
	(5991, 'Ingresando Home', '2023-03-14 13:12:26', 1310, 'IP:192.168.0.5; BROWSER:Chrome-111.0.0.0; OS:Android'),
	(5992, 'Modificacion de Preguntas de seguridad', '2023-03-14 13:12:37', 1310, 'IP:192.168.0.5; BROWSER:Chrome-111.0.0.0; OS:Android'),
	(5993, 'Modificacion de Preguntas de seguridad:Confirmacion', '2023-03-14 13:12:56', 1310, 'IP:192.168.0.5; BROWSER:Chrome-111.0.0.0; OS:Android'),
	(5994, 'Modificacion de Preguntas de seguridad', '2023-03-14 13:13:36', 1310, 'IP:192.168.0.5; BROWSER:Chrome-111.0.0.0; OS:Android'),
	(5995, 'Modificacion de Preguntas de seguridad:Confirmacion', '2023-03-14 13:13:48', 1310, 'IP:192.168.0.5; BROWSER:Chrome-111.0.0.0; OS:Android'),
	(5996, 'Identificacion de Usuario', '2023-03-14 13:14:34', 1310, 'IP:192.168.0.5; BROWSER:Chrome-111.0.0.0; OS:Android'),
	(5997, 'Validacion de equipo frecuente', '2023-03-14 13:14:34', 1310, 'IP:192.168.0.5; BROWSER:Chrome-111.0.0.0; OS:Android'),
	(5998, 'Generacion de codigo OTP', '2023-03-14 13:14:34', 1310, 'IP:192.168.0.5; BROWSER:Chrome-111.0.0.0; OS:Android'),
	(5999, 'Validacion de codigo OTP', '2023-03-14 13:15:01', 1310, 'IP:192.168.0.5; BROWSER:Chrome-111.0.0.0; OS:Android'),
	(6000, 'Ingreso Exitoso UbiBroker', '2023-03-14 13:15:02', 1310, 'IP:192.168.0.5; BROWSER:Chrome-111.0.0.0; OS:Android'),
	(6001, 'Ingresando Home', '2023-03-14 13:15:02', 1310, 'IP:192.168.0.5; BROWSER:Chrome-111.0.0.0; OS:Android'),
	(6002, 'Modificacion de Preguntas de seguridad', '2023-03-14 13:15:22', 1310, 'IP:192.168.0.5; BROWSER:Chrome-111.0.0.0; OS:Android'),
	(6003, 'Modificacion de Preguntas de seguridad:Confirmacion', '2023-03-14 13:15:37', 1310, 'IP:192.168.0.5; BROWSER:Chrome-111.0.0.0; OS:Android'),
	(6004, 'Generacion de codigo OTP', '2023-03-16 13:49:59', 185, 'IP:192.168.0.5; BROWSER:Firefox-110.0; OS:Windows'),
	(6005, 'Validacion de codigo OTP', '2023-03-16 13:50:35', NULL, 'IP:192.168.0.5; BROWSER:Firefox-110.0; OS:Windows'),
	(6006, 'Generacion de codigo OTP', '2023-03-16 13:50:56', 185, 'IP:192.168.0.5; BROWSER:Firefox-110.0; OS:Windows'),
	(6007, 'Validacion de codigo OTP', '2023-03-16 13:51:14', 185, 'IP:192.168.0.5; BROWSER:Firefox-110.0; OS:Windows'),
	(6008, 'Validacion de codigo OTP:El código otp que ingresó es inválido.', '2023-03-16 13:51:14', 185, 'IP:192.168.0.5; BROWSER:Firefox-110.0; OS:Windows'),
	(6009, 'Validacion de codigo OTP', '2023-03-16 13:51:18', 185, 'IP:192.168.0.5; BROWSER:Firefox-110.0; OS:Windows'),
	(6010, 'Identificacion de Usuario', '2023-03-17 04:08:32', 1310, 'IP:192.168.0.5; BROWSER:Firefox-110.0; OS:Windows'),
	(6011, 'Validacion de equipo frecuente', '2023-03-17 04:08:33', 1310, 'IP:192.168.0.5; BROWSER:Firefox-110.0; OS:Windows'),
	(6012, 'Generacion de codigo OTP', '2023-03-17 04:08:33', 1310, 'IP:192.168.0.5; BROWSER:Firefox-110.0; OS:Windows'),
	(6013, 'Validacion de codigo OTP', '2023-03-17 04:08:54', NULL, 'IP:192.168.0.5; BROWSER:Firefox-110.0; OS:Windows'),
	(6014, 'Identificacion de Usuario', '2023-03-17 04:09:15', 1310, 'IP:192.168.0.5; BROWSER:Firefox-110.0; OS:Windows'),
	(6015, 'Validacion de equipo frecuente', '2023-03-17 04:09:16', 1310, 'IP:192.168.0.5; BROWSER:Firefox-110.0; OS:Windows'),
	(6016, 'Generacion de codigo OTP', '2023-03-17 04:09:16', 1310, 'IP:192.168.0.5; BROWSER:Firefox-110.0; OS:Windows'),
	(6017, 'Validacion de codigo OTP', '2023-03-17 04:09:32', 1310, 'IP:192.168.0.5; BROWSER:Firefox-110.0; OS:Windows'),
	(6018, 'Ingreso Exitoso UbiBroker', '2023-03-17 04:09:38', 1310, 'IP:192.168.0.5; BROWSER:Firefox-110.0; OS:Windows'),
	(6019, 'Ingresando Home', '2023-03-17 04:09:39', 1310, 'IP:192.168.0.5; BROWSER:Firefox-110.0; OS:Windows'),
	(6020, 'Ingresado detalle-perfil', '2023-03-17 04:18:57', 1310, 'IP:192.168.0.5; BROWSER:Firefox-110.0; OS:Windows'),
	(6021, 'Identificacion de Usuario', '2023-03-17 04:29:01', 1310, 'IP:192.168.0.5; BROWSER:Firefox-110.0; OS:Windows'),
	(6022, 'Validacion de equipo frecuente', '2023-03-17 04:29:01', 1310, 'IP:192.168.0.5; BROWSER:Firefox-110.0; OS:Windows'),
	(6023, 'Generacion de codigo OTP', '2023-03-17 04:29:01', 1310, 'IP:192.168.0.5; BROWSER:Firefox-110.0; OS:Windows'),
	(6024, 'Validacion de codigo OTP', '2023-03-17 04:29:27', 1310, 'IP:192.168.0.5; BROWSER:Firefox-110.0; OS:Windows'),
	(6025, 'Ingreso Exitoso UbiBroker', '2023-03-17 04:29:31', 1310, 'IP:192.168.0.5; BROWSER:Firefox-110.0; OS:Windows'),
	(6026, 'Ingresando Home', '2023-03-17 04:29:32', 1310, 'IP:192.168.0.5; BROWSER:Firefox-110.0; OS:Windows'),
	(6027, 'Identificacion de Usuario', '2023-03-17 04:40:48', 1310, 'IP:192.168.0.5; BROWSER:Firefox-110.0; OS:Windows'),
	(6028, 'Validacion de equipo frecuente', '2023-03-17 04:40:48', 1310, 'IP:192.168.0.5; BROWSER:Firefox-110.0; OS:Windows'),
	(6029, 'Generacion de codigo OTP', '2023-03-17 04:40:48', 1310, 'IP:192.168.0.5; BROWSER:Firefox-110.0; OS:Windows'),
	(6030, 'Validacion de codigo OTP', '2023-03-17 04:41:00', 1310, 'IP:192.168.0.5; BROWSER:Firefox-110.0; OS:Windows'),
	(6031, 'Ingreso Exitoso UbiBroker', '2023-03-17 04:41:05', 1310, 'IP:192.168.0.5; BROWSER:Firefox-110.0; OS:Windows'),
	(6032, 'Ingresando Home', '2023-03-17 04:41:05', 1310, 'IP:192.168.0.5; BROWSER:Firefox-110.0; OS:Windows'),
	(6033, 'Usuario o Clave Invalida', '2023-03-20 07:35:10', 185, 'IP:192.168.0.5; BROWSER:Firefox-111.0; OS:Windows'),
	(6034, 'Generacion de codigo OTP', '2023-03-20 07:35:28', 185, 'IP:192.168.0.5; BROWSER:Firefox-111.0; OS:Windows'),
	(6035, 'Validacion de codigo OTP', '2023-03-20 07:35:40', 185, 'IP:192.168.0.5; BROWSER:Firefox-111.0; OS:Windows'),
	(6036, 'Identificacion de Usuario', '2023-03-23 15:21:17', 1310, 'IP:192.168.0.5; BROWSER:Firefox-111.0; OS:Windows'),
	(6037, 'Validacion de equipo frecuente', '2023-03-23 15:21:17', 1310, 'IP:192.168.0.5; BROWSER:Firefox-111.0; OS:Windows'),
	(6038, 'Generacion de codigo OTP', '2023-03-23 15:21:17', 1310, 'IP:192.168.0.5; BROWSER:Firefox-111.0; OS:Windows'),
	(6039, 'Identificacion de Usuario', '2023-03-23 15:21:34', 1310, 'IP:192.168.0.5; BROWSER:Firefox-111.0; OS:Windows'),
	(6040, 'Validacion de equipo frecuente', '2023-03-23 15:21:34', 1310, 'IP:192.168.0.5; BROWSER:Firefox-111.0; OS:Windows'),
	(6041, 'Generacion de codigo OTP', '2023-03-23 15:21:34', 1310, 'IP:192.168.0.5; BROWSER:Firefox-111.0; OS:Windows'),
	(6042, 'Validacion de codigo OTP', '2023-03-23 15:21:53', 1310, 'IP:192.168.0.5; BROWSER:Firefox-111.0; OS:Windows'),
	(6043, 'Ingreso Exitoso UbiBroker', '2023-03-23 15:21:59', 1310, 'IP:192.168.0.5; BROWSER:Firefox-111.0; OS:Windows'),
	(6044, 'Ingresando Home', '2023-03-23 15:22:00', 1310, 'IP:192.168.0.5; BROWSER:Firefox-111.0; OS:Windows'),
	(6045, 'Ingresado Generación de Orden', '2023-03-23 15:25:41', 1310, 'IP:192.168.0.5; BROWSER:Firefox-111.0; OS:Windows'),
	(6046, 'Generación de Orden - SBB Cubierto con Mutuo', '2023-03-23 15:25:47', 1310, 'IP:192.168.0.5; BROWSER:Firefox-111.0; OS:Windows'),
	(6047, 'Desconexion UbiBroker', '2023-03-23 15:28:21', 1310, 'IP:192.168.0.5; BROWSER:Firefox-111.0; OS:Windows'),
	(6048, 'Generacion de codigo OTP', '2023-06-05 06:43:48', 185, 'IP:192.168.0.5; BROWSER:Firefox-113.0; OS:Windows'),
	(6049, 'Validacion de codigo OTP', '2023-06-05 06:44:02', NULL, 'IP:192.168.0.5; BROWSER:Firefox-113.0; OS:Windows'),
	(6050, 'Generacion de codigo OTP', '2023-06-05 06:46:39', 185, 'IP:192.168.0.5; BROWSER:Firefox-113.0; OS:Windows'),
	(6051, 'Validacion de codigo OTP', '2023-06-05 06:46:51', 185, 'IP:192.168.0.5; BROWSER:Firefox-113.0; OS:Windows'),
	(6052, 'Generacion de codigo OTP', '2023-06-05 07:24:36', 185, 'IP:192.168.0.5; BROWSER:Firefox-113.0; OS:Windows'),
	(6053, 'Validacion de codigo OTP', '2023-06-05 07:24:45', 185, 'IP:192.168.0.5; BROWSER:Firefox-113.0; OS:Windows'),
	(6054, 'Generacion de codigo OTP', '2023-06-05 08:08:14', 185, 'IP:192.168.0.5; BROWSER:Firefox-113.0; OS:Windows'),
	(6055, 'Validacion de codigo OTP', '2023-06-05 08:08:23', 185, 'IP:192.168.0.5; BROWSER:Firefox-113.0; OS:Windows'),
	(6056, 'Generacion de codigo OTP', '2023-06-05 08:11:47', 185, 'IP:192.168.0.5; BROWSER:Firefox-113.0; OS:Windows'),
	(6057, 'Validacion de codigo OTP', '2023-06-05 08:12:03', 185, 'IP:192.168.0.5; BROWSER:Firefox-113.0; OS:Windows'),
	(6058, 'Generacion de codigo OTP', '2023-06-05 08:18:15', 185, 'IP:192.168.0.5; BROWSER:Firefox-113.0; OS:Windows'),
	(6059, 'Validacion de codigo OTP', '2023-06-05 08:18:31', 185, 'IP:192.168.0.5; BROWSER:Firefox-113.0; OS:Windows'),
	(6060, 'Generacion de codigo OTP', '2023-06-05 08:21:03', 185, 'IP:192.168.0.5; BROWSER:Firefox-113.0; OS:Windows'),
	(6061, 'Validacion de codigo OTP', '2023-06-05 08:21:14', 185, 'IP:192.168.0.5; BROWSER:Firefox-113.0; OS:Windows'),
	(6062, 'Generacion de codigo OTP', '2023-06-05 08:57:56', 185, 'IP:10.213.35.1; BROWSER:Firefox-113.0; OS:Windows'),
	(6063, 'Validacion de codigo OTP', '2023-06-05 08:58:10', 185, 'IP:10.213.35.1; BROWSER:Firefox-113.0; OS:Windows'),
	(6064, 'Generacion de codigo OTP', '2023-06-05 09:09:45', 185, 'IP:10.213.35.1; BROWSER:Firefox-113.0; OS:Windows'),
	(6065, 'Validacion de codigo OTP', '2023-06-05 09:09:56', 185, 'IP:10.213.35.1; BROWSER:Firefox-113.0; OS:Windows'),
	(6066, 'Generacion de codigo OTP', '2023-06-05 09:11:21', 185, 'IP:10.213.35.1; BROWSER:Firefox-113.0; OS:Windows'),
	(6067, 'Validacion de codigo OTP', '2023-06-05 09:11:32', 185, 'IP:10.213.35.1; BROWSER:Firefox-113.0; OS:Windows'),
	(6068, 'Generacion de codigo OTP', '2023-06-05 09:14:01', 185, 'IP:10.213.35.1; BROWSER:Firefox-113.0; OS:Windows'),
	(6069, 'Validacion de codigo OTP', '2023-06-05 09:28:30', 185, 'IP:10.213.35.1; BROWSER:Firefox-113.0; OS:Windows'),
	(6070, 'Generacion de codigo OTP', '2023-06-05 09:30:30', 185, 'IP:10.213.35.1; BROWSER:Firefox-113.0; OS:Windows'),
	(6071, 'Validacion de codigo OTP', '2023-06-05 09:30:44', 185, 'IP:10.213.35.1; BROWSER:Firefox-113.0; OS:Windows'),
	(6072, 'Generacion de codigo OTP', '2023-06-05 09:35:03', 185, 'IP:10.213.35.1; BROWSER:Firefox-113.0; OS:Windows'),
	(6073, 'Validacion de codigo OTP', '2023-06-05 09:35:33', 185, 'IP:10.213.35.1; BROWSER:Firefox-113.0; OS:Windows'),
	(6074, 'Generacion de codigo OTP', '2023-06-05 14:09:34', 185, 'IP:10.213.35.1; BROWSER:Firefox-113.0; OS:Windows'),
	(6075, 'Validacion de codigo OTP', '2023-06-05 14:09:45', 185, 'IP:10.213.35.1; BROWSER:Firefox-113.0; OS:Windows'),
	(6076, 'Generacion de codigo OTP', '2023-06-05 14:15:53', 185, 'IP:10.213.35.1; BROWSER:Firefox-113.0; OS:Windows'),
	(6077, 'Validacion de codigo OTP', '2023-06-05 14:16:05', 185, 'IP:10.213.35.1; BROWSER:Firefox-113.0; OS:Windows'),
	(6078, 'Generacion de codigo OTP', '2023-06-05 14:30:38', 185, 'IP:10.213.35.1; BROWSER:Firefox-113.0; OS:Windows'),
	(6079, 'Validacion de codigo OTP', '2023-06-05 14:30:50', 185, 'IP:10.213.35.1; BROWSER:Firefox-113.0; OS:Windows'),
	(6080, 'Generacion de codigo OTP', '2023-06-06 05:57:41', 185, 'IP:192.168.0.5; BROWSER:Firefox-113.0; OS:Windows'),
	(6081, 'Validacion de codigo OTP', '2023-06-06 05:57:53', 185, 'IP:192.168.0.5; BROWSER:Firefox-113.0; OS:Windows'),
	(6082, 'Generacion de codigo OTP', '2023-06-06 06:01:18', 185, 'IP:192.168.0.5; BROWSER:Firefox-113.0; OS:Windows'),
	(6083, 'Validacion de codigo OTP', '2023-06-06 06:01:31', 185, 'IP:192.168.0.5; BROWSER:Firefox-113.0; OS:Windows'),
	(6084, 'Generacion de codigo OTP', '2023-06-06 06:04:40', 185, 'IP:192.168.0.5; BROWSER:Firefox-113.0; OS:Windows'),
	(6085, 'Validacion de codigo OTP', '2023-06-06 06:04:48', 185, 'IP:192.168.0.5; BROWSER:Firefox-113.0; OS:Windows'),
	(6086, 'Generacion de codigo OTP', '2023-06-06 06:38:15', 185, 'IP:192.168.0.5; BROWSER:Firefox-113.0; OS:Windows'),
	(6087, 'Validacion de codigo OTP', '2023-06-06 06:38:26', 185, 'IP:192.168.0.5; BROWSER:Firefox-113.0; OS:Windows'),
	(6088, 'Generacion de codigo OTP', '2023-06-06 07:56:23', 185, 'IP:192.168.0.5; BROWSER:Firefox-113.0; OS:Windows'),
	(6089, 'Validacion de codigo OTP', '2023-06-06 07:56:40', 185, 'IP:192.168.0.5; BROWSER:Firefox-113.0; OS:Windows'),
	(6090, 'Generacion de clave temporal', '2023-06-06 08:32:45', 1227, 'IP:192.168.0.5; BROWSER:Firefox-113.0; OS:Windows'),
	(6091, 'Reseteo de cotraseña- API CRM Error:UserPassWebApp Estatus 500(Error generico)', '2023-06-06 08:35:35', 1227, 'IP:192.168.0.5; BROWSER:Firefox-113.0; OS:Windows'),
	(6092, 'Generacion de codigo OTP', '2023-06-06 11:27:51', 185, 'IP:192.168.0.5; BROWSER:Firefox-113.0; OS:Windows'),
	(6093, 'Validacion de codigo OTP', '2023-06-06 11:28:35', 185, 'IP:192.168.0.5; BROWSER:Firefox-113.0; OS:Windows'),
	(6094, 'Generacion de codigo OTP', '2023-06-06 11:48:45', 185, 'IP:192.168.0.5; BROWSER:Firefox-113.0; OS:Windows'),
	(6095, 'Validacion de codigo OTP', '2023-06-06 11:49:01', 185, 'IP:192.168.0.5; BROWSER:Firefox-113.0; OS:Windows'),
	(6096, 'Generacion de codigo OTP', '2023-06-07 00:18:29', 185, 'IP:192.168.0.5; BROWSER:Firefox-113.0; OS:Windows'),
	(6097, 'Validacion de codigo OTP', '2023-06-07 00:18:38', 185, 'IP:192.168.0.5; BROWSER:Firefox-113.0; OS:Windows'),
	(6098, 'Generacion de codigo OTP', '2023-06-07 00:21:06', 185, 'IP:192.168.0.5; BROWSER:Firefox-113.0; OS:Windows'),
	(6099, 'Validacion de codigo OTP', '2023-06-07 00:21:17', 185, 'IP:192.168.0.5; BROWSER:Firefox-113.0; OS:Windows'),
	(6100, 'Generacion de codigo OTP', '2023-06-07 00:26:11', 185, 'IP:192.168.0.5; BROWSER:Firefox-113.0; OS:Windows'),
	(6101, 'Validacion de codigo OTP', '2023-06-07 00:26:19', 185, 'IP:192.168.0.5; BROWSER:Firefox-113.0; OS:Windows'),
	(6102, 'Generacion de codigo OTP', '2023-06-07 00:32:38', 185, 'IP:192.168.0.5; BROWSER:Firefox-113.0; OS:Windows'),
	(6103, 'Validacion de codigo OTP', '2023-06-07 00:32:50', 185, 'IP:192.168.0.5; BROWSER:Firefox-113.0; OS:Windows'),
	(6104, 'Generacion de codigo OTP', '2023-06-07 00:38:45', 185, 'IP:192.168.0.5; BROWSER:Firefox-113.0; OS:Windows'),
	(6105, 'Validacion de codigo OTP', '2023-06-07 00:38:54', 185, 'IP:192.168.0.5; BROWSER:Firefox-113.0; OS:Windows'),
	(6106, 'Generacion de codigo OTP', '2023-06-07 00:42:10', 185, 'IP:192.168.0.5; BROWSER:Firefox-113.0; OS:Windows'),
	(6107, 'Validacion de codigo OTP', '2023-06-07 00:42:21', 185, 'IP:192.168.0.5; BROWSER:Firefox-113.0; OS:Windows'),
	(6108, 'Generacion de codigo OTP', '2023-06-07 05:40:04', 185, 'IP:192.168.0.5; BROWSER:Firefox-113.0; OS:Windows'),
	(6109, 'Validacion de codigo OTP', '2023-06-07 05:40:25', 185, 'IP:192.168.0.5; BROWSER:Firefox-113.0; OS:Windows'),
	(6110, 'Generacion de codigo OTP', '2023-06-07 05:47:46', 185, 'IP:192.168.0.5; BROWSER:Firefox-113.0; OS:Windows'),
	(6111, 'Validacion de codigo OTP', '2023-06-07 05:47:54', 185, 'IP:192.168.0.5; BROWSER:Firefox-113.0; OS:Windows'),
	(6112, 'Generacion de codigo OTP', '2023-06-07 06:23:49', 185, 'IP:192.168.0.5; BROWSER:Firefox-113.0; OS:Windows'),
	(6113, 'Validacion de codigo OTP', '2023-06-07 06:23:59', 185, 'IP:192.168.0.5; BROWSER:Firefox-113.0; OS:Windows'),
	(6114, 'Generacion de codigo OTP', '2023-06-08 05:48:46', 185, 'IP:192.168.0.5; BROWSER:Firefox-113.0; OS:Windows'),
	(6115, 'Validacion de codigo OTP', '2023-06-08 05:49:03', 185, 'IP:192.168.0.5; BROWSER:Firefox-113.0; OS:Windows'),
	(6116, 'Generacion de codigo OTP', '2023-06-08 06:41:51', 185, 'IP:192.168.0.5; BROWSER:Firefox-113.0; OS:Windows'),
	(6117, 'Validacion de codigo OTP', '2023-06-08 06:42:03', 185, 'IP:192.168.0.5; BROWSER:Firefox-113.0; OS:Windows'),
	(6118, 'Generacion de codigo OTP', '2023-06-08 06:45:04', 185, 'IP:192.168.0.5; BROWSER:Firefox-113.0; OS:Windows'),
	(6119, 'Validacion de codigo OTP', '2023-06-08 06:45:17', 185, 'IP:192.168.0.5; BROWSER:Firefox-113.0; OS:Windows'),
	(6120, 'Generacion de codigo OTP', '2023-06-08 09:01:49', 185, 'IP:10.213.35.1; BROWSER:Firefox-113.0; OS:Windows'),
	(6121, 'Validacion de codigo OTP', '2023-06-08 09:02:03', 185, 'IP:10.213.35.1; BROWSER:Firefox-113.0; OS:Windows'),
	(6122, 'Generacion de codigo OTP', '2023-06-09 05:19:06', 185, 'IP:192.168.0.5; BROWSER:Firefox-113.0; OS:Windows'),
	(6123, 'Validacion de codigo OTP', '2023-06-09 05:19:21', 185, 'IP:192.168.0.5; BROWSER:Firefox-113.0; OS:Windows'),
	(6124, 'Generacion de codigo OTP', '2023-06-09 05:24:17', 185, 'IP:192.168.0.5; BROWSER:Firefox-113.0; OS:Windows'),
	(6125, 'Validacion de codigo OTP', '2023-06-09 05:24:29', 185, 'IP:192.168.0.5; BROWSER:Firefox-113.0; OS:Windows'),
	(6126, 'Generacion de codigo OTP', '2023-06-09 05:51:20', 185, 'IP:192.168.0.5; BROWSER:Firefox-113.0; OS:Windows'),
	(6127, 'Validacion de codigo OTP', '2023-06-09 05:51:32', 185, 'IP:192.168.0.5; BROWSER:Firefox-113.0; OS:Windows'),
	(6128, 'Generacion de codigo OTP', '2023-06-09 06:12:09', 185, 'IP:192.168.0.5; BROWSER:Firefox-113.0; OS:Windows'),
	(6129, 'Validacion de codigo OTP', '2023-06-09 06:12:17', 185, 'IP:192.168.0.5; BROWSER:Firefox-113.0; OS:Windows'),
	(6130, 'Generacion de codigo OTP', '2023-06-09 06:21:25', 185, 'IP:192.168.0.5; BROWSER:Firefox-113.0; OS:Windows'),
	(6131, 'Validacion de codigo OTP', '2023-06-09 06:21:42', 185, 'IP:192.168.0.5; BROWSER:Firefox-113.0; OS:Windows'),
	(6132, 'Generacion de codigo OTP', '2023-06-09 06:30:38', 185, 'IP:192.168.0.5; BROWSER:Firefox-113.0; OS:Windows'),
	(6133, 'Validacion de codigo OTP', '2023-06-09 06:30:55', 185, 'IP:192.168.0.5; BROWSER:Firefox-113.0; OS:Windows');

-- Volcando estructura para tabla united3.ubi_casa_bolsa
CREATE TABLE IF NOT EXISTS `ubi_casa_bolsa` (
  `id` int(11) NOT NULL AUTO_INCREMENT,
  `nombre` varchar(120) DEFAULT NULL,
  `url_ws` varchar(120) DEFAULT NULL,
  `user_ws` varchar(50) DEFAULT NULL,
  `password_ws` varchar(50) DEFAULT NULL,
  `estatus` int(11) NOT NULL,
  `limite_usuarios` int(11) DEFAULT NULL,
  `telf_soporte` varchar(15) DEFAULT NULL,
  `correo_soporte` varchar(45) DEFAULT NULL,
  `fecha_creacion` timestamp NOT NULL DEFAULT current_timestamp(),
  `fecha_modificacion` timestamp NOT NULL DEFAULT '0000-00-00 00:00:00',
  `horario` varchar(1) DEFAULT NULL,
  `emisor_graph` int(1) NOT NULL,
  `code` varchar(108) DEFAULT NULL,
  `url_css` varchar(255) DEFAULT NULL,
  `logo` varchar(255) DEFAULT NULL,
  PRIMARY KEY (`id`)
) ENGINE=InnoDB AUTO_INCREMENT=2 DEFAULT CHARSET=latin1;

-- Volcando datos para la tabla united3.ubi_casa_bolsa: ~1 rows (aproximadamente)
INSERT INTO `ubi_casa_bolsa` (`id`, `nombre`, `url_ws`, `user_ws`, `password_ws`, `estatus`, `limite_usuarios`, `telf_soporte`, `correo_soporte`, `fecha_creacion`, `fecha_modificacion`, `horario`, `emisor_graph`, `code`, `url_css`, `logo`) VALUES
	(1, 'United Capital', 'http://172.31.100.101/pview/pview.exe/soap/IView', 'http://172.31.100.101/pview/pview.exe/soap/IView', '', 1, 50, '2122636311', 'info@ubibroker.com', '2016-08-22 08:07:42', '2016-08-22 08:07:42', 'S', 1, 'Yjg2Mzk0MDMxODZhMDQxZHdNakE9YzZlMTQ1YzIzYTQ3ZGFjZVZVTT1NaklmYTMxYTQyZjUwMGQ5ZGZleE1qSTE3NDExZmMxYTZmMmU0Njk=', '', 'C:\\Program Files\\glassfish-4.1\\glassfish\\domains\\domain1\\docroot\\united.png');

-- Volcando estructura para tabla united3.ubi_casa_grafica
CREATE TABLE IF NOT EXISTS `ubi_casa_grafica` (
  `id` int(11) NOT NULL AUTO_INCREMENT,
  `id_casa` int(11) DEFAULT NULL,
  `id_grafica` int(11) DEFAULT NULL,
  PRIMARY KEY (`id`),
  KEY `id_casa_pk_idx` (`id_casa`),
  KEY `id_grafica_idx` (`id_grafica`),
  CONSTRAINT `id_casa_pk` FOREIGN KEY (`id_casa`) REFERENCES `ubi_casa_bolsa` (`id`) ON DELETE CASCADE ON UPDATE CASCADE,
  CONSTRAINT `id_grafica` FOREIGN KEY (`id_grafica`) REFERENCES `ubi_grafica` (`id`) ON DELETE CASCADE ON UPDATE CASCADE
) ENGINE=InnoDB AUTO_INCREMENT=5 DEFAULT CHARSET=latin1;

-- Volcando datos para la tabla united3.ubi_casa_grafica: ~2 rows (aproximadamente)
INSERT INTO `ubi_casa_grafica` (`id`, `id_casa`, `id_grafica`) VALUES
	(3, 1, 1),
	(4, 1, 2);

-- Volcando estructura para tabla united3.ubi_categoria_servicio
CREATE TABLE IF NOT EXISTS `ubi_categoria_servicio` (
  `id` int(11) NOT NULL AUTO_INCREMENT,
  `servicio` varchar(100) CHARACTER SET latin1 NOT NULL,
  `costo` varchar(100) CHARACTER SET latin1 NOT NULL,
  `leyenda` varchar(100) DEFAULT NULL,
  `orden` int(10) unsigned DEFAULT NULL,
  `leyenda_orden` int(11) DEFAULT NULL,
  PRIMARY KEY (`id`) USING BTREE
) ENGINE=InnoDB AUTO_INCREMENT=8 DEFAULT CHARSET=utf8mb4;

-- Volcando datos para la tabla united3.ubi_categoria_servicio: ~7 rows (aproximadamente)
INSERT INTO `ubi_categoria_servicio` (`id`, `servicio`, `costo`, `leyenda`, `orden`, `leyenda_orden`) VALUES
	(1, '<strong>COLOCACIONES MERCADO PRIMARIO</strong>', 'COMISIÓN', 'Dependen del tipo de instrumento y de las características de la emisión.', 1, 1),
	(2, '<strong>INTERMEDIACIÓN</strong><br/>(COMPRA O VENTA)', 'COMISIÓN', 'Comisión sobre el valor transado (compra y/o venta).', 2, 2),
	(3, '<strong>ESTRUCTURACIÓN Y COLOCACIÓN DE EMISIONES</strong>', 'COMISIÓN', 'Dependen del título de instrumento y de las características de la emisión.', 3, 3),
	(4, '<strong>OTROS SERVICIOS</strong>', 'COMISIÓN', 'Sobre el valor de los activos.', 4, 4),
	(5, '<strong>SERVICIOS PROPIOS O DE TERCEROS</strong><br/>(CEVALDOM)', 'PRECIO', 'Servicios relacionados a CEVALDOM; su costo está sujeto al tarifario de la entidad.', 5, 5),
	(6, '<strong>CUSTODIA DE VALORES</strong>', 'COMISIÓN', NULL, 6, NULL),
	(7, '<strong>TARIFA C</strong><br/>(COBRO POR PUNTA, POR CADA DOP $1MM O SU EQUIVALENTE EN USD)', 'COMISIÓN', NULL, 7, NULL);

-- Volcando estructura para tabla united3.ubi_cliente
CREATE TABLE IF NOT EXISTS `ubi_cliente` (
  `id` int(11) NOT NULL AUTO_INCREMENT,
  `id_casa` int(11) DEFAULT NULL,
  `rif` varchar(15) DEFAULT NULL,
  `nombre_comercial` varchar(50) DEFAULT NULL,
  `nombre_juridico` varchar(50) DEFAULT NULL,
  `pais` varchar(15) DEFAULT NULL,
  `direccion` varchar(100) DEFAULT NULL,
  `estilo` varchar(255) DEFAULT NULL,
  `estatus` int(11) DEFAULT NULL,
  `fecha` timestamp NULL DEFAULT NULL,
  `code` varchar(64) DEFAULT NULL,
  `pnatural` int(1) unsigned DEFAULT 0,
  `id_ejecutivo` int(5) unsigned DEFAULT NULL,
  `portafolio` varchar(45) DEFAULT NULL,
  `rcn` varchar(45) DEFAULT NULL,
  PRIMARY KEY (`id`),
  UNIQUE KEY `rif_UNIQUE` (`rif`),
  UNIQUE KEY `code` (`code`),
  UNIQUE KEY `portafolio_UNIQUE` (`portafolio`),
  KEY `fk_casa_bolsa_idx` (`id_casa`),
  KEY `estatus` (`estatus`),
  KEY `id_ejecutivo` (`id_ejecutivo`),
  KEY `pnatural` (`pnatural`),
  CONSTRAINT `fk_c_casa` FOREIGN KEY (`id_casa`) REFERENCES `ubi_casa_bolsa` (`id`) ON DELETE CASCADE
) ENGINE=InnoDB AUTO_INCREMENT=928 DEFAULT CHARSET=latin1;

-- Volcando datos para la tabla united3.ubi_cliente: ~51 rows (aproximadamente)
INSERT INTO `ubi_cliente` (`id`, `id_casa`, `rif`, `nombre_comercial`, `nombre_juridico`, `pais`, `direccion`, `estilo`, `estatus`, `fecha`, `code`, `pnatural`, `id_ejecutivo`, `portafolio`, `rcn`) VALUES
	(1, 1, 'Cliente master', 'Cliente master', NULL, 'asd', 'asdas', NULL, 1, NULL, '5fd924625f6ab16a19cc9807c7c506ae1813490e4ba675f843d5a10e0baacdb8', 0, NULL, NULL, NULL),
	(780, 1, 'D0000118709377', 'Carlos Rafael Alegria Jimenez', NULL, 'DO', 'MAX HENRIQUEZ URENA NO  219  ', NULL, 1, NULL, '7693c60561b812ec6f2b12d39976db7fc2fb82180939b910b05b4f200d9d7051', 1, 10, 'ALE001', NULL),
	(796, 1, 'D0000118120633', 'Francisco Alejandro Irizarry Pena', NULL, 'DO', 'C EMILE B  DE MOTA NO 22 ENS  QUISQUEYA ', NULL, 3, NULL, 'c53b7e1873c71e86ce9b681469c5b96a1afc38d8d8d0af3a3bee2122d59097dd', 1, 10, 'IRI001', NULL),
	(806, 1, 'D0000100851559', 'Rosa Elena Tejada De Hernandez', NULL, '', 'CALLE SAN PIO X  EDIF  MAREANO I  APTO  5B  URB REAL ', NULL, 8, NULL, '1e9358411ec25812b165e9911861f647db6eca3ec46d81e2a5c7dbd85e4505ba', 1, 19, 'TEJ002', NULL),
	(827, 1, 'D0000108323643', 'Edmundo Javier Jimenez Tejada', NULL, '', 'CALLE ANDRES AVELINO GARCIA NO 08 NACO ', NULL, 8, NULL, '3fa798bea5ad453064f2eb042518d4cdf2e08ddcb1213225ee5a80bd1f76d085', 1, 10, 'JIM006', NULL),
	(828, 1, 'D0031019109522', 'Luis Eduardo Dubocq', NULL, '', 'CALLE 1ERA  CASA N1 ENSANSCHE REPARTO MONTERO SANTIAGO', NULL, 1, NULL, '555be6ee19d48a1e2528a1bef385021bc54baf2a4ab6b351b61bd64c8c66a662', 1, 10, 'DUB003', NULL),
	(834, 1, 'D0000101729507', 'Ana Mercedes Paulino Pena De Palacio', NULL, 'DO', 'PROL  FANTINO FALCO NO 9  EDIF  JUAN ANTONIO IV  401  PIANTINI ', NULL, 8, NULL, '87650cbfc4ea3e4ee666c26ac5f73b21a5db2b9802ee9f9ecd1b27e05d5527e5', 1, 19, 'PAU001', NULL),
	(848, 1, 'D0040209214630', 'Alfredo Alexandros Garcia Lopez', NULL, 'DO', 'CALLE AMBAR NO 3  SECTOR RESIDENCIAL MIRADOR DEL ESTE ', NULL, 8, NULL, '37b2766037d73650affaf5a09488a4422725f4f6f59cbbc7b4074b56d326371b', 1, 24, 'GAR072', NULL),
	(849, 1, 'D0040222182038', 'Paul Reynier Dumesnil Cordones', NULL, 'DO', 'CALLE EMMA BALAGUER NO 18  SECTOR EL TAMARINDO ', NULL, 8, NULL, '77639e18e6694a6f94062ec0f770c3b21e607a27075a46e0eec24733bf69929e', 1, 8, 'DUM001', NULL),
	(850, 1, 'D0040221756600', 'Paloma Llorenis Castillo Moreno', NULL, 'DO', 'CALLE EMMA BALAGUER NO 18 SECTOR EL TAMARINDO ', NULL, 8, NULL, 'e2284901562624c27b86a99de564842b70fdadc64504faf6eff0ea8d26916262', 1, 8, 'CAS036', NULL),
	(853, 1, 'D0040220113506', 'Manuel Ignacio Otero Pena', NULL, 'DO', 'CALLE JOSE BREA PENA NO 110  EDIF  ELSA LAURA  APTO  8D  SECTOR EVARISTO MORALES', NULL, 8, NULL, 'f2d3db27616e34301eeff04b2ee46598998932240fab194e22d598483b2909af', 1, 24, 'OTE001', NULL),
	(854, 1, 'D0040250642804', 'Miguel Alberto Correa Gonzalez', NULL, 'DO', 'CALLE ENRIQUILLO NO 98  EDIF  RESIDENCIAL CyK  APTO  404  SECTOR LOS CACICAZGOS', NULL, 8, NULL, 'c5ed86b668d3c8036faae601331c78828b75c68472bd5755b9ae6a4e5cf2e614', 1, 10, 'COR018', NULL),
	(855, 1, 'D0040226838114', 'Jassel Adoni Vasquez Francisco', NULL, 'DO', 'CALLE HILDA GUTIERREZ  ESQ  VICENTE  RINCON NO 7  SECTOR BOCA CHICA ', NULL, 8, NULL, 'ac9d1b92fadb0ea591d995ad4d5d3155d9450c9e927a64e5b72d8b45c1706c22', 1, 8, 'VAS005', NULL),
	(856, 1, 'D0000100655984', 'Jeanette Dalder B  De Cabral', NULL, '', 'CALLE AGUSTIN LARA NO 42   TORRE DA SILVA I  APTO  6  SECTOR SERRALLES', NULL, 8, NULL, '5e4f03ea68651e2a7be60234d666797e0abe77960317eaa4d006a061e3e218a9', 1, 8, 'DAL005', NULL),
	(857, 1, 'D0022301153569', 'Nelys Bictoria Rivas Cid', NULL, 'DO', 'CALLE COSTA RICA NO 141  EDIF  CARIBE  APTO  4  SECTOR ALMA ROSA II ', NULL, 8, NULL, '03c16111698411855170e1d75bc081c83513e3e8f00b1a49d7d9ec0856d5624f', 1, 24, 'RIV010', NULL),
	(858, 1, 'D0000114441348', 'Carlos Alberto Gomez Rodriguez', NULL, 'DO', 'CALLE JUAN RAVELO NO 48  EDIF  F  APTO  401   SECTOR CIUDAD DEL ALMIRANTE II', NULL, 8, NULL, '50772e34910d9712986dd9ed02edf1bfe8f6b6d01dfef75ff7b8f8bcc89a51a3', 1, 8, 'GOM020', NULL),
	(859, 1, 'D0022300600487', 'Eddy Bernardo Castillo Lopez', NULL, 'DO', 'CALLE CIUDAD JUAN BOSH NO 40  EDIF  PALMA SILVESTRE  APTO  E3  SECTOR LAS PALMAS', NULL, 8, NULL, 'e5ad6c0225d1c3b3b3a8a28e48e743b84ec89049e3a33991038b3415236fa04a', 1, 24, 'CAS035', NULL),
	(864, 1, 'P0000096216035', 'Deilyn Geraldine Urdaneta Alvarez', NULL, 'DO', 'C   PROLONGACION SIERVAS DE MARIA N 89 LE MERIDIEM  NACO ', NULL, 8, NULL, '4df943fbf2da77379f44ec1800a433b9fd7fb645cb15a83899dcb74a60844545', 1, 10, 'URD001', NULL),
	(867, 1, 'D0003700211638', 'Yudelka Altagracia Jimenez Tejada', NULL, 'DO', 'AV  ENRIQUILLO NO 37  TORRE NATALIE NICOLE  APTO  202  URB  REAL ', NULL, 1, NULL, '8b3b94ce99acc3faecf1d548e92bd07561478af041f4befe56fa9613d0a0a310', 1, 19, 'JIM005', NULL),
	(873, 1, 'D0000103863726', 'Rosalba Altagracia Arias Cruz', NULL, '', 'CALLE SIERVAS DE MARIA  RES  ANDRES ALBERTO V  APTO 902  NACO ', NULL, 1, NULL, '3e9cd5cd176a2e9bebecad9ec14ee348ff6fe79e16660fa01e11d254c24e9517', 1, 19, 'ARI005', NULL),
	(884, 1, 'D0000109119529', 'Luis Rafael Valentino Cuenta Cerrada', NULL, 'DO', 'CALLE RAFAEL A  SANCHEZ NO 21 TORRE ALLEGRO SUR  APTO  601  NACO ', NULL, 1, NULL, '099607dd0e00cf25d9532128d43777fda990f7bb61d67b0fb99b04b9ca571ca5', 1, 8, 'ESP001', NULL),
	(885, 1, 'D0000107763880', 'Marta Patricia Betances Marrero', NULL, 'DO', 'AV  ANACAONA 123  JUAN ANTONIO  XI  APTO  101 A LOS CACICAZGOS', NULL, 8, NULL, 'e8285c2f04ca9629f9b0a9f8b2cf854d51b6d0d9b7332f943713cef09a58454b', 1, 19, 'BET001', NULL),
	(886, 1, 'D0000101460749', 'Luis Bienvenido Jimenez Aguilar', NULL, '', 'AVE  ENRIQUILLO NO  37  TORRE NATALIE  NICOLE  APTO  202  LOS CACICAZGOS ', NULL, 1, NULL, '08fcabbf66678ec214c05a338e7cff6cf35e386f940f6e282cde063a34a74a0c', 1, 19, 'JIM004', NULL),
	(887, 1, 'D0000113597512', 'Ilonka Mercedes Herrera Rodriguez', NULL, 'DO', 'CALLE MAXIMO AVILES BLONDA NO 33  EVARISTO MORALES ', NULL, 8, NULL, 'aed5b4ba0970cd32999657a7daf47e44ad33519f3326717a628cdfe681d2b9de', 1, 10, 'HER008', NULL),
	(890, 1, 'D0000111484499', 'Rafael Miguel Bello Camacho', NULL, 'DO', 'CALLE GOLONDRINAS NO  26  SECTOR MIRAMAR ', NULL, 8, NULL, '8ea402b3b3d36909525c5b28ea4a55644c56ba377f561d3d017ba35bc91b05d2', 1, 10, 'BEL010', NULL),
	(891, 1, 'D0000101032159', 'Judith Mercedes Milagros Fernandez De Ferreras', NULL, '', 'C  DRES  MALLEN ESQ  LAS PALMAS NO 301 SECTOR LOS ALTOS DE ARROYO HONDO I ', NULL, 8, NULL, '9fc1702eef24279121dc25aa0ac85c8e9c07e1b058efb9126792c0b66c60b087', 1, 24, 'FER041', NULL),
	(892, 1, 'D0040213071422', 'Daniella Ferreras Fernandez', NULL, '', 'CALLE DOCTORES MALLEN ESQ  LAS PALMAS NO 301  SECTOR ALTOS DE ARROYO HONDO I ', NULL, 8, NULL, '1c08ea53f49f472a46397262d8c75aa1d9d49b4c170dbfa077904e64fa40ea5a', 1, 24, 'FER042', NULL),
	(893, 1, 'D0006500299463', 'Claudia Dipp Demorizi', NULL, 'DO', 'CALLE GOLONDRINAS NO  26  SECTOR MIRAMAR ', NULL, 8, NULL, '4a09af18eda430a8890f5b94d3245d2fbc78ce2812b6943e35363f1006fe25a6', 1, 10, 'DIP005', NULL),
	(894, 1, 'D0000116436528', 'Mayorys Marleny Lopez Bueno', NULL, 'DO', 'CALLE JUAN ALEJANDRO IBARRA NO  5  SECTOR ENSANCHE KENNEDY ', NULL, 8, NULL, '1cf5719766ad28119f53df1db1c86dc3fbd5ba863fdf209fb4c8ba68145ec786', 1, 24, 'LOP013', NULL),
	(895, 1, 'D0000113517569', 'Gregorio Rivera Morel', NULL, 'DO', 'CALLE VERANO NO  17  SECTOR CERROS DEL OZAMA  ', NULL, 8, NULL, '6a3e953e0d0baeab2b0b35d66610fb62c8c80fb2995b50442122eaf9702430fc', 1, 24, 'RIV014', NULL),
	(896, 1, 'D0000119465813', 'Maximo Jose Lovaton Arzeno', NULL, 'DO', 'CALLE VICTOR GARRIDO PUELLO 22A  TORRE RAY RUB  SECTOR PIANTINI ', NULL, 8, NULL, '29f831862d38ee92ce7ff7318ebcb2edbde1c6b2a17f2bdfcd94a31542e57b20', 1, 10, 'LOV002', NULL),
	(897, 1, 'D0040220489906', 'Gabriel Andres Garcia Garcia', NULL, 'DO', 'CALLE OSA MAYOR NO  14  SECTOR LOS JARDINES DEL NORTE ', NULL, 8, NULL, '15f88ceb61bd794f88d80e188228ea03c46f29d2eb4316b5dd9fe3ddf4f7aa0a', 1, 24, 'GAR076', NULL),
	(898, 1, 'D0040221531599', 'Juan Carlos Mejia Baez', NULL, 'DO', 'CALLE MIGUEL ANGEL BUONARROTI NO  3 SECTOR LOS CACICAZGOS ', NULL, 8, NULL, 'ff48a607d7088261df34940f16648e31a4243f008c5e8c2eacdb687a08cfa7fd', 1, 8, 'MEJ023', NULL),
	(899, 1, 'D0402244059812', 'Jose Rafael Hall Garcia', NULL, 'DO', 'CALLE GENERAL DOMINGO MALLOL NO 16  ', NULL, 8, NULL, '5c887f42dd2c93d6e7f199ef90bb72935331e7d963b5f399a090550b4392d53e', 1, 8, 'HAL002', NULL),
	(900, 1, 'D0000119503555', 'Raisa Nicole Rueda Hidalgo', NULL, 'DO', 'CESAR NICOLAS PENSON  NO 72 TORRE ESCORIAL XI  APTO C4 ', NULL, 8, NULL, 'f509143c201e68ab2178b5818dceda177501b0e2d4f26cc1d19b057730a17128', 1, 8, 'RUE002', NULL),
	(901, 1, 'D0004700157276', 'Jacqueline Batista Brache', NULL, '', 'CALLE AGUSTIN LARA NO 15A  EDIFICIO  MARIA PALOMA NO 201 ', NULL, 8, NULL, '80f426ff6e8f37c50bee246dedf51bb75a336a880f12078498eb7bd13ae6d35a', 1, 10, 'BAT011', NULL),
	(903, 1, 'D0022300728908', 'Rashelly Altagracia Almonte Cruzado', NULL, '', 'CALLE 2B ARABIA NO 02  ALMA ROSA  ', NULL, 1, NULL, '8378562843a92960f9551b620efcb1805bb993f68915d68b0c5a64b583139527', 1, 19, 'ALM011', NULL),
	(907, 1, 'D0003105086320', 'Nabil Sojel Lopez Hawa', NULL, 'DO', 'CALLE EDUARDO VICIOSO NO  23  TORRE MAPEL IV  APT  302  BELLA VISTA ', NULL, 8, NULL, 'ae169c54c6ec752ee591b2bc6febb01770484a4a2964aac7e989ab14ce49215e', 1, 24, 'LOP001', NULL),
	(908, 1, 'D0224006306402', 'Olga Berenice Espinola Ruiz', NULL, 'DO', 'CALLE BOY SCOUT NO 4  EDIF  BOY SCOUT  APTO  4  SECTOR ENSANCHE NACO ', NULL, 1, NULL, '933f00095309f7a84255b8f68ef3ce24c6fbf6701d43e46c758c57b4ce8fbbeb', 1, 10, 'ESP020', NULL),
	(909, 1, 'D0001167678231', 'Rosa Virginia Espaillat Harper', NULL, '', 'CALLE PASEO DE LAS PALMAS NO 01 TORRE LAWRENCE VI  APTO 6C ARROYO HONDO', NULL, 1, NULL, '2184eb4f8ac30c55584bc393b76c518a0aa40b9517a7ebb74ab58f66f0241f40', 1, 24, 'ESP004', NULL),
	(910, 1, 'D0040234871321', 'Angel Abraham Nunez Feliz', NULL, '', 'CALLE LOTE 1A 301  EDIF CASA 9  SECTOR  ', NULL, 1, NULL, '9c7f94ffeadf9665ebc20d19b0ffc5adc308be499889a47f3fc9f078ec6f9367', 1, 8, 'NUN022', NULL),
	(911, 1, 'D0000118321520', 'Joan Marcos Diaz Rodriguez', NULL, '', 'CALLE MAXIMO CABRAL NO 2  EDIF  HILDA  MARIA I  APTO  2B   SECTOR GAZCUE ', NULL, 1, NULL, '0ae71cdca15a81b218567bb6ad408448ad35063f728555399b7dac3e96b3b294', 1, 8, 'DIA029', NULL),
	(912, 1, 'D0040228466716', 'Maria Gabriela Rossi Troncoso', NULL, 'DO', 'CALLE CAYETANO RODRIGUEZ N156  EDIFICI O  PROYECTO  APTO  B5  GAZCUE ', NULL, 1, NULL, 'c8528779c63a113ec031601d9f06b58ab4d8e0cf7b2f53012f6a962e08b5dfe4', 1, 8, 'ROS021', NULL),
	(913, 1, 'D0040221876440', 'Enmanuel Jesus Ramirez Salcedo', NULL, 'DO', 'CALLE LEA DE CASTRO NO 2  EDIF 1 OESTE SECTOR GAZCUE ', NULL, 1, NULL, '5446677cda6c138816be77ea2b2538cf827ad967bd140e79b67f498aeecd039c', 1, 8, 'RAM036', NULL),
	(917, 1, 'J0000101567147', 'Parallax Valores Puesto De Bolsa  Parval  S A', NULL, '', '  ', NULL, 8, NULL, 'ac4ae26a9871013c8d3471bf9e6fe1e1ebcea9325580c2560f60ae259867e5dc', 1, 6, 'PAR001', NULL),
	(919, 1, 'J4022655568521', 'Racheky Valentina Valdez Aquino', NULL, '', '  ', NULL, 1, NULL, '56e8d474d689f8ab268f024f75ec36bcd070026332d150211bd3498dec5595f9', 1, 8, 'VAL035', NULL),
	(920, 1, 'D0040200554455', 'Wilber Jose Tapia', NULL, '', 'CALLE 6 NO 36  EDIF CASA  CONDOMINIO RAMSES APTO CASA NO 202', NULL, 1, '2023-02-28 13:24:32', '1aa8e604195c733fd2b69329eb365fbf26c731930dd1bb3b4c16a660ccf84c67', 1, 24, 'TAP005', NULL),
	(921, 1, 'J0000130389128', 'Puesto De Bolsa S A United Capital', NULL, '', '  ', NULL, 1, NULL, 'fdab06624c19c73725afcd21b5a3238bcd0eaf001ced408863a6223b68a1952d', 2, 6, 'UNI001', '1-30-38912-8'),
	(927, 1, 'J1040200554455', 'Salcedo Perez Miguel Angel', NULL, 'DO', 'CALLE S N4  ALTOS DE ARROYO HONDO  ', NULL, 8, NULL, '73928b3f0a52cc3841c111ce27da4692e2bcd59fd4e6239e14e3aa60cc9f0d7d', 2, 57, 'TAPX05', NULL);

-- Volcando estructura para tabla united3.ubi_cliente_contrato
CREATE TABLE IF NOT EXISTS `ubi_cliente_contrato` (
  `id` int(10) unsigned NOT NULL AUTO_INCREMENT,
  `correo` varchar(45) DEFAULT NULL,
  PRIMARY KEY (`id`)
) ENGINE=InnoDB AUTO_INCREMENT=150 DEFAULT CHARSET=latin1;

-- Volcando datos para la tabla united3.ubi_cliente_contrato: ~149 rows (aproximadamente)
INSERT INTO `ubi_cliente_contrato` (`id`, `correo`) VALUES
	(1, 'a.despradel@gmail.com'),
	(2, 'a.terrero26@gmail.com'),
	(3, 'abarredo03@yahoo.com.mx'),
	(4, 'adelacruz@fiduciariareservas.com'),
	(5, 'ajorge@Excel.com.do'),
	(6, 'alfonso_rodriguez@jmmb.com'),
	(7, 'altagraciayluis@hotmail.com'),
	(8, 'anaryszinaga@gmail.com'),
	(9, 'antonio_alvarez@bhdleonpb.com.do'),
	(10, 'antonioaragon0977@hotmail.com'),
	(11, 'aortiz@ofidromlaw.com'),
	(12, 'ariza.prota@gmail.com'),
	(13, 'arubio@excel.com.do'),
	(14, 'auradelossantos@yahoo.com'),
	(15, 'bbrea@afppopular.com.do'),
	(16, 'bLaureano@banreservas.com'),
	(17, 'btavarez@excel.com.do'),
	(18, 'carolina@polishrd.com'),
	(19, 'cbaezabbott@gmail.com'),
	(20, 'creid@reid.com.do'),
	(21, 'cyaryura@bandex.com.do'),
	(22, 'dalmanzar@bancoademi.com.do'),
	(23, 'dcll@rizekcacao.com'),
	(24, 'ddelossantos@bancobacc.com.do'),
	(25, 'didier.ogando@gsf.com.do'),
	(26, 'dominique@vitahealthyfitness.com'),
	(27, 'dopichardo@universal.com.do'),
	(28, 'dpimentel@reid.com.do'),
	(29, 'ecastillo@nxgcapitaldr.com'),
	(30, 'eduardoselman@me.com'),
	(31, 'eduluc@cci.com.do'),
	(32, 'eizquierdo@universal.com.do'),
	(33, 'emelybenitez5@gmail.com'),
	(34, 'enovas@seguroscrecer.com'),
	(35, 'f.arias@lafamosa.com'),
	(36, 'fabioladebou@gmail.com'),
	(37, 'fanny_ulerio@jmmb.com'),
	(38, 'fcarrasco@afpcrecer.com.do'),
	(39, 'fciccone@afpatlantico.com'),
	(40, 'fdorrejo@afppopular.com.do'),
	(41, 'felicita2526@gmail.com'),
	(42, 'felixjoser@gmail.com'),
	(43, 'felixnoboa10@gmail.com'),
	(44, 'ferminelvin@gmail.com'),
	(45, 'flaquer.pedro@gmail.com'),
	(46, 'fmartinez@bv.com.do'),
	(47, 'francis_friasp@hotmail.com'),
	(48, 'franiana1@hotmail.com'),
	(49, 'franktejada25@gmail.com'),
	(50, 'gabriel_tineo@bhdleon.com.do'),
	(51, 'gafonso@afpatlantico.com'),
	(52, 'gagh04@gmail.com'),
	(53, 'garciasavinon@gmail.com'),
	(54, 'gmim@rizekcacao.com'),
	(55, 'gmolinacolon@inversionespopular.com.do'),
	(56, 'grondon@bancoademi.com.do'),
	(57, 'guaroamedina@fertiagua.com'),
	(58, 'hpichardo@afppopular.com.do'),
	(59, 'id.elisa.14@hotmail.com'),
	(60, 'iestrella@universal.com.do'),
	(61, 'jackelinefrancisco7@gmail.com'),
	(62, 'jael_periche@bhdleon.com.do'),
	(63, 'jakisgarcia@hotmail.com'),
	(64, 'jaquezmancebo@gmail.com'),
	(65, 'jcendon@cci.com.do'),
	(66, 'jcruz@excel.com.do'),
	(67, 'jcuervo@inversionespopular.com.do'),
	(68, 'jfonseca@cci.com.do'),
	(69, 'jhernandez@afpatlantico.com'),
	(70, 'jmarti@afpreservas.com'),
	(71, 'joice.acevedo@hotmail.com'),
	(72, 'jpesquera@vertexvalores.com'),
	(73, 'jreynoso@afpsiembra.com'),
	(74, 'jtejada@unitedcapitaldr.com'),
	(75, 'juanjesuspena14@gmail.com'),
	(76, 'julio@jlopez.do'),
	(77, 'k.suarez@pioneerfunds.do'),
	(78, 'kimberly.rapozo@gmail.com'),
	(79, 'kvillar@bancounion.com.do'),
	(80, 'l.torres@centrodelautomovilista.com'),
	(81, 'landujar@atlantica.do'),
	(82, 'laura_aybar@jmmb.com'),
	(83, 'laybar@distritolegaldr.com'),
	(84, 'lbermejo@vertexvalores.com'),
	(85, 'lgarcia@arsyunen.com'),
	(86, 'ljimenez@afppopular.com.do'),
	(87, 'lnunezmi@outlook.com'),
	(88, 'lvaldez@adap.com.do'),
	(89, 'manuel_martinez@sww.com.do'),
	(90, 'margaritadubocq@yahoo.com'),
	(91, 'margosimo@gmail.com'),
	(92, 'margot1a@hotmail.com'),
	(93, 'mgarris@segurosreservas.com'),
	(94, 'mgeraldino@afipopular.com.do'),
	(95, 'milagros.ortega@amcrd-groupm.com'),
	(96, 'MKoury@inversionesreservas.com'),
	(97, 'mmatos@bpd.com.do'),
	(98, 'msallent@afipopular.com.do'),
	(99, 'nathalia.martino@hotmail.com'),
	(100, 'NCastillo@asociacionperavia.com.do'),
	(101, 'nconcepcion@fiduciariareservas.com'),
	(102, 'nelson.guerrero@tivalsa.com '),
	(103, 'nidia.acosta@tivalsa.com'),
	(104, 'nmena@blh.com.do'),
	(105, 'noris.mercedes@outlook.com'),
	(106, 'oliverdelcastillo26@gmail.com'),
	(107, 'otmartinez@fiduciariareservas.com'),
	(108, 'oyepez@banreservas.com'),
	(109, 'pablodelossantos@lafamosa.com '),
	(110, 'patria_rivera@jmmb.com'),
	(111, 'patricia_gonzalez@bhdleon.com.do'),
	(112, 'pdubocq@nxgcapitaldr.com'),
	(113, 'PMusri@inversionesreservas.com'),
	(114, 'prguaba@segurosreservas.com'),
	(115, 'PRuiz@asociacionperavia.com.do'),
	(116, 'r.bou@icloud.com'),
	(117, 'rafael.pena@tivalsa.com '),
	(118, 'rafaelmg20@gmail.com'),
	(119, 'rbatista@bdi.com.do'),
	(120, 'rcastillo@afpsiembra.com'),
	(121, 'renbodden@afppopular.com.do'),
	(122, 'respaillat@afpatlantico.com'),
	(123, 'rhoyo@gamcapital.com'),
	(124, 'rickytz@gmail.com'),
	(125, 's.rizek@rizekcacao.com'),
	(126, 'sacosta@gamcapital.com'),
	(127, 'scontraloria@casapaco.com.do'),
	(128, 'shalin_tejada@bhdleonpb.com.do'),
	(129, 'silvia_fabian@bhdleonpb.com.do'),
	(130, 'Simon_angulo@bhdleon.com.do'),
	(131, 'smoreno@vertexvalores.com'),
	(132, 'soniapeguero08@hotmail.com'),
	(133, 'ssalata@afpatlantico.com'),
	(134, 'tesoreria@vertexvalores.com'),
	(135, 'tesoreriaexcel@Excel.com.do'),
	(136, 'TesoreriaInversionesPopular@bpd.com.do'),
	(137, 'tlopez@unitedcaitaldr.com'),
	(138, 'tofrano@hotmail.com'),
	(139, 'treynoso@afpreservas.com'),
	(140, 'vvmendez@bv.com.do'),
	(141, 'xberges@gmail.com'),
	(142, 'yaritzavargass2591@gmail.com'),
	(143, 'yenniferdeljesus@hotmail.com'),
	(144, 'yhidalgo@afpcrecer.com.do'),
	(145, 'YMendez@bdi.com.do '),
	(146, 'ymontero@unitedcapitaldr.com'),
	(147, 'yrgarcia@segurosreservas.com'),
	(148, 'Yvelissepena@gmail.com'),
	(149, 'zunildaesnery@hotmail.com');

-- Volcando estructura para tabla united3.ubi_cliente_new
CREATE TABLE IF NOT EXISTS `ubi_cliente_new` (
  `id` int(10) unsigned NOT NULL AUTO_INCREMENT,
  `rif` varchar(15) NOT NULL,
  `portafolio` varchar(45) NOT NULL,
  `id_numero` varchar(45) NOT NULL,
  `fecha` datetime NOT NULL,
  `correo` varchar(45) DEFAULT NULL,
  `fecha_nacimiento` datetime DEFAULT NULL,
  `nombre` varchar(100) DEFAULT NULL,
  `tipo_cliente` varchar(45) DEFAULT NULL,
  PRIMARY KEY (`id`),
  UNIQUE KEY `rif_UNIQUE` (`rif`),
  UNIQUE KEY `portafolio_UNIQUE` (`portafolio`)
) ENGINE=InnoDB AUTO_INCREMENT=74 DEFAULT CHARSET=latin1;

-- Volcando datos para la tabla united3.ubi_cliente_new: ~3 rows (aproximadamente)
INSERT INTO `ubi_cliente_new` (`id`, `rif`, `portafolio`, `id_numero`, `fecha`, `correo`, `fecha_nacimiento`, `nombre`, `tipo_cliente`) VALUES
	(66, 'D0040234871321', 'NUN022', '000000', '2023-01-05 12:27:49', 'alexisv@adverweb.com', '1984-01-02 00:00:00', 'Angel Abraham Nunez Feliz', NULL),
	(69, 'D0040221876440', 'RAM036', '000000', '2023-01-05 12:37:46', 'alexisv@adverweb.com', '1962-05-17 00:00:00', 'Enmanuel Jesus Ramirez Salcedo', NULL),
	(73, 'J1040200554455', 'TAPX05', '000000', '2023-03-01 13:39:28', 'jalexisv@adverweb.com', '2023-02-15 00:00:00', 'ssss', NULL);

-- Volcando estructura para tabla united3.ubi_consulta
CREATE TABLE IF NOT EXISTS `ubi_consulta` (
  `id` int(10) unsigned NOT NULL AUTO_INCREMENT,
  `nombre` varchar(45) NOT NULL,
  `descripion` varchar(45) NOT NULL,
  `estatus` int(10) unsigned NOT NULL,
  `etiqueta` varchar(45) NOT NULL,
  PRIMARY KEY (`id`),
  UNIQUE KEY `nombre_UNIQUE` (`nombre`)
) ENGINE=InnoDB AUTO_INCREMENT=30 DEFAULT CHARSET=latin1;

-- Volcando datos para la tabla united3.ubi_consulta: ~29 rows (aproximadamente)
INSERT INTO `ubi_consulta` (`id`, `nombre`, `descripion`, `estatus`, `etiqueta`) VALUES
	(1, 'Posicion Consolidada', 'Posicion Consolidada', 1, 'POSICION'),
	(2, 'Consulta Historica', 'Consulta Historica', 1, 'OPERACION'),
	(3, 'RENTA FIJA', 'RF', 1, 'INVER'),
	(4, 'SELL BUY BACK', 'CV', 1, 'INVER'),
	(5, 'MONETARIO', 'MM', 1, 'INVER'),
	(6, 'MUTUO SIMPLE', 'MS', 1, 'INVER'),
	(7, 'MUTUO FORWARD', 'MT', 1, 'INVER'),
	(8, 'ESTRUCTURADO', 'MT', 1, 'INVER'),
	(9, 'MUTUO REMESADO', 'MT', 1, 'INVER'),
	(10, 'MUTUO MONETIZADO', 'MT', 1, 'INVER'),
	(11, 'REPO PASIVO', 'RP', 1, 'INVER'),
	(12, 'REPO ACTIVO', 'RA', 1, 'INVER'),
	(13, 'CUENTA TRABAJO', 'CT', 1, 'INVER'),
	(14, 'TRANSITO', 'MM', 1, 'INVER'),
	(15, 'MARGEN', 'MG', 1, 'INVER'),
	(16, 'RENTA VARIABLE', 'RV', 1, 'INVER'),
	(17, 'COMPRA', 'CV', 1, 'INVER'),
	(18, 'FORWARD', 'FW', 1, 'INVER'),
	(19, 'Consula Bakend', 'Consula Bakend', 1, 'INVER'),
	(20, 'Operaciones', 'Consulta de Transacciones', 1, 'DATOS'),
	(21, 'RF', 'Operaciones RENTA FIJA', 1, 'DATOS'),
	(22, 'RV', 'Operaciones RENTA VARIABLE', 1, 'DATOS'),
	(23, 'MM', 'Operaciones TRANSITO', 1, 'DATOS'),
	(24, 'Detalle', 'Detalle Producto', 1, 'INVER'),
	(25, 'Titulo', 'Detalle del Titulo del producto', 1, 'TIT'),
	(26, 'CV', 'Operaciones SELL BUY BACK', 1, 'DATOS'),
	(27, 'MT', 'Operaciones MUTUO', 1, 'DATOS'),
	(28, 'MG', 'Operaciones MARGEN', 1, 'DATOS'),
	(29, 'comision', 'comision', 1, 'OPERACION');

-- Volcando estructura para tabla united3.ubi_consulta_field
CREATE TABLE IF NOT EXISTS `ubi_consulta_field` (
  `id` int(11) NOT NULL AUTO_INCREMENT,
  `id_consulta` int(10) unsigned NOT NULL,
  `id_casa` int(11) NOT NULL,
  `nombre` varchar(45) NOT NULL,
  `descripcion` varchar(45) DEFAULT NULL,
  `type` varchar(45) NOT NULL,
  `sumary` int(10) unsigned DEFAULT NULL,
  `short` int(10) unsigned DEFAULT NULL,
  `estatus` int(2) unsigned NOT NULL COMMENT '0: No Visible | 1 Visible | 2: se usa como etiqueta alterna',
  `align` varchar(45) DEFAULT NULL,
  `posicion` int(11) DEFAULT NULL,
  `concat` varchar(20) DEFAULT NULL,
  `orden` varchar(20) NOT NULL,
  `width` varchar(45) NOT NULL,
  PRIMARY KEY (`id`) USING BTREE,
  KEY `IN_ubi_consulta_field_casa` (`id_casa`),
  KEY `IN_ubi_consulta_field_consulta` (`id_consulta`),
  KEY `estatus` (`estatus`),
  CONSTRAINT `FK_ubi_consulta_field_Consulta` FOREIGN KEY (`id_consulta`) REFERENCES `ubi_consulta` (`id`),
  CONSTRAINT `FK_ubi_consulta_field_casa` FOREIGN KEY (`id_casa`) REFERENCES `ubi_casa_bolsa` (`id`)
) ENGINE=InnoDB AUTO_INCREMENT=365 DEFAULT CHARSET=latin1;

-- Volcando datos para la tabla united3.ubi_consulta_field: ~205 rows (aproximadamente)
INSERT INTO `ubi_consulta_field` (`id`, `id_consulta`, `id_casa`, `nombre`, `descripcion`, `type`, `sumary`, `short`, `estatus`, `align`, `posicion`, `concat`, `orden`, `width`) VALUES
	(1, 1, 1, 'DESCRIPCION', 'NOMBRE PRODUCTO', 'string', NULL, NULL, 1, 'center', 1, NULL, '', ''),
	(2, 1, 1, 'MONEDA_ABREVIA', 'MONEDA', 'string', NULL, 1, 1, 'center', 2, NULL, '', ''),
	(3, 1, 1, 'NOMINAL', 'TRANSADO', 'number', 1, NULL, 1, 'right', 4, '', ' ', ' '),
	(4, 1, 1, 'SALDO', 'NOMINAL', 'number', 1, NULL, 1, 'right', 3, '', ' ', ' '),
	(5, 2, 1, 'TITULO', 'Titulo', 'string', NULL, NULL, 0, 'center', 1, NULL, '', ''),
	(6, 2, 1, 'MONEDA_ABREVIA', 'Moneda', 'string', NULL, 1, 1, 'center', 6, NULL, '', ''),
	(7, 2, 1, 'FECHAPACTO', 'Fecha', 'date', NULL, NULL, 1, 'center', 1, '', '', ''),
	(8, 2, 1, 'MONTO', 'Valor Nominal', 'number', 1, NULL, 1, 'right', 8, '', '', ''),
	(9, 2, 1, 'EFECTIVO', 'Efectivo liquidado', 'number', 1, NULL, 1, 'right', 9, '', '', ''),
	(10, 2, 1, 'ISIN', 'ISIN', 'string', NULL, NULL, 1, 'center', 5, '', '', ''),
	(11, 2, 1, 'PRODUCTO1', 'Emisor', 'string', NULL, NULL, 1, 'center', 4, '', '', ''),
	(12, 2, 1, 'PRODUCTO2', 'Producto', 'string', NULL, NULL, 1, 'center', 2, NULL, '', ''),
	(145, 3, 1, 'PRODUCTO', '', 'string', NULL, NULL, 0, 'center', 1, NULL, '', ''),
	(146, 3, 1, 'PRODUCTO1', 'EMISOR', 'string', NULL, NULL, 1, 'center', 1, NULL, '', ''),
	(147, 3, 1, 'ISIN', 'ISIN', 'string', NULL, NULL, 1, 'center', 2, NULL, '', ''),
	(148, 3, 1, 'MONEDA_ABREVIA', 'MONEDA', 'string', NULL, 1, 1, 'center', 3, NULL, '', ''),
	(149, 3, 1, 'CATITULOS', 'CANT. TITULOS', 'number', NULL, NULL, 1, 'right', 4, NULL, '', ''),
	(150, 3, 1, 'TITULO', '', 'string', NULL, NULL, 0, 'center', 3, NULL, '', ''),
	(151, 3, 1, 'SALDOFIN', 'VALOR NOMINAL', 'number', 1, NULL, 1, 'right', 5, '', '', ''),
	(152, 25, 1, 'NUEMISOR', '', 'string', NULL, NULL, 0, 'center', 3, NULL, '', ''),
	(153, 21, 1, 'PRODUCTO', '', 'string', NULL, NULL, 0, 'center', 1, NULL, '', ''),
	(154, 21, 1, 'EMISOR', 'EMISOR', 'string', NULL, NULL, 1, 'center', 1, NULL, '', ''),
	(155, 21, 1, 'ISIN', 'ISIN', 'string', NULL, NULL, 1, 'center', 2, NULL, '', ''),
	(156, 21, 1, 'MONEDA_ABREVIA', 'MONEDA', 'string', NULL, 1, 0, 'center', 3, NULL, '', ''),
	(157, 21, 1, 'FINICIO', 'FECHA OPERACIÓN', 'date', NULL, NULL, 1, 'center', 4, '', ' ', ' '),
	(158, 21, 1, 'CATITULOS', 'CANT. TITULOS', 'number', NULL, NULL, 1, 'right', 5, NULL, '', ''),
	(159, 21, 1, 'CUPON', 'TASA CUPÓN', 'string', NULL, NULL, 1, 'right', 6, '%', ' ', ' '),
	(160, 21, 1, 'VENCIMIENTO', 'FECHA VCTO TITULO', 'date', NULL, NULL, 1, 'center', 7, '', '', ''),
	(168, 16, 1, 'PRODUCTO', '', 'string', NULL, NULL, 0, 'center', 1, NULL, '', ''),
	(169, 16, 1, 'ISIN', 'ISIN', 'string', NULL, NULL, 1, 'center', 2, NULL, '', ''),
	(170, 16, 1, 'MONEDA_ABREVIA', 'MONEDA', 'string', NULL, 1, 1, 'center', 3, NULL, '', ''),
	(171, 16, 1, 'SALDOFIN', 'CANTIDAD CUOTAS', 'number', 1, NULL, 1, 'center', 4, NULL, '', ''),
	(172, 16, 1, 'PRODUCTO1', 'EMISOR', 'string', NULL, NULL, 1, 'center', 1, NULL, '', ''),
	(173, 10, 1, 'PRODUCTO', NULL, 'string', NULL, NULL, 0, 'center', 1, NULL, '', ''),
	(174, 10, 1, 'PRODUCTO1', 'EMISOR', 'string', NULL, NULL, 1, 'center', 1, NULL, '', ''),
	(175, 10, 1, 'ISIN', 'ISIN', 'string', NULL, NULL, 1, 'center', 2, NULL, '', ''),
	(176, 10, 1, 'MONEDA_ABREVIA', 'MONEDA', 'string', NULL, 1, 1, 'center', 3, '', ' ', ' '),
	(177, 10, 1, 'CATITULOS', 'CANT. TITULOS', 'number', NULL, NULL, 1, 'right', 4, NULL, '', ''),
	(178, 10, 1, 'TITULO', NULL, 'string', NULL, NULL, 0, 'center', 5, NULL, '', ''),
	(179, 10, 1, 'SALDOFIN', 'VALOR TRANSADO', 'number', 1, NULL, 1, 'center', 6, '', ' ', ' '),
	(180, 27, 1, 'PRODUCTO', NULL, 'string', NULL, NULL, 0, 'center', 1, NULL, '', ''),
	(181, 27, 1, 'EMISOR', 'EMISOR', 'string', NULL, NULL, 1, 'center', 1, NULL, '', ''),
	(182, 27, 1, 'ISIN', 'ISIN', 'string', NULL, NULL, 1, 'center', 2, NULL, '', ''),
	(183, 27, 1, 'MONEDA_ABREVIA', 'MONEDA', 'string', NULL, NULL, 0, 'center', 3, NULL, '', ''),
	(184, 27, 1, 'DESDE', 'FECHA INICIO', 'date', NULL, NULL, 0, 'center', 4, '', ' ', ' '),
	(185, 27, 1, 'HASTA', 'FECHA VENCIMIENTO', 'date', NULL, NULL, 0, 'center', 5, '', ' ', ' '),
	(186, 27, 1, 'PLAZO', 'PLAZO', 'string', NULL, NULL, 0, 'center', 4, '', ' ', ' '),
	(187, 27, 1, 'NOMINALMT', 'VALOR NOMINAL', 'number', 1, NULL, 1, 'right', 5, '', ' ', ' '),
	(188, 27, 1, 'REND', 'DIF PRECIO (INC. PREMIO MT)', 'number', 0, NULL, 0, 'right', 8, '%', ' ', ' '),
	(189, 27, 1, 'SALDOINI', 'TRANSADO SPOT', 'number', 1, NULL, 0, 'right', 9, '', ' ', ' '),
	(190, 27, 1, 'EFECTIVOFWD', 'TRANSADO FWD', 'number', 1, NULL, 0, 'right', 10, '', ' ', ' '),
	(191, 27, 1, 'EFECTIVOVENC', 'VALOR ACREDITAR', 'number', 1, NULL, 0, 'right', 11, '', ' ', ' '),
	(192, 22, 1, 'PRODUCTO', '', 'string', NULL, NULL, 0, 'center', 1, NULL, '', ''),
	(193, 22, 1, 'ISIN', 'ISIN', 'string', NULL, NULL, 1, 'center', 2, NULL, '', ''),
	(194, 22, 1, 'MONEDA_ABREVIA', 'MONEDA', 'string', NULL, 1, 0, 'center', 3, NULL, '', ''),
	(195, 22, 1, 'INGRESO', 'CANTIDAD CUOTAS', 'number', 1, NULL, 1, 'center', 5, '', ' ', ' '),
	(196, 22, 1, 'EMISOR', 'EMISOR', 'string', NULL, NULL, 1, 'center', 1, NULL, '', ''),
	(197, 22, 1, 'FINICIO', 'FECHA OPERACION', 'date', NULL, NULL, 1, 'center', 4, '', ' ', ' '),
	(198, 4, 1, 'PRODUCTO', '', 'string', NULL, NULL, 0, 'center', 1, NULL, '', ''),
	(199, 4, 1, 'PRODUCTO1', 'EMISOR', 'string', NULL, NULL, 1, 'center', 1, NULL, '', ''),
	(200, 4, 1, 'ISIN', 'ISIN', 'string', NULL, NULL, 1, 'center', 2, NULL, '', ''),
	(201, 4, 1, 'MONEDA_ABREVIA', 'MONEDA', 'string', NULL, 1, 1, 'center', 3, NULL, '', ''),
	(202, 4, 1, 'CATITULOS', 'CANT. TITULOS', 'number', NULL, NULL, 0, 'right', 4, NULL, '', ''),
	(203, 4, 1, 'TITULO', '', 'string', NULL, NULL, 0, 'center', 3, NULL, '', ''),
	(204, 4, 1, 'SALDOFIN', 'VALOR NOMINAL', 'number', 0, NULL, 0, 'right', 1, '', '', ''),
	(205, 26, 1, 'PRODUCTO', '', 'string', NULL, NULL, 0, 'center', 1, NULL, '', ''),
	(206, 26, 1, 'FINICIO', 'FECHA LIQ. SPOT', 'string', NULL, NULL, 1, 'center', 1, '', ' ', ' '),
	(207, 26, 1, 'FFIN', 'FECHA LIQ. FWD', 'string', NULL, NULL, 1, 'center', 2, '', ' ', ' '),
	(208, 26, 1, 'REND', 'DIFERENCIAL PRECIO', 'number', NULL, 1, 1, 'right', 3, '%', ' ', ' '),
	(209, 26, 1, 'SALDOHOY', 'TRANSADO SPOT', 'number', NULL, NULL, 1, 'right', 4, '', ' ', ' '),
	(210, 26, 1, 'INTVENC', 'DIFERENCIAL PRECIO', 'number', NULL, NULL, 1, 'right', 5, '', ' ', ' '),
	(211, 26, 1, 'EFECTIVOFWD', 'TRANSADO FWD', 'number', NULL, NULL, 1, 'center', 6, '', ' ', ' '),
	(212, 15, 1, 'PRODUCTO', '', 'string', NULL, NULL, 0, 'center', 1, NULL, '', ''),
	(213, 15, 1, 'PRODUCTO1', 'EMISOR', 'string', NULL, NULL, 1, 'center', 1, NULL, '', ''),
	(214, 15, 1, 'ISIN', 'ISIN', 'string', NULL, NULL, 1, 'center', 2, NULL, '', ''),
	(215, 15, 1, 'MONEDA_ABREVIA', 'MONEDA', 'string', NULL, 1, 1, 'right', 3, NULL, '', ''),
	(216, 15, 1, 'CATITULOS', 'CANT. TITULOS', 'number', NULL, NULL, 1, 'center', 4, NULL, '', ''),
	(217, 15, 1, 'TITULO', '', 'string', NULL, NULL, 0, 'center', 3, NULL, '', ''),
	(218, 15, 1, 'SALDOFIN', 'VALOR NOMINAL', 'number', 1, NULL, 1, 'right', 5, '', '', ''),
	(219, 28, 1, 'PRODUCTO', '', 'string', NULL, NULL, 0, 'center', 1, NULL, '', ''),
	(220, 28, 1, 'EMISOR', 'EMISOR', 'string', NULL, NULL, 1, 'center', 1, NULL, '', ''),
	(221, 28, 1, 'ISIN', 'ISIN', 'string', NULL, NULL, 1, 'center', 2, NULL, '', ''),
	(222, 28, 1, 'MONEDA_ABREVIA', 'MONEDA', 'string', NULL, 1, 0, 'center', 3, NULL, '', ''),
	(223, 28, 1, 'FINICIO', 'FECHA OPERACIÓN', 'date', NULL, NULL, 1, 'center', 4, '', ' ', ' '),
	(224, 28, 1, 'CATITULOS', 'CANTIDAD TITULOS', 'number', NULL, NULL, 1, 'right', 5, NULL, '', ''),
	(225, 28, 1, 'CUPON', 'TASA CUPÓN', 'string', NULL, NULL, 1, 'right', 6, '%', ' ', ' '),
	(233, 26, 1, 'PRODUCTO', '', 'string', NULL, NULL, 0, 'center', 1, NULL, '', ''),
	(234, 26, 1, 'EMISOR', 'EMISOR', 'string', NULL, NULL, 0, 'center', 1, NULL, '', ''),
	(235, 26, 1, 'ISIN', 'ISIN', 'string', NULL, NULL, 0, 'center', 2, NULL, '', ''),
	(236, 26, 1, 'MONEDA_ABREVIA', 'MONEDA', 'string', NULL, 1, 0, 'center', 3, NULL, '', ''),
	(237, 26, 1, 'FECHAPACTO', 'FECHA OPERACIÓN', 'date', NULL, NULL, 0, 'center', 4, '', '', ''),
	(238, 26, 1, 'CATITULOS', 'CANT. TITULOS', 'number', NULL, NULL, 0, 'right', 5, NULL, '', ''),
	(239, 26, 1, 'REND', 'TASA CUPÓN', 'number', NULL, NULL, 0, 'center', 6, '%', '', ''),
	(240, 2, 1, 'CONCEPTO', 'Concepto', 'string', NULL, NULL, 1, 'center', 3, NULL, '', ''),
	(241, 2, 1, 'NUEMISOR', 'Titulos/Cuotas', 'string', NULL, NULL, 0, 'center', 7, '', ' ', ' '),
	(242, 25, 1, 'SWFV', NULL, 'string', NULL, NULL, 0, 'center', 3, NULL, '', ''),
	(243, 25, 1, 'ISIN', '', 'string', NULL, NULL, 0, '', NULL, '', ' ', ' '),
	(244, 3, 1, 'CLAVE', '', 'string', NULL, NULL, 0, 'center', 1, '', ' ', ' '),
	(245, 4, 1, 'CLAVE', '', 'string', NULL, NULL, 0, 'center', 1, NULL, '', ''),
	(246, 10, 1, 'CLAVE', '', 'string', NULL, NULL, 0, 'center', 1, NULL, '', ''),
	(247, 15, 1, 'CLAVE', '', 'string', NULL, NULL, 0, 'center', 1, NULL, '', ''),
	(248, 16, 1, 'CLAVE', '', 'string', NULL, NULL, 0, 'center', 1, NULL, '', ''),
	(249, 16, 1, 'EFECINI', 'EFECINI', 'number', NULL, NULL, 0, NULL, NULL, NULL, ' ', ' '),
	(250, 16, 1, 'INI', 'INI', 'date', NULL, NULL, 0, NULL, NULL, NULL, ' ', ' '),
	(251, 3, 1, 'EFECINI', 'EFECINI', 'number', NULL, NULL, 0, NULL, NULL, NULL, ' ', ' '),
	(252, 3, 1, 'INI', 'INI', 'date', NULL, NULL, 0, NULL, NULL, NULL, ' ', ' '),
	(253, 10, 1, 'EFECINI', 'EFECINI', 'number', NULL, NULL, 0, NULL, NULL, NULL, ' ', ' '),
	(254, 10, 1, 'INI', 'INI', 'date', NULL, NULL, 0, NULL, NULL, NULL, ' ', ' '),
	(255, 15, 1, 'EFECINI', 'EFECINI', 'number', NULL, NULL, 0, NULL, NULL, NULL, ' ', ' '),
	(256, 15, 1, 'INI', 'INI', 'date', NULL, NULL, 0, NULL, NULL, NULL, ' ', ' '),
	(257, 4, 1, 'EFECINI', 'VALOR TRANSADO', 'number', NULL, NULL, 1, 'right', 5, NULL, ' ', ' '),
	(258, 4, 1, 'INI', 'INI', 'date', NULL, NULL, 0, NULL, NULL, NULL, ' ', ' '),
	(259, 19, 1, 'PRODUCTO', NULL, 'string', NULL, NULL, 0, NULL, NULL, NULL, ' ', ' '),
	(260, 3, 1, 'CUPON', 'CUPON', 'number', NULL, NULL, 0, 'center', 10, NULL, ' ', ' '),
	(261, 3, 1, 'SALDOFINPREV', 'SALDOFINPREV', 'number', NULL, NULL, 0, 'center', 10, NULL, ' ', ' '),
	(262, 3, 1, 'FEMISION', 'FEMISION', 'date', NULL, NULL, 0, 'center', 10, NULL, ' ', ' '),
	(263, 3, 1, 'INTACUMULADO', 'INTACUMULADO', 'number', NULL, NULL, 0, 'center', 10, NULL, ' ', ' '),
	(264, 3, 1, 'PRECIOPROMEDIO', 'PRECIOPROMEDIO', 'number', NULL, NULL, 0, 'center', 10, NULL, ' ', ' '),
	(265, 3, 1, 'PRECIOSUCIO', 'PRECIOSUCIO', 'number', NULL, NULL, 0, 'center', 10, NULL, ' ', ' '),
	(266, 3, 1, 'MRKT', 'MRKT', 'number', NULL, NULL, 0, 'center', 10, NULL, ' ', ' '),
	(267, 3, 1, 'FVENCIMIENTO', 'FVENCIMIENTO', 'date', NULL, NULL, 0, 'center', 10, NULL, ' ', ' '),
	(268, 4, 1, 'CUPON', 'CUPON', 'number', NULL, NULL, 0, 'center', 10, NULL, ' ', ' '),
	(269, 4, 1, 'SALDOFINPREV', 'SALDOFINPREV', 'number', NULL, NULL, 0, 'center', 10, NULL, ' ', ' '),
	(270, 4, 1, 'FEMISION', 'FEMISION', 'date', NULL, NULL, 0, 'center', 10, NULL, ' ', ' '),
	(271, 4, 1, 'INTACUMULADO', 'INTACUMULADO', 'number', NULL, NULL, 0, 'center', 10, NULL, ' ', ' '),
	(272, 4, 1, 'PRECIOPROMEDIO', 'PRECIOPROMEDIO', 'number', NULL, NULL, 0, 'center', 10, NULL, ' ', ' '),
	(273, 4, 1, 'PRECIOSUCIO', 'PRECIOSUCIO', 'number', NULL, NULL, 0, 'center', 10, NULL, ' ', ' '),
	(274, 4, 1, 'MRKT', 'MRKT', 'number', NULL, NULL, 0, 'center', 10, NULL, ' ', ' '),
	(275, 4, 1, 'FVENCIMIENTO', 'FVENCIMIENTO', 'date', NULL, NULL, 0, 'center', 10, NULL, ' ', ' '),
	(276, 10, 1, 'CUPON', 'CUPON', 'number', NULL, NULL, 0, 'center', 10, NULL, ' ', ' '),
	(277, 10, 1, 'SALDOFINPREV', 'SALDOFINPREV', 'number', NULL, NULL, 0, 'center', 10, NULL, ' ', ' '),
	(278, 10, 1, 'FEMISION', 'FEMISION', 'date', NULL, NULL, 0, 'center', 10, NULL, ' ', ' '),
	(279, 10, 1, 'INTACUMULADO', 'INTACUMULADO', 'number', NULL, NULL, 0, 'center', 10, NULL, ' ', ' '),
	(280, 10, 1, 'PRECIOPROMEDIO', 'PRECIOPROMEDIO', 'number', NULL, NULL, 0, 'center', 10, NULL, ' ', ' '),
	(281, 10, 1, 'PRECIOSUCIO', 'PRECIOSUCIO', 'number', NULL, NULL, 0, 'center', 10, NULL, ' ', ' '),
	(282, 10, 1, 'MRKT', 'MRKT', 'number', NULL, NULL, 0, 'center', 10, NULL, ' ', ' '),
	(283, 10, 1, 'FVENCIMIENTO', 'FVENCIMIENTO', 'date', NULL, NULL, 0, 'center', 10, NULL, ' ', ' '),
	(284, 15, 1, 'CUPON', 'CUPON', 'number', NULL, NULL, 0, 'center', 10, NULL, ' ', ' '),
	(285, 15, 1, 'SALDOFINPREV', 'SALDOFINPREV', 'number', NULL, NULL, 0, 'center', 10, NULL, ' ', ' '),
	(286, 15, 1, 'FEMISION', 'FEMISION', 'date', NULL, NULL, 0, 'center', 10, NULL, ' ', ' '),
	(287, 15, 1, 'INTACUMULADO', 'INTACUMULADO', 'number', NULL, NULL, 0, 'center', 10, NULL, ' ', ' '),
	(288, 15, 1, 'PRECIOPROMEDIO', 'PRECIOPROMEDIO', 'number', NULL, NULL, 0, 'center', 10, NULL, ' ', ' '),
	(289, 15, 1, 'PRECIOSUCIO', 'PRECIOSUCIO', 'number', NULL, NULL, 0, 'center', 10, NULL, ' ', ' '),
	(290, 15, 1, 'MRKT', 'MRKT', 'number', NULL, NULL, 0, 'center', 10, NULL, ' ', ' '),
	(291, 15, 1, 'FVENCIMIENTO', 'FVENCIMIENTO', 'date', NULL, NULL, 0, 'center', 10, NULL, ' ', ' '),
	(292, 16, 1, 'CUPON', 'CUPON', 'number', NULL, NULL, 0, 'center', 10, NULL, ' ', ' '),
	(293, 16, 1, 'SALDOFINPREV', 'SALDOFINPREV', 'number', NULL, NULL, 0, 'center', 10, NULL, ' ', ' '),
	(294, 16, 1, 'FEMISION', 'FEMISION', 'date', NULL, NULL, 0, 'center', 10, NULL, ' ', ' '),
	(295, 16, 1, 'INTACUMULADO', 'INTACUMULADO', 'number', NULL, NULL, 0, 'center', 10, NULL, ' ', ' '),
	(296, 16, 1, 'PRECIOPROMEDIO', 'PRECIOPROMEDIO', 'number', NULL, NULL, 0, 'center', 10, NULL, ' ', ' '),
	(297, 16, 1, 'PRECIOSUCIO', 'PRECIOSUCIO', 'number', NULL, NULL, 0, 'center', 10, NULL, ' ', ' '),
	(298, 16, 1, 'MRKT', 'MRKT', 'number', NULL, NULL, 0, 'center', 10, NULL, ' ', ' '),
	(299, 16, 1, 'FVENCIMIENTO', 'FVENCIMIENTO', 'date', NULL, NULL, 0, 'center', 10, NULL, ' ', ' '),
	(300, 16, 1, 'TITULO', 'TITULO', 'string', NULL, NULL, 0, 'center', 10, NULL, ' ', ' '),
	(301, 16, 1, 'CATITULOS', 'CATITULOS', 'number', NULL, NULL, 0, 'center', 10, NULL, ' ', ' '),
	(302, 3, 1, 'COSTOFIN', 'COSTOFIN', 'number', NULL, NULL, 0, 'center', 10, NULL, ' ', ' '),
	(303, 16, 1, 'COSTOFIN', 'COSTOFIN', 'number', NULL, NULL, 0, 'center', 10, NULL, ' ', ' '),
	(304, 3, 1, 'FINICIO', 'FINICIO', 'date', NULL, NULL, 0, 'center', 10, NULL, ' ', ' '),
	(305, 3, 1, 'DETAPRE', 'DETAPRE', 'number', NULL, NULL, 0, 'center', 10, NULL, ' ', ' '),
	(306, 3, 1, 'INTCOMPRA', 'INTCOMPRA', 'number', NULL, NULL, 0, 'center', 10, NULL, ' ', ' '),
	(307, 3, 1, 'COSTOINT', 'COSTOINT', 'number', NULL, NULL, 0, 'center', 10, NULL, ' ', ' '),
	(308, 10, 1, 'FIN', 'FIN', 'date', NULL, NULL, 0, 'center', 10, NULL, ' ', ' '),
	(309, 10, 1, 'EFECFWDFIN', 'EFECFWDFIN', 'number', NULL, NULL, 0, 'center', 10, NULL, ' ', ' '),
	(310, 16, 1, 'FINICIO', 'FINICIO', 'date', NULL, NULL, 0, 'center', 10, NULL, ' ', ' '),
	(311, 16, 1, 'DETAPRE', 'DETAPRE', 'number', NULL, NULL, 0, 'center', 10, NULL, ' ', ' '),
	(312, 16, 1, 'INTCOMPRA', 'INTCOMPRA', 'number', NULL, NULL, 0, 'center', 10, NULL, ' ', ' '),
	(313, 16, 1, 'COSTOINT', 'COSTOINT', 'number', NULL, NULL, 0, 'center', 10, NULL, ' ', ' '),
	(314, 10, 1, 'CONTRAVFIN', 'CONTRAVFIN', 'number', NULL, NULL, 0, 'center', 10, NULL, ' ', ' '),
	(315, 10, 1, 'PLAZO', 'PLAZO', 'string', NULL, NULL, 0, 'center', 10, NULL, ' ', ' '),
	(316, 10, 1, 'REND', 'REND', 'number', NULL, NULL, 0, 'center', 10, NULL, ' ', ' '),
	(317, 27, 1, 'TITULO', 'CODIGO', 'string', NULL, NULL, 1, 'center', 3, ' ', ' ', ' '),
	(318, 1, 1, 'PRODUCTO', 'PRODUCTO', 'string', NULL, NULL, 0, 'center', 10, NULL, ' ', ' '),
	(319, 3, 1, 'MTOCOMPRAS', 'MTOCOMPRAS', 'number', NULL, NULL, 0, 'center', 10, NULL, ' ', ' '),
	(320, 3, 1, 'REND', 'REND', 'number', NULL, NULL, 0, 'center', 10, NULL, ' ', ' '),
	(321, 3, 1, 'EFECMRKT', 'EFECMRKT', 'number', NULL, NULL, 0, 'center', 10, NULL, ' ', ' '),
	(322, 3, 1, 'EFECFIN', 'EFECFIN', 'number', NULL, NULL, 0, 'center', 10, NULL, ' ', ' '),
	(323, 16, 1, 'EFECMRKT', 'EFECMRKT', 'number', NULL, NULL, 0, 'center', 10, NULL, ' ', ' '),
	(324, 4, 1, 'NOMINAL', 'NOMINAL', 'number', NULL, NULL, 0, 'center', 10, NULL, ' ', ' '),
	(325, 3, 1, 'NOMINAL', 'NOMINAL', 'number', NULL, NULL, 0, 'center', 10, NULL, ' ', ' '),
	(339, 29, 1, 'PRODUCTO', NULL, 'string', NULL, NULL, 0, 'center', 0, NULL, '', ''),
	(340, 29, 1, 'PRD', 'PRD', 'string', NULL, NULL, 0, 'center', 0, NULL, '', ''),
	(341, 29, 1, 'MONEDA_ABREVIA', 'MONEDA', 'string', NULL, 1, 1, 'center', 4, NULL, '', ''),
	(342, 29, 1, 'TIPOCV', 'TIPO COMISION', 'string', NULL, NULL, 1, 'center', 5, '', ' ', ' '),
	(343, 29, 1, 'REFCLIENTE', 'REFERENCIA', 'string', NULL, NULL, 0, 'right', 0, '', ' ', ' '),
	(344, 29, 1, 'CONCEPTO', 'CONCEPTO', 'string', NULL, NULL, 0, NULL, NULL, NULL, '', ''),
	(345, 29, 1, 'TITULO', 'TITULO', 'string', NULL, NULL, 0, NULL, NULL, NULL, '', ''),
	(346, 29, 1, 'PRODUCTO2', 'PRODUCTO', 'string', NULL, NULL, 0, 'center', 1, NULL, '', ''),
	(347, 29, 1, 'TS', 'TS', 'string', NULL, NULL, 0, NULL, NULL, NULL, '', ''),
	(348, 29, 1, 'REFER', 'REFER', 'string', NULL, NULL, 0, 'center', 0, NULL, '', ''),
	(349, 29, 1, 'MONTO', 'MONTO COMISION', 'number', 1, NULL, 1, 'right', 7, '', ' ', ' '),
	(350, 29, 1, 'CUPON', 'CUPON', 'number', NULL, NULL, 1, 'right', 3, '', ' ', ' '),
	(351, 29, 1, 'NOMINAL', 'TRANSADO', 'number', 1, NULL, 1, 'right', 6, '', ' ', ' '),
	(352, 29, 1, 'ISIN', 'ISIN', 'string', NULL, NULL, 1, 'right', 2, '', ' ', ' '),
	(353, 29, 1, 'FECHA', 'FECHA', 'date', NULL, NULL, 1, 'center', 8, NULL, '', ''),
	(354, 29, 1, 'FFINMT', '', 'date', NULL, NULL, 0, NULL, NULL, NULL, '', ''),
	(355, 29, 1, 'OBSERVACION', 'OBSERVACION', 'string', NULL, NULL, 0, 'center', 0, NULL, ' ', ' '),
	(356, 25, 1, 'NMTITULO', '', 'string', NULL, NULL, 0, '', NULL, '', ' ', ' '),
	(357, 25, 1, 'MTINTERES', '', 'string', NULL, NULL, 0, '', NULL, '', ' ', ' '),
	(358, 25, 1, 'BASE', '', 'string', NULL, NULL, 0, '', NULL, '', ' ', ' '),
	(359, 25, 1, 'FEULTCUP', '', 'string', NULL, NULL, 0, '', NULL, '', ' ', ' '),
	(360, 25, 1, 'MTRETANTICIPADA', '', 'string', NULL, NULL, 0, '', NULL, '', ' ', ' '),
	(361, 25, 1, 'MONEDA_ABREVIA', '', 'string', NULL, NULL, 0, '', NULL, '', ' ', ' '),
	(362, 25, 1, 'FEVEN', '', 'string', NULL, NULL, 0, '', NULL, '', ' ', ' '),
	(363, 25, 1, 'TPINTERES', NULL, 'string', NULL, NULL, 0, ' ', NULL, NULL, ' ', ' '),
	(364, 25, 1, 'SERIE', NULL, 'string', NULL, NULL, 0, ' ', NULL, NULL, ' ', ' ');

-- Volcando estructura para tabla united3.ubi_edc_estatus
CREATE TABLE IF NOT EXISTS `ubi_edc_estatus` (
  `id` int(10) unsigned NOT NULL AUTO_INCREMENT,
  `nombre` varchar(45) NOT NULL,
  PRIMARY KEY (`id`)
) ENGINE=InnoDB AUTO_INCREMENT=8 DEFAULT CHARSET=utf8;

-- Volcando datos para la tabla united3.ubi_edc_estatus: ~7 rows (aproximadamente)
INSERT INTO `ubi_edc_estatus` (`id`, `nombre`) VALUES
	(1, 'Ejecucion EDC'),
	(2, 'Finalizado EDC'),
	(3, 'Ejecucion Correos'),
	(4, 'Finalizado Correos'),
	(5, 'Finalizado Clientes Masivos'),
	(6, 'ff'),
	(7, 'dd');

-- Volcando estructura para tabla united3.ubi_edc_job
CREATE TABLE IF NOT EXISTS `ubi_edc_job` (
  `id` int(10) unsigned NOT NULL AUTO_INCREMENT,
  `start_date` datetime NOT NULL,
  `end_date` datetime DEFAULT NULL,
  `estatus` int(10) unsigned NOT NULL,
  `url_log_edc` varchar(200) DEFAULT NULL,
  `url_log_mail` varchar(200) DEFAULT NULL,
  `tipo` int(10) unsigned NOT NULL,
  `url_pdf` varchar(200) DEFAULT NULL,
  `rem_log_edc` varchar(500) DEFAULT NULL,
  `rem_log_mail` varchar(500) DEFAULT NULL,
  PRIMARY KEY (`id`),
  KEY `FK_ubi_edc_job_estatus` (`estatus`),
  KEY `FK_ubi_edc_job_tipo` (`tipo`),
  CONSTRAINT `FK_ubi_edc_job_estatus` FOREIGN KEY (`estatus`) REFERENCES `ubi_edc_estatus` (`id`),
  CONSTRAINT `FK_ubi_edc_job_tipo` FOREIGN KEY (`tipo`) REFERENCES `ubi_edc_tipo` (`id`)
) ENGINE=InnoDB AUTO_INCREMENT=116 DEFAULT CHARSET=utf8;

-- Volcando datos para la tabla united3.ubi_edc_job: ~56 rows (aproximadamente)
INSERT INTO `ubi_edc_job` (`id`, `start_date`, `end_date`, `estatus`, `url_log_edc`, `url_log_mail`, `tipo`, `url_pdf`, `rem_log_edc`, `rem_log_mail`) VALUES
	(53, '2022-07-27 16:59:46', '2022-07-27 17:07:43', 4, 'I:\\Repository\\EDC\\LOG\\log_20220727-0459-PM-EDC.log', 'I:\\Repository\\MAIL\\log_20220727-0526-PM-MAIL.log', 2, '2022\\06', 'Total Clientes:63</br>Clientes procesados:26</br>Clientes con error:37</br>Total Estados de cuenta:63</br>Estados de cuenta procesados:26</br>Estados de cuenta con error:37', 'Total Clientes:26</br>Clientes procesados:26</br>Clientes con error:0</br>Correos enviados:19</br>Correos con error:7'),
	(54, '2022-07-27 17:34:10', '2022-07-27 17:41:45', 4, 'I:\\Repository\\EDC\\LOG\\log_20220727-0534-PM-EDC.log', 'I:\\Repository\\MAIL\\log_20220727-0608-PM-MAIL.log', 2, '2022\\06', 'Total Clientes:63</br>Clientes procesados:26</br>Clientes con error:37</br>Total Estados de cuenta:63</br>Estados de cuenta procesados:26</br>Estados de cuenta con error:37', 'Total Clientes:26</br>Clientes procesados:26</br>Clientes con error:0</br>Correos enviados:24</br>Correos con error:2'),
	(55, '2022-07-28 18:25:34', '2022-07-28 18:25:55', 2, 'I:\\Repository\\EDC\\LOG\\log_20220728-0625-PM-EDC.log', NULL, 1, '2022\\05', 'Total Clientes:1</br>Clientes procesados:1</br>Clientes con error:0</br>Total Estados de cuenta:1</br>Estados de cuenta procesados:0</br>Estados de cuenta con error:1', NULL),
	(56, '2022-08-02 15:11:45', '2022-08-02 15:12:52', 2, 'I:\\Repository\\EDC\\LOG\\log_20220802-0311-PM-EDC.log', NULL, 1, '2022\\07', 'Total Clientes:1</br>Clientes procesados:1</br>Clientes con error:0</br>Total Estados de cuenta:1</br>Estados de cuenta procesados:0</br>Estados de cuenta con error:1', NULL),
	(57, '2022-08-02 15:19:46', '2022-08-02 15:20:55', 2, 'I:\\Repository\\EDC\\LOG\\log_20220802-0319-PM-EDC.log', NULL, 1, '2022\\07', 'Total Clientes:1</br>Clientes procesados:1</br>Clientes con error:0</br>Total Estados de cuenta:1</br>Estados de cuenta procesados:1</br>Estados de cuenta con error:0', NULL),
	(58, '2022-08-02 15:21:30', '2022-08-02 15:21:31', 2, 'I:\\Repository\\EDC\\LOG\\log_20220802-0321-PM-EDC.log', NULL, 1, '2022\\07', 'Total Clientes:1</br>Clientes procesados:0</br>Clientes con error:1</br>Total Estados de cuenta:1</br>Estados de cuenta procesados:0</br>Estados de cuenta con error:1', NULL),
	(59, '2022-08-02 15:25:22', '2022-08-02 15:26:43', 2, 'I:\\Repository\\EDC\\LOG\\log_20220802-0325-PM-EDC.log', NULL, 1, '2022\\06', 'Total Clientes:1</br>Clientes procesados:1</br>Clientes con error:0</br>Total Estados de cuenta:1</br>Estados de cuenta procesados:1</br>Estados de cuenta con error:0', NULL),
	(60, '2022-08-03 16:06:20', '2022-08-03 16:07:43', 2, 'I:\\Repository\\EDC\\LOG\\log_20220803-0406-PM-EDC.log', NULL, 1, '2022\\07', 'Total Clientes:1</br>Clientes procesados:1</br>Clientes con error:0</br>Total Estados de cuenta:1</br>Estados de cuenta procesados:1</br>Estados de cuenta con error:0', NULL),
	(61, '2022-08-03 17:01:19', '2022-08-03 17:01:47', 2, 'I:\\Repository\\EDC\\LOG\\log_20220803-0501-PM-EDC.log', NULL, 1, '2022\\07', 'Total Clientes:1</br>Clientes procesados:1</br>Clientes con error:0</br>Total Estados de cuenta:1</br>Estados de cuenta procesados:1</br>Estados de cuenta con error:0', NULL),
	(62, '2022-08-03 17:01:24', '2022-08-03 17:01:51', 2, 'I:\\Repository\\EDC\\LOG\\log_20220803-0501-PM-EDC.log', NULL, 1, '2022\\06', 'Total Clientes:1</br>Clientes procesados:1</br>Clientes con error:0</br>Total Estados de cuenta:1</br>Estados de cuenta procesados:1</br>Estados de cuenta con error:0', NULL),
	(63, '2022-08-03 17:01:39', '2022-08-03 17:02:00', 2, 'I:\\Repository\\EDC\\LOG\\log_20220803-0501-PM-EDC.log', NULL, 1, '2022\\05', 'Total Clientes:1</br>Clientes procesados:1</br>Clientes con error:0</br>Total Estados de cuenta:1</br>Estados de cuenta procesados:1</br>Estados de cuenta con error:0', NULL),
	(64, '2022-08-05 18:06:00', '2022-08-05 18:06:32', 2, 'I:\\Repository\\EDC\\LOG\\log_20220805-0606-PM-EDC.log', NULL, 1, '2022\\07', 'Total Clientes:1</br>Clientes procesados:1</br>Clientes con error:0</br>Total Estados de cuenta:1</br>Estados de cuenta procesados:1</br>Estados de cuenta con error:0', NULL),
	(65, '2022-08-05 18:12:07', '2022-08-05 18:12:38', 2, 'I:\\Repository\\EDC\\LOG\\log_20220805-0612-PM-EDC.log', NULL, 1, '2022\\07', 'Total Clientes:1</br>Clientes procesados:1</br>Clientes con error:0</br>Total Estados de cuenta:1</br>Estados de cuenta procesados:1</br>Estados de cuenta con error:0', NULL),
	(66, '2022-08-05 18:15:49', '2022-08-05 18:17:14', 2, 'I:\\Repository\\EDC\\LOG\\log_20220805-0615-PM-EDC.log', NULL, 1, '2022\\07', 'Total Clientes:1</br>Clientes procesados:1</br>Clientes con error:0</br>Total Estados de cuenta:1</br>Estados de cuenta procesados:1</br>Estados de cuenta con error:0', NULL),
	(67, '2022-08-10 11:26:14', '2022-08-10 11:27:01', 2, 'I:\\Repository\\EDC\\LOG\\log_20220810-1126-AM-EDC.log', NULL, 1, '2022\\07', 'Total Clientes:1</br>Clientes procesados:1</br>Clientes con error:0</br>Total Estados de cuenta:1</br>Estados de cuenta procesados:1</br>Estados de cuenta con error:0', NULL),
	(68, '2022-08-12 13:05:29', '2022-08-12 13:06:39', 2, 'I:\\Repository\\EDC\\LOG\\log_20220812-0105-PM-EDC.log', NULL, 1, '2022\\08', 'Total Clientes:1</br>Clientes procesados:1</br>Clientes con error:0</br>Total Estados de cuenta:1</br>Estados de cuenta procesados:1</br>Estados de cuenta con error:0', NULL),
	(69, '2022-08-12 13:15:42', '2022-08-12 13:16:49', 2, 'I:\\Repository\\EDC\\LOG\\log_20220812-0115-PM-EDC.log', NULL, 1, '2022\\08', 'Total Clientes:1</br>Clientes procesados:1</br>Clientes con error:0</br>Total Estados de cuenta:1</br>Estados de cuenta procesados:1</br>Estados de cuenta con error:0', NULL),
	(70, '2022-08-12 13:20:15', '2022-08-12 13:21:38', 2, 'I:\\Repository\\EDC\\LOG\\log_20220812-0120-PM-EDC.log', NULL, 1, '2022\\07', 'Total Clientes:1</br>Clientes procesados:1</br>Clientes con error:0</br>Total Estados de cuenta:1</br>Estados de cuenta procesados:0</br>Estados de cuenta con error:1', NULL),
	(71, '2022-08-12 13:20:24', '2022-08-12 13:21:44', 2, 'I:\\Repository\\EDC\\LOG\\log_20220812-0120-PM-EDC.log', NULL, 1, '2022\\07', 'Total Clientes:1</br>Clientes procesados:1</br>Clientes con error:0</br>Total Estados de cuenta:1</br>Estados de cuenta procesados:0</br>Estados de cuenta con error:1', NULL),
	(72, '2022-08-12 13:24:23', '2022-08-12 13:25:06', 2, 'I:\\Repository\\EDC\\LOG\\log_20220812-0124-PM-EDC.log', NULL, 1, '2022\\07', 'Total Clientes:1</br>Clientes procesados:1</br>Clientes con error:0</br>Total Estados de cuenta:1</br>Estados de cuenta procesados:1</br>Estados de cuenta con error:0', NULL),
	(73, '2022-08-12 13:24:26', '2022-08-12 13:25:05', 2, 'I:\\Repository\\EDC\\LOG\\log_20220812-0124-PM-EDC.log', NULL, 1, '2022\\07', 'Total Clientes:1</br>Clientes procesados:1</br>Clientes con error:0</br>Total Estados de cuenta:1</br>Estados de cuenta procesados:1</br>Estados de cuenta con error:0', NULL),
	(74, '2022-08-12 13:24:27', '2022-08-12 13:25:07', 2, 'I:\\Repository\\EDC\\LOG\\log_20220812-0124-PM-EDC.log', NULL, 1, '2022\\07', 'Total Clientes:1</br>Clientes procesados:1</br>Clientes con error:0</br>Total Estados de cuenta:1</br>Estados de cuenta procesados:1</br>Estados de cuenta con error:0', NULL),
	(75, '2022-08-12 13:24:28', '2022-08-12 13:25:07', 2, 'I:\\Repository\\EDC\\LOG\\log_20220812-0124-PM-EDC.log', NULL, 1, '2022\\07', 'Total Clientes:1</br>Clientes procesados:1</br>Clientes con error:0</br>Total Estados de cuenta:1</br>Estados de cuenta procesados:1</br>Estados de cuenta con error:0', NULL),
	(76, '2022-08-12 13:24:28', '2022-08-12 13:25:08', 2, 'I:\\Repository\\EDC\\LOG\\log_20220812-0124-PM-EDC.log', NULL, 1, '2022\\07', 'Total Clientes:1</br>Clientes procesados:1</br>Clientes con error:0</br>Total Estados de cuenta:1</br>Estados de cuenta procesados:1</br>Estados de cuenta con error:0', NULL),
	(77, '2022-08-12 13:24:28', '2022-08-12 13:25:11', 2, 'I:\\Repository\\EDC\\LOG\\log_20220812-0124-PM-EDC.log', NULL, 1, '2022\\07', 'Total Clientes:1</br>Clientes procesados:1</br>Clientes con error:0</br>Total Estados de cuenta:1</br>Estados de cuenta procesados:1</br>Estados de cuenta con error:0', NULL),
	(78, '2022-08-12 13:27:17', '2022-08-12 13:28:42', 2, 'I:\\Repository\\EDC\\LOG\\log_20220812-0127-PM-EDC.log', NULL, 1, '2022\\07', 'Total Clientes:1</br>Clientes procesados:1</br>Clientes con error:0</br>Total Estados de cuenta:1</br>Estados de cuenta procesados:1</br>Estados de cuenta con error:0', NULL),
	(79, '2022-08-12 15:39:00', '2022-08-12 15:40:17', 2, 'I:\\Repository\\EDC\\LOG\\log_20220812-0338-PM-EDC.log', NULL, 1, '2022\\06', 'Total Clientes:1</br>Clientes procesados:1</br>Clientes con error:0</br>Total Estados de cuenta:1</br>Estados de cuenta procesados:1</br>Estados de cuenta con error:0', NULL),
	(80, '2022-08-12 15:41:21', '2022-08-12 15:42:32', 2, 'I:\\Repository\\EDC\\LOG\\log_20220812-0341-PM-EDC.log', NULL, 1, '2022\\08', 'Total Clientes:1</br>Clientes procesados:1</br>Clientes con error:0</br>Total Estados de cuenta:1</br>Estados de cuenta procesados:1</br>Estados de cuenta con error:0', NULL),
	(81, '2022-08-12 15:42:36', '2022-08-12 15:42:55', 2, 'I:\\Repository\\EDC\\LOG\\log_20220812-0342-PM-EDC.log', NULL, 1, '2022\\07', 'Total Clientes:1</br>Clientes procesados:1</br>Clientes con error:0</br>Total Estados de cuenta:1</br>Estados de cuenta procesados:1</br>Estados de cuenta con error:0', NULL),
	(82, '2022-08-12 15:50:09', '2022-08-12 15:51:43', 2, 'I:\\Repository\\EDC\\LOG\\log_20220812-0350-PM-EDC.log', NULL, 1, '2022\\07', 'Total Clientes:1</br>Clientes procesados:1</br>Clientes con error:0</br>Total Estados de cuenta:1</br>Estados de cuenta procesados:1</br>Estados de cuenta con error:0', NULL),
	(83, '2022-08-12 15:50:26', '2022-08-12 15:51:57', 2, 'I:\\Repository\\EDC\\LOG\\log_20220812-0350-PM-EDC.log', NULL, 1, '2022\\07', 'Total Clientes:1</br>Clientes procesados:1</br>Clientes con error:0</br>Total Estados de cuenta:1</br>Estados de cuenta procesados:1</br>Estados de cuenta con error:0', NULL),
	(84, '2022-08-12 15:50:44', '2022-08-12 15:52:00', 2, 'I:\\Repository\\EDC\\LOG\\log_20220812-0350-PM-EDC.log', NULL, 1, '2022\\08', 'Total Clientes:1</br>Clientes procesados:1</br>Clientes con error:0</br>Total Estados de cuenta:1</br>Estados de cuenta procesados:1</br>Estados de cuenta con error:0', NULL),
	(85, '2022-08-12 15:51:53', '2022-08-12 15:52:09', 2, 'I:\\Repository\\EDC\\LOG\\log_20220812-0351-PM-EDC.log', NULL, 1, '2022\\07', 'Total Clientes:1</br>Clientes procesados:1</br>Clientes con error:0</br>Total Estados de cuenta:1</br>Estados de cuenta procesados:1</br>Estados de cuenta con error:0', NULL),
	(86, '2022-08-12 15:52:45', '2022-08-12 15:53:12', 2, 'I:\\Repository\\EDC\\LOG\\log_20220812-0352-PM-EDC.log', NULL, 1, '2022\\07', 'Total Clientes:1</br>Clientes procesados:1</br>Clientes con error:0</br>Total Estados de cuenta:1</br>Estados de cuenta procesados:1</br>Estados de cuenta con error:0', NULL),
	(87, '2022-08-12 18:19:57', '2022-08-12 18:20:01', 2, 'I:\\Repository\\EDC\\LOG\\log_20220812-0619-PM-EDC.log', NULL, 1, '2022\\07', 'Total Clientes:1</br>Clientes procesados:0</br>Clientes con error:1</br>Total Estados de cuenta:1</br>Estados de cuenta procesados:0</br>Estados de cuenta con error:1', NULL),
	(88, '2022-08-12 18:20:08', '2022-08-12 18:20:09', 2, 'I:\\Repository\\EDC\\LOG\\log_20220812-0620-PM-EDC.log', NULL, 1, '2022\\07', 'Total Clientes:1</br>Clientes procesados:0</br>Clientes con error:1</br>Total Estados de cuenta:1</br>Estados de cuenta procesados:0</br>Estados de cuenta con error:1', NULL),
	(89, '2022-08-12 18:20:14', '2022-08-12 18:20:16', 2, 'I:\\Repository\\EDC\\LOG\\log_20220812-0620-PM-EDC.log', NULL, 1, '2022\\06', 'Total Clientes:1</br>Clientes procesados:0</br>Clientes con error:1</br>Total Estados de cuenta:1</br>Estados de cuenta procesados:0</br>Estados de cuenta con error:1', NULL),
	(90, '2022-08-12 18:20:21', '2022-08-12 18:20:31', 2, 'I:\\Repository\\EDC\\LOG\\log_20220812-0620-PM-EDC.log', NULL, 1, '2022\\08', 'Total Clientes:1</br>Clientes procesados:1</br>Clientes con error:0</br>Total Estados de cuenta:1</br>Estados de cuenta procesados:1</br>Estados de cuenta con error:0', NULL),
	(91, '2022-08-12 18:22:11', '2022-08-12 18:22:17', 2, 'I:\\Repository\\EDC\\LOG\\log_20220812-0622-PM-EDC.log', NULL, 1, '2022\\08', 'Total Clientes:1</br>Clientes procesados:1</br>Clientes con error:0</br>Total Estados de cuenta:1</br>Estados de cuenta procesados:1</br>Estados de cuenta con error:0', NULL),
	(92, '2023-01-11 12:47:49', '2023-01-11 12:48:16', 2, 'I:\\Repository\\EDC\\LOG\\log_20230111-1247-PM-EDC.log', NULL, 1, '2022\\11', 'Total Clientes:1</br>Clientes procesados:1</br>Clientes con error:0</br>Total Estados de cuenta:1</br>Estados de cuenta procesados:1</br>Estados de cuenta con error:0', NULL),
	(93, '2023-01-11 12:48:59', '2023-01-11 12:49:16', 2, 'I:\\Repository\\EDC\\LOG\\log_20230111-1248-PM-EDC.log', NULL, 1, '2022\\12', 'Total Clientes:1</br>Clientes procesados:1</br>Clientes con error:0</br>Total Estados de cuenta:1</br>Estados de cuenta procesados:1</br>Estados de cuenta con error:0', NULL),
	(94, '2023-01-16 13:39:34', '2023-01-16 13:39:40', 2, 'I:\\Repository\\EDC\\LOG\\log_20230116-0139-PM-EDC.log', NULL, 1, '2022\\12', 'Total Clientes:1</br>Clientes procesados:1</br>Clientes con error:0</br>Total Estados de cuenta:1</br>Estados de cuenta procesados:1</br>Estados de cuenta con error:0', NULL),
	(95, '2023-01-16 13:56:33', '2023-01-16 13:56:44', 2, 'I:\\Repository\\EDC\\LOG\\log_20230116-0156-PM-EDC.log', NULL, 1, '2022\\12', 'Total Clientes:1</br>Clientes procesados:1</br>Clientes con error:0</br>Total Estados de cuenta:1</br>Estados de cuenta procesados:1</br>Estados de cuenta con error:0', NULL),
	(96, '2023-01-16 14:05:09', '2023-01-16 14:05:17', 2, 'I:\\Repository\\EDC\\LOG\\log_20230116-0205-PM-EDC.log', NULL, 1, '2022\\12', 'Total Clientes:1</br>Clientes procesados:1</br>Clientes con error:0</br>Total Estados de cuenta:1</br>Estados de cuenta procesados:1</br>Estados de cuenta con error:0', NULL),
	(97, '2023-01-17 10:15:30', '2023-01-17 10:15:39', 2, 'I:\\Repository\\EDC\\LOG\\log_20230117-1015-AM-EDC.log', NULL, 1, '2022\\12', 'Total Clientes:1</br>Clientes procesados:1</br>Clientes con error:0</br>Total Estados de cuenta:1</br>Estados de cuenta procesados:1</br>Estados de cuenta con error:0', NULL),
	(98, '2023-01-17 10:21:02', '2023-01-17 10:21:09', 2, 'I:\\Repository\\EDC\\LOG\\log_20230117-1021-AM-EDC.log', NULL, 1, '2022\\11', 'Total Clientes:1</br>Clientes procesados:1</br>Clientes con error:0</br>Total Estados de cuenta:1</br>Estados de cuenta procesados:1</br>Estados de cuenta con error:0', NULL),
	(99, '2023-02-01 11:15:51', '2023-02-01 11:16:06', 2, 'I:\\Repository\\EDC\\LOG\\log_20230201-1115-AM-EDC.log', NULL, 1, '2022\\12', 'Total Clientes:1</br>Clientes procesados:1</br>Clientes con error:0</br>Total Estados de cuenta:1</br>Estados de cuenta procesados:1</br>Estados de cuenta con error:0', NULL),
	(100, '2023-02-13 11:23:11', '2023-02-13 11:23:24', 2, 'I:\\Repository\\EDC\\LOG\\log_20230213-1123-AM-EDC.log', NULL, 1, '2023\\01', 'Total Clientes:1</br>Clientes procesados:1</br>Clientes con error:0</br>Total Estados de cuenta:1</br>Estados de cuenta procesados:1</br>Estados de cuenta con error:0', NULL),
	(101, '2023-02-15 13:13:49', '2023-02-15 13:13:54', 4, 'I:\\Repository\\EDC\\LOG\\log_20230215-0113-PM-EDC.log', 'I:\\Repository\\MAIL\\log_20230215-0135-PM-MAIL.log', 2, '2023\\01', 'Total Clientes:3</br>Clientes procesados:0</br>Clientes con error:3</br>Total Estados de cuenta:3</br>Estados de cuenta procesados:0</br>Estados de cuenta con error:3', 'Total Clientes:3</br>Clientes procesados:3</br>Clientes con error:0</br>Correos enviados:3</br>Correos con error:0'),
	(102, '2023-02-17 11:29:23', '2023-02-17 11:29:58', 4, 'I:\\Repository\\EDC\\LOG\\log_20230217-1129-AM-EDC.log', 'I:\\Repository\\MAIL\\log_20230217-1135-AM-MAIL.log', 2, '2023\\01', 'Total Clientes:2</br>Clientes procesados:1</br>Clientes con error:1</br>Total Estados de cuenta:2</br>Estados de cuenta procesados:1</br>Estados de cuenta con error:1', 'Total Clientes:2</br>Clientes procesados:2</br>Clientes con error:0</br>Correos enviados:2</br>Correos con error:0'),
	(103, '2023-02-17 12:09:46', '2023-02-17 12:09:57', 4, 'I:\\Repository\\EDC\\LOG\\log_20230217-1209-PM-EDC.log', 'C:\\Users\\alexis\\Documents\\ubibroker\\Repository\\MAIL\\log_20230315-0420-PM-MAIL.log', 2, '2023\\01', 'Total Clientes:2</br>Clientes procesados:1</br>Clientes con error:1</br>Total Estados de cuenta:2</br>Estados de cuenta procesados:1</br>Estados de cuenta con error:1', 'Total Clientes:1</br>Clientes procesados:1</br>Clientes con error:0</br>Correos enviados:1</br>Correos con error:0'),
	(104, '2023-06-07 06:24:20', '2023-06-07 06:24:20', 7, 'C:\\Users\\alexis\\Documents\\ubibroker\\Repository\\EDC\\LOG\\log_20230607-0624-AM-Invitacion.log', NULL, 3, NULL, 'Total Clientes:1</br>Clientes procesados:</br>Correos enviados:0</br>Correos con error:1', NULL),
	(105, '2023-06-08 05:49:41', '2023-06-08 05:49:43', 7, 'C:\\Users\\alexis\\Documents\\ubibroker\\Repository\\EDC\\LOG\\log_20230608-0549-AM-Invitacion.log', NULL, 3, NULL, 'Total Clientes:1</br>Clientes procesados:0</br>Clientes con error:1</br>Correos enviados:0</br>Correos con error:0', NULL),
	(106, '2023-06-08 05:51:44', '2023-06-08 05:51:58', 7, 'C:\\Users\\alexis\\Documents\\ubibroker\\Repository\\EDC\\LOG\\log_20230608-0551-AM-Invitacion.log', NULL, 3, NULL, 'Total Clientes:1</br>Clientes procesados:0</br>Clientes con error:1</br>Correos enviados:0</br>Correos con error:0', NULL),
	(107, '2023-06-08 05:55:41', '2023-06-08 05:55:45', 7, 'C:\\Users\\alexis\\Documents\\ubibroker\\Repository\\EDC\\LOG\\log_20230608-0555-AM-Invitacion.log', NULL, 3, NULL, 'Total Clientes:1</br>Clientes procesados:0</br>Clientes con error:0</br>Correos enviados:0</br>Correos con error:0', NULL),
	(108, '2023-06-08 05:57:05', '2023-06-08 05:57:06', 7, 'C:\\Users\\alexis\\Documents\\ubibroker\\Repository\\EDC\\LOG\\log_20230608-0557-AM-Invitacion.log', NULL, 3, NULL, 'Total Clientes:1</br>Clientes procesados:1</br>Clientes con error:0</br>Correos enviados:0</br>Correos con error:1', NULL),
	(109, '2023-06-08 06:57:52', '2023-06-08 06:57:52', 7, 'C:\\Users\\alexis\\Documents\\ubibroker\\Repository\\EDC\\LOG\\log_20230608-0657-AM-Reenvio_Invitacion.log', NULL, 3, NULL, 'Total Clientes:1</br>Clientes procesados:</br>Correos enviados:0</br>Correos con error:1', NULL),
	(110, '2023-06-09 05:25:08', NULL, 6, NULL, NULL, 3, NULL, NULL, NULL),
	(111, '2023-06-09 05:56:44', NULL, 6, NULL, NULL, 3, NULL, NULL, NULL),
	(112, '2023-06-09 05:58:28', NULL, 6, NULL, NULL, 3, NULL, NULL, NULL),
	(113, '2023-06-09 06:12:44', NULL, 6, NULL, NULL, 3, NULL, NULL, NULL),
	(114, '2023-06-09 06:22:06', '2023-06-09 06:22:23', 7, 'C:\\Users\\alexis\\Documents\\ubibroker\\Repository\\EDC\\LOG\\log_20230609-0622-AM-Invitacion.log', NULL, 3, NULL, 'Total Clientes:3</br>Clientes procesados:0</br>Clientes con error:0</br>Correos enviados:0</br>Correos con error:3', NULL),
	(115, '2023-06-09 06:31:38', '2023-06-09 06:31:53', 7, 'C:\\Users\\alexis\\Documents\\ubibroker\\Repository\\EDC\\LOG\\log_20230609-0631-AM-Invitacion.log', NULL, 3, NULL, 'Total Clientes:3</br>Clientes procesados:0</br>Clientes con error:3</br>Correos enviados:0</br>Correos con error:3', NULL);

-- Volcando estructura para tabla united3.ubi_edc_tipo
CREATE TABLE IF NOT EXISTS `ubi_edc_tipo` (
  `id` int(10) unsigned NOT NULL AUTO_INCREMENT,
  `nombre` varchar(45) NOT NULL,
  PRIMARY KEY (`id`)
) ENGINE=InnoDB AUTO_INCREMENT=4 DEFAULT CHARSET=utf8;

-- Volcando datos para la tabla united3.ubi_edc_tipo: ~2 rows (aproximadamente)
INSERT INTO `ubi_edc_tipo` (`id`, `nombre`) VALUES
	(1, 'Individual'),
	(2, 'Masivo'),
	(3, 'Invitacion');

-- Volcando estructura para tabla united3.ubi_edit_field
CREATE TABLE IF NOT EXISTS `ubi_edit_field` (
  `id` int(10) unsigned NOT NULL AUTO_INCREMENT,
  `etiqueta` varchar(50) NOT NULL,
  `id_consulta` int(10) unsigned NOT NULL,
  `id_producto` int(11) DEFAULT NULL,
  `id_moneda` int(11) DEFAULT NULL,
  `id_casa` int(10) NOT NULL,
  `old_etiqueta` varchar(50) DEFAULT NULL,
  `estatus` int(2) DEFAULT NULL,
  PRIMARY KEY (`id`),
  KEY `FK_ubi_edit_fiel_ubi_consulta` (`id_consulta`),
  KEY `FK_ubi_edit_field_ubi_productos` (`id_producto`),
  KEY `FK_ubi_edit_field_ubi_moneda` (`id_moneda`),
  CONSTRAINT `FK_ubi_edit_fiel_ubi_consulta` FOREIGN KEY (`id_consulta`) REFERENCES `ubi_consulta` (`id`) ON DELETE CASCADE ON UPDATE CASCADE,
  CONSTRAINT `FK_ubi_edit_field_ubi_moneda` FOREIGN KEY (`id_moneda`) REFERENCES `ubi_moneda` (`id`) ON DELETE CASCADE ON UPDATE CASCADE,
  CONSTRAINT `FK_ubi_edit_field_ubi_productos` FOREIGN KEY (`id_producto`) REFERENCES `ubi_productos` (`id`) ON DELETE CASCADE ON UPDATE CASCADE
) ENGINE=InnoDB AUTO_INCREMENT=19 DEFAULT CHARSET=latin1;

-- Volcando datos para la tabla united3.ubi_edit_field: ~18 rows (aproximadamente)
INSERT INTO `ubi_edit_field` (`id`, `etiqueta`, `id_consulta`, `id_producto`, `id_moneda`, `id_casa`, `old_etiqueta`, `estatus`) VALUES
	(1, ' ', 1, 16, 1, 1, ' ', 7),
	(2, ' ', 1, 16, 2, 1, ' ', 7),
	(3, '', 1, 17, 1, 1, ' ', 7),
	(4, '', 1, 17, 2, 1, '', 7),
	(5, 'CANTIDAD DE CUOTAS', 1, 16, 1, 1, 'VALOR TRANSADO', 8),
	(6, 'CANTIDAD DE CUOTAS', 1, 16, 2, 1, 'VALOR TRANSADO', 8),
	(7, 'NOMINAL', 1, 18, 1, 1, 'SALDO', 2),
	(8, 'NOMINAL', 1, 18, 2, 1, 'SALDO', 2),
	(9, 'VALOR NOMINAL', 1, 17, 1, 1, 'VALOR TRANSADO', 8),
	(10, 'VALOR NOMINAL', 1, 17, 2, 0, 'VALOR TRANSADO', 8),
	(11, 'NOMINAL', 1, 21, 1, 1, 'SALDO', 2),
	(12, 'NOMINAL', 1, 21, 2, 1, 'SALDO', 2),
	(13, 'CUPON', 21, 17, 1, 1, '.-,', 9),
	(14, 'CUPON', 21, 17, 2, 1, '.-,', 9),
	(15, 'TASA_PRECIO', 27, 18, 1, 1, '.-,', 90),
	(16, 'TASA_PRECIO', 27, 18, 2, 1, '.-,', 90),
	(17, 'TASA_PRECIO', 26, 21, 1, 1, '.-,', 90),
	(18, 'TASA_PRECIO', 26, 21, 2, 1, '.-,', 90);

-- Volcando estructura para tabla united3.ubi_feriado
CREATE TABLE IF NOT EXISTS `ubi_feriado` (
  `id` int(11) NOT NULL AUTO_INCREMENT,
  `year` int(4) DEFAULT NULL,
  `months` int(2) DEFAULT NULL,
  `days` int(2) DEFAULT NULL,
  PRIMARY KEY (`id`) USING BTREE
) ENGINE=InnoDB AUTO_INCREMENT=10 DEFAULT CHARSET=latin1;

-- Volcando datos para la tabla united3.ubi_feriado: ~4 rows (aproximadamente)
INSERT INTO `ubi_feriado` (`id`, `year`, `months`, `days`) VALUES
	(2, 2023, 2, 1),
	(3, 2023, 2, 2),
	(8, 2023, 1, 9),
	(9, 2023, 1, 30);

-- Volcando estructura para tabla united3.ubi_field_condicion
CREATE TABLE IF NOT EXISTS `ubi_field_condicion` (
  `id` int(10) unsigned NOT NULL AUTO_INCREMENT,
  `id_consulta_field` int(11) NOT NULL,
  `letf_field` varchar(45) NOT NULL,
  `condicion` varchar(45) NOT NULL,
  `valor` varchar(45) NOT NULL,
  `rigth_field` varchar(45) NOT NULL,
  `field` varchar(45) NOT NULL,
  `side` varchar(1) NOT NULL,
  `type` varchar(45) NOT NULL,
  PRIMARY KEY (`id`),
  KEY `FK_ubi_field_condicion_1` (`id_consulta_field`),
  CONSTRAINT `FK_ubi_field_condicion_1` FOREIGN KEY (`id_consulta_field`) REFERENCES `ubi_consulta_field` (`id`)
) ENGINE=InnoDB DEFAULT CHARSET=utf8;

-- Volcando datos para la tabla united3.ubi_field_condicion: ~0 rows (aproximadamente)

-- Volcando estructura para tabla united3.ubi_grafica
CREATE TABLE IF NOT EXISTS `ubi_grafica` (
  `id` int(11) NOT NULL AUTO_INCREMENT,
  `nombre` varchar(45) NOT NULL,
  `codigo` varchar(3) NOT NULL,
  `tipo` varchar(10) NOT NULL,
  PRIMARY KEY (`id`),
  KEY `graficaNom` (`nombre`)
) ENGINE=InnoDB AUTO_INCREMENT=3 DEFAULT CHARSET=latin1;

-- Volcando datos para la tabla united3.ubi_grafica: ~2 rows (aproximadamente)
INSERT INTO `ubi_grafica` (`id`, `nombre`, `codigo`, `tipo`) VALUES
	(1, 'Distribución por Emisor', 'dp5', 'pie'),
	(2, 'Distribución por Título', 'dp3', 'column-sta');

-- Volcando estructura para tabla united3.ubi_grafica_field
CREATE TABLE IF NOT EXISTS `ubi_grafica_field` (
  `id` int(10) unsigned NOT NULL AUTO_INCREMENT,
  `id_grafica` int(11) NOT NULL,
  `llave` varchar(45) NOT NULL,
  `valor` varchar(45) NOT NULL,
  PRIMARY KEY (`id`),
  KEY `FK_ubi_grafica_field_idx` (`id_grafica`),
  CONSTRAINT `FK_ubi_grafica_field` FOREIGN KEY (`id_grafica`) REFERENCES `ubi_grafica` (`id`) ON DELETE NO ACTION ON UPDATE NO ACTION
) ENGINE=InnoDB AUTO_INCREMENT=6 DEFAULT CHARSET=latin1;

-- Volcando datos para la tabla united3.ubi_grafica_field: ~5 rows (aproximadamente)
INSERT INTO `ubi_grafica_field` (`id`, `id_grafica`, `llave`, `valor`) VALUES
	(1, 1, 'PRODUCTO-string', 'MT'),
	(2, 2, 'FVENCIMIENTO-date', 'yy'),
	(3, 2, 'TITULO-string', ' '),
	(4, 2, 'SALDOFIN-number', ' '),
	(5, 1, 'PRODUCTO1-string', ' ');

-- Volcando estructura para tabla united3.ubi_leyenda
CREATE TABLE IF NOT EXISTS `ubi_leyenda` (
  `id` int(11) NOT NULL AUTO_INCREMENT,
  `descripcion` varchar(255) DEFAULT NULL,
  `id_consulta` int(11) NOT NULL,
  PRIMARY KEY (`id`)
) ENGINE=InnoDB DEFAULT CHARSET=utf8;

-- Volcando datos para la tabla united3.ubi_leyenda: ~0 rows (aproximadamente)

-- Volcando estructura para tabla united3.ubi_moneda
CREATE TABLE IF NOT EXISTS `ubi_moneda` (
  `id` int(11) NOT NULL AUTO_INCREMENT,
  `acronimo` varchar(45) DEFAULT NULL,
  `descripcion` varchar(45) DEFAULT NULL,
  PRIMARY KEY (`id`)
) ENGINE=InnoDB AUTO_INCREMENT=3 DEFAULT CHARSET=latin1;

-- Volcando datos para la tabla united3.ubi_moneda: ~2 rows (aproximadamente)
INSERT INTO `ubi_moneda` (`id`, `acronimo`, `descripcion`) VALUES
	(1, 'DOP', 'Pesos Dominicanos'),
	(2, 'USD', 'Dolár Estadounidense');

-- Volcando estructura para tabla united3.ubi_motivo_orden
CREATE TABLE IF NOT EXISTS `ubi_motivo_orden` (
  `id` int(11) NOT NULL AUTO_INCREMENT,
  `motivo` varchar(100) DEFAULT NULL,
  `html` varchar(1000) DEFAULT NULL,
  PRIMARY KEY (`id`)
) ENGINE=InnoDB AUTO_INCREMENT=15 DEFAULT CHARSET=latin1;

-- Volcando datos para la tabla united3.ubi_motivo_orden: ~14 rows (aproximadamente)
INSERT INTO `ubi_motivo_orden` (`id`, `motivo`, `html`) VALUES
	(1, 'Salario o Pensión', '<p>Movimientos de Cuenta de los &uacute;ltimos 3 meses, en donde se evidencie el pago del salario o de la pensi&oacute;n.</p>'),
	(2, 'Profesional Independiente', '<ul>\r\n	<li>Movimientos de Cuenta de los &uacute;ltimos 3 meses donde se evidencie el ingreso de fondos por los trabajos realizados.</li>\r\n	<li>Facturas, cheques o cualquier documento en el cual se evidencie el origen de los ingresos, as&iacute; como el IR1 (si aplica).</li>\r\n</ul>\r\n'),
	(3, 'Distribución dividendos', '<p>Uno de los siguientes junto con los movimientos de Cuenta Bancaria en donde se evidencie el ingreso de los dividendos:</p>\r \r <ul>\r 	<li>Acta o extracto que conoce y autoriza el pago de dividendos.</li>\r 	<li>Certificaci&oacute;n expedida por el presidente o secretario de la sociedad, debidamente sellada, respecto del pago de dividendos.</li>\r 	<li>Evidencia o certificaci&oacute;n de la retenci&oacute;n de impuesto recibida por la DGII (IR &ndash; 17).</li>\r 	<li>Cheque o volante por concepto de pago de dividendos.</li>\r </ul>'),
	(4, 'Venta de Activos', '<ul>\r 	<li>Contrato de venta del bien mueble o inmueble debidamente firmado y legalizado.</li>\r 	<li>Movimientos de cuenta donde se evidencie el ingreso de los fondos.</li>\r </ul>\r '),
	(5, 'Arrendamiento', '<ul>\r 	<li>Contrato de alquiler debidamente firmado y legalizado.</li>\r 	<li>Movimientos de cuenta en donde se evidencie el ingreso de los fondos.</li>\r </ul>\r '),
	(6, 'Herencia', '<p><strong>Sucesi&oacute;n sin testamento:</strong></p>\r \r <ul>\r 	<li>Compulsa Notarial de Determinaci&oacute;n de Herederos o Sentencia con car&aacute;cter definitivo que homologue la Determinaci&oacute;n de Herederos.</li>\r 	<li>Acuerdo de Partici&oacute;n Amigable.</li>\r 	<li>Movimientos de cuenta donde se evidencie el ingreso de fondos provenientes de la sucesi&oacute;n.</li>\r </ul>\r \r \r <p><strong>Sucesi&oacute;n con testamento:</strong></p>\r \r <ul>\r 	<li>Testamento firmado y legalizado.</li>\r 	<li>Movimientos de cuenta donde se evidencie el ingreso de activos provenientes de la sucesi&oacute;n.</li>\r </ul>'),
	(7, 'Inversiones anteriores (bajo custodia en subcuenta United Capital)', '<p>Documento que evidencia el pago realizado por CEVALDOM (Detalle de Derechos, Detalle de Valores, entre otros).</p>\r\n\r\n<p>En caso de que la inversi&oacute;n ocurra 15 d&iacute;as o m&aacute;s luego del pago de los T&iacute;tulos de Valores de Deuda, anexar movimientos de cuenta en donde se evidencie el monto acreditado por el vencimiento.</p>\r\n'),
	(8, 'Inversiones anteriores (bajo custodia en subcuenta de puestos de bolsa o AFI)', '<ul>\r\n	<li>Movimientos de Cuenta donde se evidencie la cancelaci&oacute;n o pago de la inversi&oacute;n.</li>\r\n	<li>Detalle de movimiento de CEVALDOM donde se evidencie el pago del emisor de los T&iacute;tulos de Valores de Deuda.</li>\r\n</ul>\r\n\r\n<p>En caso de que no hayan trascurrido m&aacute;s de 5 d&iacute;as laborables desde la fecha de cancelaci&oacute;n hasta la fecha de aprobaci&oacute;n del aval, no ser&aacute; necesario adjuntar los movimientos de cuenta.</p>'),
	(9, 'Inversión anterior', '<p>Movimiento de Cuenta donde se evidencia la cancelaci&oacute;n o pago de la inversi&oacute;n.</p>\r\n\r\n<p>Nota: Estaremos evaluando el documento anexado, y en caso de ser necesario, se le podr&aacute; requerir la remisi&oacute;n de informaciones adicionales.</p>'),
	(10, 'Préstamo', '<ul>\r 	<li>Contrato de Pr&eacute;stamo o Pagar&eacute;, debidamente firmado y notarizado.</li>\r 	<li>Movimientos de cuenta donde se verifique el desembolso o la recepci&oacute;n de los fondos.</li>\r </ul>\r'),
	(11, 'Ganancia de lotería o similar', '<ul>\r\n	<li>Cheque.</li>\r\n	<li>Constancia de pago de impuesto.</li>\r\n	<li>Movimiento de cuenta donde se evidencie el ingreso de los fondos.</li>\r\n</ul>\r\n'),
	(12, 'Repartición de bienes por divorcio', '<ul>\r\n	<li>Sentencia de divorcio con car&aacute;cter definitivo.</li>\r\n	<li>Acuerdo de Partici&oacute;n/Sentencia de Partici&oacute;n con car&aacute;cter definitivo (si aplica) o cualquier otra validaci&oacute;n que evidencia la partici&oacute;n de activos.</li>\r\n	<li>Movimientos de cuenta en donde se evidencie el ingreso de los fondos.</li>\r\n</ul>\r\n'),
	(13, 'Cesión de crédito', '<ul>\r\n	<li>Contrato de Cesi&oacute;n de Cr&eacute;dito firmado y legalizado.</li>\r\n	<li>Movimientos de cuenta donde se evidencie el ingreso de los fondos.</li>\r\n	<li>C&eacute;dulas de los involucrados.</li>\r\n</ul>\r\n\r\n<p>Nota: Estaremos evaluando los documentos anexados, y en caso de ser necesario, se le podr&aacute; requerir la remisi&oacute;n de informaciones adicionales.</p>\r\n'),
	(14, 'Otros', '<p>Movimientos de cuenta en donde se evidencie el ingreso de fondos, junto con cualquier documento que justifique los fondos a invertir.</p>\r\n');

-- Volcando estructura para tabla united3.ubi_new_orden
CREATE TABLE IF NOT EXISTS `ubi_new_orden` (
  `id` int(11) NOT NULL AUTO_INCREMENT,
  `nro_orden` varchar(45) DEFAULT NULL,
  `moneda` varchar(45) DEFAULT NULL,
  `plazo` varchar(45) DEFAULT NULL,
  `rendimiento` varchar(45) DEFAULT NULL,
  `sustentacion` varchar(45) DEFAULT NULL,
  `id_motivo` int(11) DEFAULT NULL,
  `titulo` varchar(45) DEFAULT NULL,
  `monto` varchar(45) DEFAULT NULL,
  `fecha_registro` datetime DEFAULT NULL,
  `fecha_vigencia` datetime DEFAULT NULL,
  `fecha_valor` datetime DEFAULT NULL,
  `fecha_vencimiento` datetime DEFAULT NULL,
  `descripcion` varchar(45) DEFAULT NULL,
  `producto` varchar(45) DEFAULT NULL,
  `emisor` varchar(45) DEFAULT NULL,
  `tasa_cupon` varchar(45) DEFAULT NULL,
  `periodicidad` varchar(45) DEFAULT NULL,
  `estatus` varchar(45) DEFAULT NULL,
  `macth` varchar(45) DEFAULT NULL,
  `id_usuario` int(11) DEFAULT NULL,
  `portafolio` varchar(45) DEFAULT NULL,
  PRIMARY KEY (`id`),
  KEY `id_motivo_idx` (`id_motivo`),
  KEY `id_usuario_idx` (`id_usuario`),
  CONSTRAINT `id_motivo` FOREIGN KEY (`id_motivo`) REFERENCES `ubi_motivo_orden` (`id`) ON DELETE NO ACTION ON UPDATE NO ACTION,
  CONSTRAINT `id_usuario` FOREIGN KEY (`id_usuario`) REFERENCES `ubi_usuarios` (`id`) ON DELETE NO ACTION ON UPDATE NO ACTION
) ENGINE=InnoDB AUTO_INCREMENT=140 DEFAULT CHARSET=utf8;

-- Volcando datos para la tabla united3.ubi_new_orden: ~24 rows (aproximadamente)
INSERT INTO `ubi_new_orden` (`id`, `nro_orden`, `moneda`, `plazo`, `rendimiento`, `sustentacion`, `id_motivo`, `titulo`, `monto`, `fecha_registro`, `fecha_vigencia`, `fecha_valor`, `fecha_vencimiento`, `descripcion`, `producto`, `emisor`, `tasa_cupon`, `periodicidad`, `estatus`, `macth`, `id_usuario`, `portafolio`) VALUES
	(116, '00056543', 'DOP', '60', '10.85', '', 1, '', '100000', '2023-01-25 14:07:09', '2023-01-31 00:00:00', '2023-01-31 00:00:00', '2023-03-26 14:07:09', '5-Mutuo Pasivo Fwd', 'SELL BUY BACK CON MUTUO', '', NULL, 'A Vencimiento', '0', 'J8TWOKL3EQMZ', 1310, 'NUÑ022'),
	(117, '00056544', 'DOP', '0', '12', '', 1, 'MH22034', '100000', '2023-01-25 14:08:51', '2023-01-31 00:00:00', '2023-01-31 00:00:00', '2023-01-25 14:08:51', '0-Compra BVC', 'RENTA FIJA', 'Ministerio de Hacienda', '13', NULL, '-1', '2DQ0WYV4QN78', 1310, 'NUÑ022'),
	(118, '00056545', 'DOP', '0', '12', '', 1, 'MH22034', '19900000', '2023-01-25 14:13:18', '2023-01-31 00:00:00', '2023-01-31 00:00:00', '2023-01-25 14:13:18', '0-Compra BVC', 'RENTA FIJA', 'Ministerio de Hacienda', '13', NULL, '-1', 'OVCGHFML4OIG', 1310, 'NUÑ022'),
	(119, '', 'DOP', '30', '12.25', '', 1, '', '10000000', '2023-01-25 14:41:54', '2023-01-31 00:00:00', '2023-01-31 00:00:00', '2023-02-24 14:41:54', NULL, 'SELL BUY BACK CON MUTUO', '', NULL, 'A Vencimiento', '0', '6IV06J73UIBO', 1313, 'RAM036'),
	(120, '', 'DOP', '210', '10.85', '', 13, '', '10000000', '2023-01-25 16:05:12', '2023-01-31 00:00:00', '2023-01-31 00:00:00', '2023-08-23 16:05:12', NULL, 'SELL BUY BACK CON MUTUO', '', NULL, 'Semestral', '-1', 'XWU1H15FF1EC', 1310, 'NUÑ022'),
	(121, '', 'DOP', '0', '11', '', 1, 'NO120327', '100000', '2023-01-25 16:37:52', '2023-01-31 00:00:00', '2023-01-31 00:00:00', '2023-01-25 16:37:52', NULL, 'RENTA FIJA', 'Banco Central de la R.D.', '8', NULL, '0', 'XMDWDSAX3FTJ', 1310, 'NUÑ022'),
	(122, '', 'DOP', '90', '11.20', '', 1, '', '10000', '2023-01-27 00:00:00', '2023-02-02 00:00:00', '2023-02-02 00:00:00', '2023-04-27 00:00:00', NULL, 'SELL BUY BACK CON MUTUO', '', NULL, 'A Vencimiento', '-1', 'APSSS76XE5KY', 1310, 'NUÑ022'),
	(123, '', 'DOP', '0', '11', '', 1, 'NO120327', '10000', '2023-01-27 00:00:00', '2023-02-02 00:00:00', '2023-02-02 00:00:00', '2023-01-27 00:00:00', NULL, 'RENTA FIJA', 'Banco Central de la R.D.', '8', NULL, '0', 'FB7H209LRZCR', 1310, 'NUÑ022'),
	(124, '', 'DOP', '210', '10.85', '', 1, '', '2000000', '2023-02-03 00:00:00', '2023-02-08 00:00:00', '2023-02-08 00:00:00', '2023-09-01 00:00:00', NULL, 'SELL BUY BACK CON MUTUO', '', NULL, 'A Vencimiento', '-1', '0HA7P0ON5IJ9', 1310, 'NUÑ022'),
	(125, '', 'DOP', '0', '11', '', 1, 'NO120327', '10000', '2023-02-03 00:00:00', '2023-02-08 00:00:00', '2023-02-08 00:00:00', '2023-02-03 00:00:00', NULL, 'RENTA FIJA', 'Banco Central de la R.D.', '8', NULL, '0', 'V5VD4HXEN7ZX', 1310, 'NUÑ022'),
	(126, '', 'DOP', '180', '11.70', '', 1, '', '20000', '2023-02-07 00:00:00', '2023-02-10 00:00:00', '2023-02-10 00:00:00', '2023-08-06 00:00:00', NULL, 'SELL BUY BACK CON MUTUO', '', NULL, 'A Vencimiento', '-1', '2P6L17WK1MSX', 1310, 'NUÑ022'),
	(127, '', 'DOP', '90', '11.20', '', 1, '', '10000', '2023-02-10 00:00:00', '2023-02-15 00:00:00', '2023-02-15 00:00:00', '2023-05-11 00:00:00', NULL, 'SELL BUY BACK CON MUTUO', '', NULL, 'A Vencimiento', '-1', 'W2E19T48ZJLW', 1310, 'NUÑ022'),
	(128, '', 'DOP', '210', '10.85', '', 1, '', '10000', '2023-02-10 09:56:04', '2023-02-15 00:00:00', '2023-02-15 00:00:00', '2023-09-08 09:56:04', NULL, 'SELL BUY BACK CON MUTUO', '', NULL, 'A Vencimiento', '-1', 'FFVF5SJXPT7R', 1310, 'NUÑ022'),
	(129, '', 'DOP', '90', '11.20', '', 1, '', '10000', '2023-02-10 09:59:35', '2023-02-15 00:00:00', '2023-02-15 00:00:00', '2023-05-11 09:59:35', NULL, 'SELL BUY BACK CON MUTUO', '', NULL, 'A Vencimiento', '0', '00KJ6ZO3ZW42', 1310, 'NUÑ022'),
	(130, '', 'DOP', '120', '11.55', '', 1, '', '15000', '2023-02-10 10:05:56', '2023-02-15 00:00:00', '2023-02-15 00:00:00', '2023-06-10 10:05:56', NULL, 'SELL BUY BACK CON MUTUO', '', NULL, 'A Vencimiento', '0', 'LGFXFDQAZI2L', 1310, 'NUÑ022'),
	(131, '', 'DOP', '180', '11.70', '', 1, '', '1000000', '2023-02-13 00:00:00', '2023-02-16 00:00:00', '2023-02-16 00:00:00', '2023-08-12 00:00:00', NULL, 'SELL BUY BACK CON MUTUO', '', NULL, 'A Vencimiento', '0', '5Y8N25ZC43ES', 1310, 'NUÑ022'),
	(132, '', 'DOP', '90', '11.20', '', 3, '', '10000', '2023-02-13 00:00:00', '2023-02-16 00:00:00', '2023-02-16 00:00:00', '2023-05-14 00:00:00', NULL, 'SELL BUY BACK CON MUTUO', '', NULL, 'A Vencimiento', '0', '5UXLLEGVDLE5', 1310, 'NUÑ022'),
	(133, '', 'DOP', '0', '11', '', 1, 'NO120327', '10000', '2023-02-13 00:00:00', '2023-02-16 00:00:00', '2023-02-16 00:00:00', '2023-02-13 00:00:00', NULL, 'RENTA FIJA', 'Banco Central de la R.D.', '8', NULL, '0', 'BIT2XHDE8H4O', 1310, 'NUÑ022'),
	(134, '', 'DOP', '90', '11.20', '', 2, '', '10000', '2023-02-14 10:29:30', '2023-02-17 00:00:00', '2023-02-17 00:00:00', '2023-05-15 10:29:30', NULL, 'SELL BUY BACK CON MUTUO', '', NULL, 'A Vencimiento', '0', '9RBOTLSFLJIT', 1310, 'NUÑ022'),
	(135, '', 'DOP', '210', '10.85', '', 1, '', '10000', '2023-02-16 00:00:00', '2023-02-21 00:00:00', '2023-02-21 00:00:00', '2023-09-14 00:00:00', NULL, 'SELL BUY BACK CON MUTUO', '', NULL, 'A Vencimiento', '0', '811T75ZAKPSK', 1310, 'NUÑ022'),
	(136, '', 'DOP', '60', '11.00', '', 1, '', '10000', '2023-02-17 00:00:00', '2023-02-22 00:00:00', '2023-02-22 00:00:00', '2023-04-18 00:00:00', NULL, 'SELL BUY BACK CON MUTUO', '', NULL, 'A Vencimiento', '0', 'M8PV0W327FCR', 1310, 'NUÑ022'),
	(137, '', 'DOP', '60', '11.00', '', 1, '', '10000', '2023-02-17 00:00:00', '2023-02-22 00:00:00', '2023-02-22 00:00:00', '2023-04-18 00:00:00', NULL, 'SELL BUY BACK CON MUTUO', '', NULL, 'A Vencimiento', '0', 'LVL132PPSNU9', 1310, 'NUÑ022'),
	(138, '00058432', 'DOP', '180', '11.70', '', 1, '', '1000000', '2023-02-17 00:00:00', '2023-02-22 00:00:00', '2023-02-22 00:00:00', '2023-08-16 00:00:00', '5-Mutuo Pasivo Fwd', 'SELL BUY BACK CON MUTUO', '', NULL, 'Mensual', '-1', 'M8R72PFBWFFH', 1310, 'RAM037'),
	(139, '', 'DOP', '210', '12.25', '', 1, '', '10000', '2023-02-24 00:00:00', '2023-03-01 00:00:00', '2023-03-01 00:00:00', '2023-09-22 00:00:00', NULL, 'SELL BUY BACK CON MUTUO', '', NULL, 'A Vencimiento', '0', 'N8LIVPZUUXTC', 1311, 'DIA029');

-- Volcando estructura para tabla united3.ubi_nombre_banco
CREATE TABLE IF NOT EXISTS `ubi_nombre_banco` (
  `id` int(11) NOT NULL AUTO_INCREMENT,
  `nombre` varchar(100) DEFAULT NULL,
  `moneda` varchar(45) DEFAULT NULL,
  `codigo_banco` varchar(45) DEFAULT NULL,
  `verificador` varchar(45) DEFAULT NULL,
  `nonbre_negocio` varchar(100) DEFAULT NULL,
  PRIMARY KEY (`id`)
) ENGINE=InnoDB AUTO_INCREMENT=47 DEFAULT CHARSET=latin1;

-- Volcando datos para la tabla united3.ubi_nombre_banco: ~46 rows (aproximadamente)
INSERT INTO `ubi_nombre_banco` (`id`, `nombre`, `moneda`, `codigo_banco`, `verificador`, `nonbre_negocio`) VALUES
	(1, 'Asociacion Cibao', 'USD', '48991200', '7', 'Asociación Cibao De Ahorros y Préstamos (ACAP)'),
	(2, 'Asociacion Cibao', 'DOP', '48991200', '7', 'Asociación Cibao De Ahorros y Préstamos (ACAP)'),
	(3, 'Asociacion Popular de Ahorros y Préstamos', 'USD', '47940900', '9', 'Asociación Popular De Ahorros y Préstamos (APAP)'),
	(4, 'Asociacion Popular de Ahorros y Préstamos', 'DOP', '47940900', '9', 'Asociación Popular De Ahorros y Préstamos (APAP)'),
	(5, 'Bancamerica', 'USD', '10171228', '4', 'Bancamerica'),
	(6, 'Bancamerica', 'DOP', '10171228', '4', 'Bancamerica'),
	(7, 'Banco ADEMI', 'USD', '10101300', '6', 'Banco Múltiple Ademi, S. A.'),
	(8, 'Banco ADEMI', 'DOP', '10101300', '6', 'Banco Múltiple Ademi, S. A.'),
	(9, 'Banco Atlantico de Ahorro y Credito', 'USD', '11101012', '5', 'Banco Atlántico De Ahorro Y Crédito, S. A.'),
	(10, 'Banco Atlantico de Ahorro y Credito', 'DOP', '11101012', '5', 'Banco Atlántico De Ahorro Y Crédito, S. A.'),
	(11, 'Banco BDI', 'USD', '10101360', '8', 'Banco Múltiple BDI, S. A'),
	(12, 'Banco BDI', 'DOP', '10101360', '8', 'Banco Múltiple BDI, S. A'),
	(13, 'Banco BHD Leon', 'USD', '10101230', '8', 'Banco Múltiple BHD León S. A.'),
	(14, 'Banco BHD Leon', 'DOP', '10101230', '8', 'Banco Múltiple BHD León S. A.'),
	(15, 'Banco Caribe', 'USD', '10101350', '1', 'Banco Múltiple Caribe Internacional S. A.'),
	(16, 'Banco Caribe', 'DOP', '10101350', '1', 'Banco Múltiple Caribe Internacional S. A.'),
	(17, 'Asociacion La Nacional', 'USD', '10231034', '2', 'Asociación La Nacional De Ahorros y Préstamos (ALNAP)'),
	(18, 'Asociacion La Nacional', 'DOP', '10231034', '2', 'Asociación La Nacional De Ahorros y Préstamos (ALNAP)'),
	(19, 'Banco de Reservas de la Rep Dom', 'USD', '10101010', '6', 'Banco De Reservas De La República Dominicana (Banreservas)'),
	(20, 'Banco de Reservas de la Rep Dom', 'DOP', '10101010', '6', 'Banco De Reservas De La República Dominicana (Banreservas)'),
	(21, 'Banco del Progreso ', 'USD', '10101110', '5', 'Banco Dominicano Del Progreso S. A.'),
	(22, 'Banco del Progreso ', 'DOP', '10101110', '5', 'Banco Dominicano Del Progreso S. A.'),
	(23, 'Banco Lopez de Haro', 'USD', '10101390', '9', 'Banco Múltiple López De Haro, S. A.'),
	(24, 'Banco Lopez de Haro', 'DOP', '10101390', '9', 'Banco Múltiple López De Haro, S. A.'),
	(25, 'Banco Múltiple Santa Cruz', 'USD', '10101340', '4', 'Banco Múltiple Santa Cruz, S. A.'),
	(26, 'Banco Múltiple Santa Cruz', 'DOP', '10101340', '4', 'Banco Múltiple Santa Cruz, S. A.'),
	(27, 'Banco Popular Dominicano', 'USD', '10101070', '8', 'Banco Popular Dominicano, S. A'),
	(28, 'Banco Popular Dominicano', 'DOP', '10101070', '8', 'Banco Popular Dominicano, S. A'),
	(29, 'Banco Promerica', 'USD', '44405900', '2', 'Banco Múltiple Promerica De La República Dominicana S. A.'),
	(30, 'Banco Promerica', 'DOP', '44405900', '2', 'Banco Múltiple Promerica De La República Dominicana S. A.'),
	(31, 'Banco Union', 'USD', '30232423', '5', 'Banco De Ahorro Y Crédito Union, S. A.'),
	(32, 'Banco Union', 'DOP', '30232423', '5', 'Banco De Ahorro Y Crédito Union, S. A.'),
	(33, 'Citibank', 'USD', '10101060', '1', 'Citibank, N.A.'),
	(34, 'Citibank', 'DOP', '10101060', '1', 'Citibank, N.A.'),
	(35, 'Scotiabank', 'USD', '10101030', '0', 'Scotiabank Republica Dominicana SA'),
	(36, 'Scotiabank', 'DOP', '10101030', '0', 'Scotiabank Republica Dominicana SA'),
	(37, 'Banesco', 'USD', '11102328', '0', 'Banco Múltiple Banesco'),
	(38, 'Banesco', 'DOP', '11102328', '0', 'Banco Múltiple Banesco'),
	(39, 'Banco Vimenca', 'USD', '10101380', '2', 'Banco Múltiple Vimenca, S. A.'),
	(40, 'Banco Vimenca', 'DOP', '10101380', '2', 'Banco Múltiple Vimenca, S. A.'),
	(41, 'Banco Múltiple Lafise', 'USD', '11121214', '3', 'Banco Múltiple Lafise, S. A.'),
	(42, 'Banco Múltiple Lafise', 'DOP', '11121214', '3', 'Banco Múltiple Lafise, S. A.'),
	(43, 'Banco Multiple Activo Dominicano', 'USD', '25311321', '0', 'Banco Múltiple Activo Dominicana, S. A.'),
	(44, 'Banco Multiple Activo Dominicano', 'DOP', '25311321', '0', 'Banco Múltiple Activo Dominicana, S. A.'),
	(45, 'Banco de Ahorro y Credito Fondesa', 'USD', '43491100', '8', 'Banco De Ahorro Y Crédito Fondesa, S. A. (Banfondesa)'),
	(46, 'Banco de Ahorro y Credito Fondesa', 'DOP', '43491100', '8', 'Banco De Ahorro Y Crédito Fondesa, S. A. (Banfondesa)');

-- Volcando estructura para tabla united3.ubi_orden_tranferencia
CREATE TABLE IF NOT EXISTS `ubi_orden_tranferencia` (
  `id` int(11) NOT NULL AUTO_INCREMENT,
  `cuenta` varchar(45) DEFAULT NULL,
  `banco` varchar(45) DEFAULT NULL,
  `tp_cuenta` varchar(45) DEFAULT NULL,
  `referencia` varchar(45) DEFAULT NULL,
  `fecha` datetime DEFAULT NULL,
  `monto` varchar(45) DEFAULT NULL,
  `estatus` varchar(45) DEFAULT '0',
  `id_new_orden` int(11) DEFAULT NULL,
  PRIMARY KEY (`id`),
  KEY `id_nro_orden_idx` (`id_new_orden`),
  CONSTRAINT `id_nro_orden` FOREIGN KEY (`id_new_orden`) REFERENCES `ubi_new_orden` (`id`) ON DELETE NO ACTION ON UPDATE NO ACTION
) ENGINE=InnoDB DEFAULT CHARSET=utf8;

-- Volcando datos para la tabla united3.ubi_orden_tranferencia: ~0 rows (aproximadamente)

-- Volcando estructura para tabla united3.ubi_parametros
CREATE TABLE IF NOT EXISTS `ubi_parametros` (
  `id` int(10) unsigned NOT NULL AUTO_INCREMENT,
  `nombre` varchar(45) NOT NULL,
  `valor` varchar(1000) NOT NULL,
  PRIMARY KEY (`id`)
) ENGINE=InnoDB AUTO_INCREMENT=135 DEFAULT CHARSET=latin1;

-- Volcando datos para la tabla united3.ubi_parametros: ~131 rows (aproximadamente)
INSERT INTO `ubi_parametros` (`id`, `nombre`, `valor`) VALUES
	(1, 'GatewayURL', 'http://localhost:8080/UbiGateway/IronServices?wsdl'),
	(2, 'Empresa', '1'),
	(3, 'EmbedURL', 'http://localhost:8080/Ubiembed'),
	(4, 'Ubibroker_home', 'http://localhost:8080/'),
	(5, 'Admin_home', 'http://localhost:8080/UbiAdmin/'),
	(6, 'Jws_Timeout', '60000'),
	(7, 'EmbedWS', 'http://localhost:8080/Ubiembed/WsEmbe?wsdl'),
	(8, 'LDAP_Domain', 'ldap.forumsys.com'),
	(9, 'LDAP_DN', 'dc=example,dc=com'),
	(10, 'FechaDesde', '01/01/1950'),
	(11, 'FechaHasta', '31/12/2018'),
	(12, 'ubibroker.fechaDemo', '16/03/2023'),
	(13, 'ubibroker.AprovOrder', 'N'),
	(14, 'ubibroker.session.time', '900000'),
	(15, 'ubibroker.session.multiple', '0'),
	(16, 'Ubibroker_home_iframe', 'http://localhost:8080/'),
	(17, 'ubibroker.birthday.img', 'C:\\Program Files\\glassfish-4.1\\glassfish\\domains\\domain1\\docroot\\cumple2.jpg'),
	(18, 'ubibroker.birthday.mess', '<p  id="texto-cumple"><h1></h1><h3></h3></p>'),
	(19, 'Embed.URL.session.time', '120'),
	(20, 'ubibroker.fecha.operaciones', '1'),
	(21, 'ubibroker.fecha.list.orden', '120'),
	(22, 'ubibroker.sencorreo.birthday.img', 'C:\\Program Files\\glassfish-4.1\\glassfish\\domains\\domain1\\docroot\\cumple2.jpg'),
	(23, 'ubibroker.intentos.bloqueo', '5'),
	(24, 'ubibroker.color.chart', '#072135-#006087-#20364C-#0078A1-#384D64-#0092BC-#50657D-#00ADD8'),
	(25, 'ubibroker.mes.inversion', '3'),
	(26, 'ubibroker.title', 'United Capital'),
	(27, 'ubibroker.gateway.debug', '1'),
	(28, 'ubibroker.gateway.debug.url', 'PosicionConsolidada#C:\\united\\responses\\pos.xml|DamePosicionMAnt#C:\\united\\responses\\mant.xml|DameIdCedula#C:\\united\\responses\\dameCedula.xml|DatosEjecutivo#C:\\united\\responses\\damedatosm.xml|DameTransacT#C:\\united\\responses\\transat.xml|DameOrdenes#C:\\united\\responses\\dameCOrden.xml|DameIdmRif#C:\\united\\responses\\dameIdmRif.xml|DameTitulos#C:\\united\\responses\\dameTitulos.xml'),
	(29, 'ubibroker.consulta.historica.meses', '8'),
	(30, 'ubibroker.info.frontend', 'Si desea más información o tiene alguna duda llámenos al 809.807.2000'),
	(31, 'ubibroker.texts.security', 'Compruebe estar conectado(a) a la dirección: https://consulta.unitedcapitaldr.com|Verifique que la barra de direcciones sea de color verde. Esto le indica que es un sitio legítimo y seguro.Si es de color rojo, es un sitio no seguro, salga de inmediato y repórtelo a: info@unitedcapitaldr.com.|Haga doble click en la imagen del candado (<i style="color: white" class="fa fa-lock fa-1" ></i>) para verificar que el Certificado de Seguridad VeriSign esté a nombre de https://www.unitedcapitaldr.com|Navegadores recomendados para óptima visualización: Chrome, Firefox y Safari.'),
	(32, 'ubibroker.logo.security1', 'C:\\Program Files\\glassfish-4.1\\glassfish\\domains\\domain1\\docroot\\logo_seecurity.gif'),
	(33, 'ubibroker.logo.security2', 'C:\\Program Files\\glassfish-4.1\\glassfish\\domains\\domain1\\docroot\\logo_seecurity2.jpg'),
	(34, 'ubibroker.preguntas', '3'),
	(35, 'ubibroker.respuestas', '3'),
	(36, 'ubibroker.correo.ejecutivo', 'durdaneta@unitedcapitaldr.com'),
	(37, 'rango.fecha.desde.actual.restar.años', '50'),
	(38, 'rango.fecha.hasta.actual.restar.años', '18'),
	(39, 'ubibroker.no.inver.img', 'C:\\Program Files\\glassfish-4.1\\glassfish\\domains\\domain1\\docroot\\noinversion.png'),
	(40, 'ubibroker.pagina.en.desarrollo', 'Disculpe! la opcion seleccionada se encuentra en desarrollo'),
	(41, 'ubibroker.detalle.fecha_adquisicion', 'FINICIO'),
	(42, 'ubibroker.detalle.valor_nominal', 'SALDOFIN'),
	(43, 'ubibroker.detalle.precio_limpio', 'DETAPRE'),
	(44, 'ubibroker.detalle.precio_sucio', 'PRECIOSUCIO'),
	(45, 'ubibroker.detalle.valor_adquisicion', 'COSTOFIN'),
	(46, 'ubibroker.detalle.valor_refe_limpio_RF', 'EFECFIN'),
	(47, 'ubibroker.detalle.valor_adqui_act_RV', 'EFECFIN'),
	(48, 'ubibroker.detalle.cupon_corrido', 'INTCOMPRA'),
	(49, 'ubibroker.detalle.cupon_corrido_act', 'INTACUMULADO'),
	(50, 'ubibroker.detalle.valor_transado', 'COSTOINT'),
	(51, 'ubibroker.detalle.mrkt', 'EFECMRKT'),
	(52, 'ubibroker.operacion.pie.mt', 'Los valores presentados en esta sección se refieren al título respaldo utilizado en la operación.'),
	(53, 'ubibroker.srm.token', 'asdf1234'),
	(54, 'ubibroker.tokem.time', '10'),
	(55, 'ubibroker.otp.time', '5'),
	(56, 'ubibroker.detalle.valor_adquisicion_RV', 'COSTOFIN'),
	(57, 'ubibroker.detalle.fecha_adquisicion_RV', 'FINICIO'),
	(58, 'ubibroker.detalle.precio.mrkt_RV', 'MRKT'),
	(59, 'ubibroker.detalle.mrkt_RV', 'EFECMRKT'),
	(60, 'ubibroker.detalle.rendimiento_RF', 'REND'),
	(61, 'ubibroker.detalle.precio_producto.serie_RF', 'TITULO'),
	(62, 'ubibroker.srm.user', 'ubitest'),
	(63, 'ubibroker.srm.password', '123456ubi'),
	(64, 'ubibroker.srm.token.url', 'https://unitedappmovil-qa.azurewebsites.net/api/Authentication/GetToken'),
	(65, 'ubibroker.srm.password.url', 'https://unitedappmovil-qa.azurewebsites.net/api/CVen/UserPassWebApp'),
	(66, 'ubibroker.detalle.leyenda.mt.valor_final', 'Monto sujeto a retención'),
	(67, 'ubibroker.detalle.leyenda.rf.valor_aqui_act', 'Se refiere al Valor Nominal por el Precio Limpio (sin cupón corrido)'),
	(68, 'ubibroker.detalle.leyenda.rf.cupon_act', 'Se refiere al Valor Nominal por el Precio Sucio (con cupón corrido)'),
	(69, 'ubibroker.detalle.valor_adqui_act_RF', 'EFECFIN'),
	(70, 'ubibroker.detalle.leyenda.mt.precio_dife', 'Incluye el premio del mutuo'),
	(71, 'ubibroker.detalle.precio.mrkt_RF', 'MRKT'),
	(72, 'ubibroker.edc.url', 'C:\\Users\\alexis\\Documents\\ubibroker\\Repository\\EDC\\'),
	(73, 'ubibroker.edc.job.mail.cron', '0 20 16 * * ?'),
	(74, 'ubibroker.cliente.log.url', 'C:\\Users\\alexis\\Documents\\ubibroker\\Repository\\CLIENTE\\'),
	(75, 'ubibroker.cliente.job.fecha', '17/06/2022'),
	(76, 'ubibroker.cliente.job.cron', '0 01 17 * * ?'),
	(77, 'ubibroker.edc.log.url', 'C:\\Users\\alexis\\Documents\\ubibroker\\Repository\\EDC\\LOG\\'),
	(78, 'ubibroker.mail.log.url', 'C:\\Users\\alexis\\Documents\\ubibroker\\Repository\\MAIL\\'),
	(79, 'ubibroker.edc.year', '2'),
	(80, 'ubibroker.graf.venc.max.años', '3'),
	(81, 'ubibroker.birthday.mail.log.url', 'I:\\Repository\\birthday\\'),
	(82, 'ubibroker.birthday.mail.cron', '0 31 18 * * ?'),
	(83, 'ubibroker.cvaldon.ult.code', '4457'),
	(84, 'ubibroker.cvaldon.user', 'UNICAADM'),
	(85, 'ubibroker.cvaldon.payment.movements.url', 'https://172.18.51.9/cevaldom-webservices/corporative/v1/getPaymentMovements'),
	(86, 'ubibroker.cvaldon.account.state.url', 'https://172.18.51.9/cevaldom-webservices/account/v1/getSecuritiesAccountState'),
	(87, 'ubibroker.cvaldon.security.movements.url', 'https://172.18.51.9/cevaldom-webservices/account/v1/getSecurityMovements'),
	(88, 'ubibroker.contrato.pdf.url', 'I:\\Repository\\contrato\\Contrato.pdf'),
	(89, 'ubibroker.contrato.mail.log.url', 'I:\\Repository\\contrato\\'),
	(90, 'ubibroker.contrato.mail.cron', '0 30 12 * * ?'),
	(91, 'ubibroker.cvaldon.status', '1'),
	(92, 'ubibroker.edc.timeout', '60000'),
	(93, 'ubibroker.url.img.soclial', 'https://consulta.unitedcapitaldr.com/javax.faces.resource/'),
	(94, 'ubibroker.cvaldon.tls', 'TLSv1.2'),
	(95, 'ubibroker.token.registo.horas', '1'),
	(96, 'ubibroker.cliente.job.timeout', '60000'),
	(97, 'rango.fecha.desde.actual.restar.year', '2'),
	(98, 'rango.fecha.hasta.actual.restar.años', '2'),
	(99, 'ubibroker.name.logos', 'baner.png.xhtml|twitter.png.xhtml|instagram.png.xhtml|facebook.png.xhtml|LOGO_UC-02.png.xhtml|LOGO_UC-01.png.xhtml|'),
	(100, 'ubibroker.correo.notificacion.edc', 'alexisv@adverweb.com'),
	(101, 'ubibroker.sharepoint.token.client.id', 'dbd57103-3bcb-4924-8d71-8293f7c916fa@f283bee7-839d-42e3-8e7b-4d3c241809da'),
	(102, 'ubibroker.sharepoint.token.client.secret', 'D8OpE7pqdv1GAbc0fKu/ZD+m8zIbdK7xg0v95SZVS+w='),
	(103, 'ubibroker.sharepoint.token.resource', '00000003-0000-0ff1-ce00-000000000000/unitedcapitalrd.sharepoint.com@f283bee7-839d-42e3-8e7b-4d3c241809da'),
	(104, 'ubibroker.sharepoint.token.url', 'https://accounts.accesscontrol.windows.net/f283bee7-839d-42e3-8e7b-4d3c241809da/tokens/OAuth/2'),
	(105, 'ubibroker.sharepoint.curvas.url', 'https://unitedcapitalrd.sharepoint.com/sites/QAPowerPlatform/_api/web/lists(guid\'267dfbe3-2d4e-4a5b-8d5d-13642094b7dd\')/items'),
	(106, 'ubibroker.sharepoint.inversiones.url', 'https://unitedcapitalrd.sharepoint.com/sites/QAPowerPlatform/_api/web/lists(guid\'4161c252-be5d-47d1-9a2d-5839dd69ba66\')/items'),
	(107, 'ubibroker.orden.periocidad', '1-A Vencimiento|2-Mensual|3-Bimestral|4-Trimestral|5-Semestral'),
	(108, 'ubibroker.orden.periocidad.min.plazo', '180'),
	(109, 'ubibroker.orden.sumar.dias.fecha.valor', '3'),
	(110, 'ubibroker.orden.min.monto.dop', '10000'),
	(111, 'ubibroker.orden.min.monto.usd', '200'),
	(112, 'ubibroker.orden.periocidad.min.monto.usd', '20000'),
	(113, 'ubibroker.orden.periocidad.min.monto.dop', '1000000'),
	(114, 'ubibroker.feriado.year', '2'),
	(116, 'ubibroker.orden.min.monto.DPP.dop', '10000'),
	(117, 'ubibroker.orden.min.monto.SEH.dop', '100000'),
	(118, 'ubibroker.orden.min.monto.BCRD.dop', '10000'),
	(119, 'ubibroker.orden.min.monto.DPP.usd', '1000'),
	(120, 'ubibroker.orden.min.monto.SEH.usd', '1000'),
	(121, 'ubibroker.orden.min.monto.BCRD.usd', '1000'),
	(122, 'ubibroker.orden.transferencia.activa', '0'),
	(123, 'ubibroker.sharepoint.curvas.empleado.url', 'https://unitedcapitalrd.sharepoint.com/sites/QAPowerPlatform/_api/web/lists(guid\'1b8f4cd4-49af-493a-beb4-7aa0c00b015b\')/items'),
	(124, 'ubibroker.orden.corporativo.codes', 'FOPLAR|LAF|ITA|FOMERDV|BOC|ALPHA|BFONDESA|IES|PARVA|TDH|AESTRELL|UNICA|RIC|CMD|GULFPET|CREMIX|EDEESTE|EDESUR|EDENORTE|FOPGPAT|CEPM|DPP|EGEHAINA|FIFPM02|IFC|FIDINMAL'),
	(125, 'ubibroker.orden.correos.multiples', '0'),
	(126, 'ubibroker.orden.visualizar.boton.planilla', '0'),
	(127, 'ubibroker.orden.consulta.consepto', '0-Compra BVC|5-Mutuo Pasivo Fwd|17-Sbb'),
	(129, 'ubibroker.brd.user', 'adiaz'),
	(130, 'ubibroker.brd.pass', 'pQaJrgQWEnUM7zIPaLVO'),
	(131, 'ubibroker.orden.pdf.url.logo', 'C:/united/Repository/edc/resources/united2.png'),
	(132, 'ubibroker.orden.file.upload.size.limit.mb', '8'),
	(133, 'ubibroker.orden.periocidad.vb', 'V-A Vencimiento|M-Mensual|B-Bimestral|T-Trimestral|S-Semestral'),
	(134, 'ubibroker.invitacion.correo.test', 'alexisv@adverweb.com');

-- Volcando estructura para tabla united3.ubi_perfiles
CREATE TABLE IF NOT EXISTS `ubi_perfiles` (
  `id` int(11) NOT NULL AUTO_INCREMENT,
  `nombre_perfil` varchar(20) NOT NULL,
  `descripcion` varchar(80) DEFAULT NULL,
  `estatus` int(1) NOT NULL,
  PRIMARY KEY (`id`),
  KEY `estatus` (`estatus`)
) ENGINE=InnoDB AUTO_INCREMENT=9 DEFAULT CHARSET=utf8;

-- Volcando datos para la tabla united3.ubi_perfiles: ~8 rows (aproximadamente)
INSERT INTO `ubi_perfiles` (`id`, `nombre_perfil`, `descripcion`, `estatus`) VALUES
	(1, 'Administrador', 'Maximo rol de usuario dentro de la organizacion', 1),
	(2, 'Ejecutivo de Cuenta', 'Ejecutivo', 1),
	(3, 'Cliente', 'Cliente', 1),
	(4, 'Seguridad', 'Seguridad', 1),
	(5, 'Supervisor', 'Supervisor', 1),
	(6, 'Atención Cliente', 'Atención Cliente', 1),
	(7, 'Riesgo', 'Riesgo', 1),
	(8, 'Trading', 'Trading', 1);

-- Volcando estructura para tabla united3.ubi_pizarra_titulo
CREATE TABLE IF NOT EXISTS `ubi_pizarra_titulo` (
  `id` int(11) NOT NULL AUTO_INCREMENT,
  `isin` varchar(45) DEFAULT NULL,
  `cotitulo` varchar(45) DEFAULT NULL,
  `nombre` varchar(100) DEFAULT NULL,
  `cod_emisor` varchar(50) DEFAULT NULL,
  `base_liquidacion` varchar(45) DEFAULT NULL,
  `emisor` varchar(45) DEFAULT NULL,
  `plazo` varchar(50) DEFAULT NULL,
  `rend` varchar(50) DEFAULT NULL,
  `tipo_tasa` varchar(50) DEFAULT NULL,
  `tasa_cupon` varchar(45) DEFAULT NULL,
  `moneda` varchar(50) DEFAULT NULL,
  `valor_nominal` varchar(45) DEFAULT NULL,
  `precio_unitario` varchar(45) DEFAULT NULL,
  `fecha_emision` varchar(45) DEFAULT NULL,
  `fecha_vencimiento` varchar(50) DEFAULT NULL,
  `fecha_create` datetime DEFAULT NULL,
  `fecha_update` datetime DEFAULT NULL,
  `estatus` varchar(50) DEFAULT NULL,
  PRIMARY KEY (`id`)
) ENGINE=InnoDB AUTO_INCREMENT=62 DEFAULT CHARSET=latin1;

-- Volcando datos para la tabla united3.ubi_pizarra_titulo: ~5 rows (aproximadamente)
INSERT INTO `ubi_pizarra_titulo` (`id`, `isin`, `cotitulo`, `nombre`, `cod_emisor`, `base_liquidacion`, `emisor`, `plazo`, `rend`, `tipo_tasa`, `tasa_cupon`, `moneda`, `valor_nominal`, `precio_unitario`, `fecha_emision`, `fecha_vencimiento`, `fecha_create`, `fecha_update`, `estatus`) VALUES
	(55, 'DO2014301314', 'BC1DPP13', 'Bonos Corporativos', 'DPP', 'Actual/365', 'Dominican Power Partners', 'Trimestral', '7.0022', 'Tasa Fija', '6.25', 'USD', '1000000', '1', '2017-03-31', '2027-03-31', '2023-01-24 12:41:40', '2023-02-17 11:10:06', '1'),
	(57, 'DO1002224124', 'NO120327', 'Notas de Renta Fija BC', 'BCRD', 'Actual/Actual ICMA', 'Banco Central de la R.D.', 'Semestral', '11', 'Tasa Fija', '8', 'DOP', '9870000', '10000', '2022-03-12', '2027-03-12', '2023-01-24 12:50:27', NULL, '1'),
	(58, 'DO2003000224', 'BS3PRO01', 'Bonos Subordinados', 'PROMERIC', 'Actual/365', 'Banco Múltiple Promerica', 'Trimestral', '9', 'Tasa Fija', '9.2', 'DOP', '5000000', '100', '2021-04-05', '2031-04-05', '2023-01-24 12:50:56', NULL, '1'),
	(59, 'DO1002225527', 'NO051225', 'Notas de Renta Fija BC', 'BCRD', 'Actual/Actual ICMA', 'Banco Central de la R.D.', 'Semestral', '15', 'Tasa Fija', '13', 'DOP', '1000000', '10000', '2022-12-05', '2025-12-05', '2023-02-17 11:10:29', '2023-02-17 11:13:54', '1'),
	(60, 'DO1005205716', 'MHUS2027', 'Bonos de Deuda Ley 687-16', 'SEH', 'Actual/Actual', 'Ministerio de Hacienda', 'Semestral', '2', 'Tasa Fija', '6', 'USD', '500000', '1000', '2016-09-05', '2027-03-05', '2023-02-17 11:11:00', NULL, '1');

-- Volcando estructura para tabla united3.ubi_preguntas_seguridad
CREATE TABLE IF NOT EXISTS `ubi_preguntas_seguridad` (
  `id` int(10) unsigned NOT NULL AUTO_INCREMENT,
  `pregunta` varchar(100) NOT NULL,
  `estatus` int(10) unsigned NOT NULL DEFAULT 1,
  PRIMARY KEY (`id`)
) ENGINE=InnoDB AUTO_INCREMENT=28 DEFAULT CHARSET=utf8;

-- Volcando datos para la tabla united3.ubi_preguntas_seguridad: ~10 rows (aproximadamente)
INSERT INTO `ubi_preguntas_seguridad` (`id`, `pregunta`, `estatus`) VALUES
	(18, 'LUGAR DE NACIMIENTO DE SU MADRE', 1),
	(19, 'LUGAR DE NACIMIENTO DE SU PADRE', 1),
	(20, 'MEJOR AMIGO/A DE LA INFANCIA', 1),
	(21, 'NOMBRE DE SU PRIMERA MASCOTA', 1),
	(22, 'NOMBRE DE SU PELÍCULA FAVORITA', 1),
	(23, 'SEGUNDO NOMBRE DE LA ABUELA MATERNA', 1),
	(24, 'NOMBRE DEL ABUELO PATERNO', 1),
	(25, 'NOMBRE DE SU PRIMER JEFE', 1),
	(26, 'LUGAR AL QUE VIAJASTE POR PRIMERA VEZ EN AVIÓN', 1),
	(27, 'HÉROE DE LA INFANCIA', 1);

-- Volcando estructura para tabla united3.ubi_productos
CREATE TABLE IF NOT EXISTS `ubi_productos` (
  `id` int(11) NOT NULL AUTO_INCREMENT,
  `etiqueta_larga` varchar(45) DEFAULT NULL,
  `etiqueta_corta` varchar(45) DEFAULT NULL,
  `estatus` int(1) DEFAULT NULL,
  `id_casa` int(11) DEFAULT NULL,
  PRIMARY KEY (`id`),
  KEY `PK_producto_casa_idx` (`id_casa`),
  KEY `etiqueta_corta` (`etiqueta_corta`),
  KEY `etiqueta_larga` (`etiqueta_larga`),
  KEY `estatus` (`estatus`),
  CONSTRAINT `PK_producto_casa` FOREIGN KEY (`id_casa`) REFERENCES `ubi_casa_bolsa` (`id`) ON DELETE CASCADE ON UPDATE CASCADE
) ENGINE=InnoDB AUTO_INCREMENT=22 DEFAULT CHARSET=latin1;

-- Volcando datos para la tabla united3.ubi_productos: ~6 rows (aproximadamente)
INSERT INTO `ubi_productos` (`id`, `etiqueta_larga`, `etiqueta_corta`, `estatus`, `id_casa`) VALUES
	(16, 'Renta Variable', 'RENTA VARIABLE', 1, 1),
	(17, 'Renta Fija', 'RENTA FIJA', 1, 1),
	(18, 'Mutuo Estructurado', 'MUTUO MONETIZADO', 1, 1),
	(19, 'Margen', 'MARGEN', 1, 1),
	(20, 'Mutuo Remesado', 'MUTUO REMESADO', 0, 1),
	(21, 'Venta Spot / Compra FWD', 'SELL BUY BACK', 1, 1);

-- Volcando estructura para tabla united3.ubi_respuesta_seguridad
CREATE TABLE IF NOT EXISTS `ubi_respuesta_seguridad` (
  `id` int(10) unsigned NOT NULL AUTO_INCREMENT,
  `respuesta` varchar(65) NOT NULL,
  `id_pregunta` int(10) unsigned NOT NULL,
  `id_usuario` int(11) NOT NULL,
  PRIMARY KEY (`id`),
  KEY `FK_ubi_respuesta_seguridad_1` (`id_pregunta`),
  KEY `FK_ubi_respuesta_seguridad_2` (`id_usuario`),
  CONSTRAINT `FK_ubi_respuesta_seguridad_1` FOREIGN KEY (`id_pregunta`) REFERENCES `ubi_preguntas_seguridad` (`id`) ON DELETE CASCADE ON UPDATE CASCADE,
  CONSTRAINT `FK_ubi_respuesta_seguridad_2` FOREIGN KEY (`id_usuario`) REFERENCES `ubi_usuarios` (`id`) ON DELETE CASCADE ON UPDATE CASCADE
) ENGINE=InnoDB AUTO_INCREMENT=1517 DEFAULT CHARSET=latin1;

-- Volcando datos para la tabla united3.ubi_respuesta_seguridad: ~36 rows (aproximadamente)
INSERT INTO `ubi_respuesta_seguridad` (`id`, `respuesta`, `id_pregunta`, `id_usuario`) VALUES
	(1370, '6b86b273ff34fce19d6b804eff5a3f5747ada4eaa22f1d49c01e52ddb7875b4b', 18, 1221),
	(1371, '4e07408562bedb8b60ce05c1decfe3ad16b72230967de01f640b7e4729b49fce', 20, 1221),
	(1372, 'd4735e3a265e16eee03f59718b9b5d03019c07d8b6c51f90da3a666eec13ab35', 19, 1221),
	(1422, 'd4735e3a265e16eee03f59718b9b5d03019c07d8b6c51f90da3a666eec13ab35', 19, 1263),
	(1423, '6b86b273ff34fce19d6b804eff5a3f5747ada4eaa22f1d49c01e52ddb7875b4b', 18, 1263),
	(1424, '4e07408562bedb8b60ce05c1decfe3ad16b72230967de01f640b7e4729b49fce', 23, 1263),
	(1440, '632c17535cd00829b97bf42e475898549b778b133dc3bd1aec4b2541730c9c96', 25, 1269),
	(1441, '94ee059335e587e501cc4bf90613e0814f00a7b08bc7c648fd865a2af6a22cc2', 21, 1269),
	(1442, '94ee059335e587e501cc4bf90613e0814f00a7b08bc7c648fd865a2af6a22cc2', 18, 1269),
	(1469, 'd7ab5f740662f1b579501621e952963462bbce4b1c9e963a025c7d8b3ed21cdc', 25, 1280),
	(1470, '1d7d998c5b6245b21f32a3ac5a5a58f7a0b6227f12770f41def3ea9ff79c761d', 19, 1280),
	(1471, '9d5f14fdc0e6b33eb7ffed42dd511c546101c97d976e9f27e44dbf9de7288f26', 20, 1280),
	(1478, '4e07408562bedb8b60ce05c1decfe3ad16b72230967de01f640b7e4729b49fce', 20, 1298),
	(1479, '6b86b273ff34fce19d6b804eff5a3f5747ada4eaa22f1d49c01e52ddb7875b4b', 18, 1298),
	(1480, 'd4735e3a265e16eee03f59718b9b5d03019c07d8b6c51f90da3a666eec13ab35', 19, 1298),
	(1490, '7817a199fc9eaea1915cce31ded261bfd9eec2949898604699b67c82cbfdf407', 18, 1309),
	(1491, 'c7b0cb23187805881fa9d25ad60b9b287233cff44a1c078697637d026663382a', 19, 1309),
	(1492, '04c2e74aa5159bdf0dc308078efa9155dd72ac5e0c4b3b7d32aefed954c2c800', 27, 1309),
	(1493, 'ce047ead00825578a00d2e1b02348e3a45cb01ea7f79902d6df809d5cee838ac', 20, 1308),
	(1494, '7817a199fc9eaea1915cce31ded261bfd9eec2949898604699b67c82cbfdf407', 18, 1308),
	(1495, 'c7b0cb23187805881fa9d25ad60b9b287233cff44a1c078697637d026663382a', 19, 1308),
	(1499, '3d38652faaa7c517edcd35c31e8415378dbe26217737298f4962280d39b5ca99', 23, 1311),
	(1500, '30489b48eeac8b32d4d11689949fd3ab044c00fd6b8b5f47dc8e50c1834851e5', 20, 1311),
	(1501, '281f3869601d33bab94dc3bbd6fe4e3458a4fbc397c5b6dbf63d63c3f73eae2e', 18, 1311),
	(1502, '73c3de4175449987ef6047f6e0bea91c1036a8599b43113b3f990104ab294a47', 18, 1313),
	(1503, '536f8e97fdc52ca204b0f81f34719d260c90bf71b1db57750b113662e8fb700b', 19, 1313),
	(1504, 'b2e27413fc8b3965bc2a0ddcb99eac497cf60174b41e34d18c95dfd14e99bcb8', 20, 1313),
	(1505, '9517d915102cd7f8a61d32600208782a0363b3a4cb2a0d6c4cfd3185ae18d17d', 20, 1319),
	(1506, '132a442ae929838779fdd8342c29bfa05d02dda26d0f0b8651c99d24965fcd3d', 18, 1319),
	(1507, '67ff1a5fb63fbd4ffbaba108abeed65a4c71120a70ef43e9c1da5e49fa9aa775', 19, 1319),
	(1508, 'd4735e3a265e16eee03f59718b9b5d03019c07d8b6c51f90da3a666eec13ab35', 19, 1326),
	(1509, '6b86b273ff34fce19d6b804eff5a3f5747ada4eaa22f1d49c01e52ddb7875b4b', 18, 1326),
	(1510, '4e07408562bedb8b60ce05c1decfe3ad16b72230967de01f640b7e4729b49fce', 20, 1326),
	(1514, '6b86b273ff34fce19d6b804eff5a3f5747ada4eaa22f1d49c01e52ddb7875b4b', 19, 1310),
	(1515, '6b86b273ff34fce19d6b804eff5a3f5747ada4eaa22f1d49c01e52ddb7875b4b', 20, 1310),
	(1516, '6b86b273ff34fce19d6b804eff5a3f5747ada4eaa22f1d49c01e52ddb7875b4b', 18, 1310);

-- Volcando estructura para tabla united3.ubi_session_status
CREATE TABLE IF NOT EXISTS `ubi_session_status` (
  `id` int(11) NOT NULL,
  `nombre` varchar(45) DEFAULT NULL,
  `descripcion` varchar(45) DEFAULT NULL,
  PRIMARY KEY (`id`)
) ENGINE=InnoDB DEFAULT CHARSET=latin1;

-- Volcando datos para la tabla united3.ubi_session_status: ~4 rows (aproximadamente)
INSERT INTO `ubi_session_status` (`id`, `nombre`, `descripcion`) VALUES
	(0, 'NO', 'Sin conectarse'),
	(1, 'SI', 'CONECTADO'),
	(2, 'SIMULTANEO', 'session simultanea'),
	(3, 'Registro', 'Creacion de usuario nuevo');

-- Volcando estructura para tabla united3.ubi_solicitud
CREATE TABLE IF NOT EXISTS `ubi_solicitud` (
  `id` int(10) unsigned NOT NULL AUTO_INCREMENT,
  `nombre` varchar(200) NOT NULL,
  `estatus` varchar(1) NOT NULL,
  PRIMARY KEY (`id`)
) ENGINE=InnoDB AUTO_INCREMENT=13 DEFAULT CHARSET=utf8;

-- Volcando datos para la tabla united3.ubi_solicitud: ~12 rows (aproximadamente)
INSERT INTO `ubi_solicitud` (`id`, `nombre`, `estatus`) VALUES
	(1, 'Carta 0.15%', '1'),
	(2, 'Detalle de Inversiones', '1'),
	(3, 'Carta de certificación', '1'),
	(4, 'Certificación DGII', '1'),
	(5, 'Certificación de inversiones en Ingles', '1'),
	(6, 'Certificacion de Inversiones', '1'),
	(7, 'Estado de cuenta de Celvadom', '1'),
	(8, 'Detalle de movimientos de Celvadom', '1'),
	(9, 'CDV: Derechos Patriminiales', '1'),
	(10, 'CDV: Certificación de Titularidad de Valores', '1'),
	(11, 'CDV: Certificación de Titularidad con Reserva de Prioridad', '1'),
	(12, 'CDV: Garantia Prendaria', '1');

-- Volcando estructura para tabla united3.ubi_solicitud_documento
CREATE TABLE IF NOT EXISTS `ubi_solicitud_documento` (
  `id` int(11) NOT NULL AUTO_INCREMENT,
  `nombre` varchar(100) NOT NULL,
  `precio` double NOT NULL,
  `estatus` int(11) NOT NULL DEFAULT 0,
  PRIMARY KEY (`id`) USING BTREE
) ENGINE=InnoDB AUTO_INCREMENT=3 DEFAULT CHARSET=utf8mb4;

-- Volcando datos para la tabla united3.ubi_solicitud_documento: ~0 rows (aproximadamente)
INSERT INTO `ubi_solicitud_documento` (`id`, `nombre`, `precio`, `estatus`) VALUES
	(1, 'Carta Aval', 111, 1),
	(2, 'Documento', 22, 1);

-- Volcando estructura para tabla united3.ubi_solicitud_documento_formulario
CREATE TABLE IF NOT EXISTS `ubi_solicitud_documento_formulario` (
  `id` int(11) NOT NULL AUTO_INCREMENT,
  `id_solicitud_documento` int(11) NOT NULL,
  `nombre` varchar(300) NOT NULL DEFAULT '',
  `tipo` varchar(50) NOT NULL DEFAULT '',
  `requerido` int(11) NOT NULL DEFAULT 0,
  `orden` int(11) DEFAULT NULL,
  PRIMARY KEY (`id`),
  KEY `FK_solicitud_documento` (`id_solicitud_documento`),
  CONSTRAINT `FK_solicitud_documento` FOREIGN KEY (`id_solicitud_documento`) REFERENCES `ubi_solicitud_documento` (`id`) ON DELETE NO ACTION ON UPDATE NO ACTION
) ENGINE=InnoDB AUTO_INCREMENT=7 DEFAULT CHARSET=utf8mb4;

-- Volcando datos para la tabla united3.ubi_solicitud_documento_formulario: ~4 rows (aproximadamente)
INSERT INTO `ubi_solicitud_documento_formulario` (`id`, `id_solicitud_documento`, `nombre`, `tipo`, `requerido`, `orden`) VALUES
	(1, 1, 'Fecha', 'Fecha', 1, 1),
	(2, 1, 'dirección', 'Texto Largo', 1, 2),
	(5, 2, 'ee', 'Texto Largo', 0, 2);

-- Volcando estructura para tabla united3.ubi_tasa_servicio
CREATE TABLE IF NOT EXISTS `ubi_tasa_servicio` (
  `id` int(11) NOT NULL AUTO_INCREMENT,
  `servicio` varchar(100) CHARACTER SET latin1 NOT NULL,
  `costo` varchar(100) CHARACTER SET latin1 NOT NULL,
  `id_categoria` int(11) DEFAULT NULL,
  `orden` int(10) unsigned DEFAULT NULL,
  `leyenda` varchar(100) DEFAULT NULL,
  `leyenda_orden` int(11) DEFAULT NULL,
  PRIMARY KEY (`id`) USING BTREE,
  KEY `PK_categoria_servicio_idx` (`id_categoria`) USING BTREE,
  CONSTRAINT `PK_categoria_servicio` FOREIGN KEY (`id_categoria`) REFERENCES `ubi_categoria_servicio` (`id`) ON DELETE CASCADE ON UPDATE CASCADE
) ENGINE=InnoDB AUTO_INCREMENT=23 DEFAULT CHARSET=utf8mb4;

-- Volcando datos para la tabla united3.ubi_tasa_servicio: ~22 rows (aproximadamente)
INSERT INTO `ubi_tasa_servicio` (`id`, `servicio`, `costo`, `id_categoria`, `orden`, `leyenda`, `leyenda_orden`) VALUES
	(1, 'Por Colocación en Pesos Dominicanos', 'DOP 0.00 - DOP 1,500', 1, 1, NULL, NULL),
	(2, 'Por Colocación en Dólares Americanos', 'USD 0.00 - USD 30.00', 1, 2, NULL, NULL),
	(3, 'Operaciones vía BVRD', '0.0000% - 0.0275%', 2, 1, NULL, NULL),
	(4, 'Operaciones vía Market Makers', '0.0000% - 0.0175%', 2, 2, NULL, NULL),
	(5, 'Clientes físicos', '0.0000% - 0.2000%', 2, 3, NULL, NULL),
	(6, 'Clientes Corporativos', '0.0000% - 0.1000%', 2, 4, NULL, NULL),
	(7, 'Estructuración', 'Hasta 3.50%', 3, 1, NULL, NULL),
	(8, 'Colocación', 'Hasta 1.50%', 3, 2, NULL, NULL),
	(9, 'Asesoría Financiera', '1.00%', 4, 1, NULL, NULL),
	(10, 'Transferencias de Valores entre Cuentas del mismo Titular', 'Hasta DOP 350.00', 5, 1, NULL, NULL),
	(11, 'Cambio de Titularidad', 'DOP 5,000.00', 5, 2, NULL, NULL),
	(12, 'Certificaciones de tenencia y constancias', 'Hasta DOP 500.00', 5, 3, 'Solicitud de cartas de referencia, estados de cuenta, certificaciones y/o constancias.', 6),
	(13, 'Certificaciones con Reserva de Prioridad	', 'DOP 600.00', 5, 4, NULL, NULL),
	(14, 'Comunicación Confirmación de Valores', 'Hasta DOP 300.00', 5, 5, NULL, NULL),
	(15, 'CEVALDOM<br/>(monto promedio mensual de custodia registrado en las cuentas bajo su administración)', 'Hasta 0.0075%', 6, 1, NULL, NULL),
	(16, 'CEVALDOM<br/>(monto promedio mensual de custodia registrado en las cuentas bajo administración-custo', 'Hasta 0.0085%', 6, 2, NULL, NULL),
	(17, 'SIMV<br/>(mensual por cada DOP $1MM o su equivalente en USD)', 'DOP 11.20', 6, 3, NULL, NULL),
	(18, 'Renta Fija por Mecanismo Centralizado de Negociación	', 'DOP 11.20', 7, 1, NULL, NULL),
	(19, 'Renta Variable por Mecanismo Centralizado de Negociación', 'DOP 5.60', 7, 2, NULL, NULL),
	(20, 'Derivados por Mecanismo Centralizado de Negociación', 'DOP 14.00', 7, 3, NULL, NULL),
	(21, 'Renta Fija por Sistema de Registro OTC', 'DOP 25.20', 7, 4, NULL, NULL),
	(22, 'Derivados por Sistema de Registro OTC', 'DOP 22.40', 7, 5, NULL, NULL);

-- Volcando estructura para tabla united3.ubi_textos
CREATE TABLE IF NOT EXISTS `ubi_textos` (
  `id` int(10) unsigned NOT NULL AUTO_INCREMENT,
  `nombre` varchar(45) NOT NULL,
  `valor` varchar(10000) NOT NULL,
  PRIMARY KEY (`id`)
) ENGINE=InnoDB AUTO_INCREMENT=10 DEFAULT CHARSET=utf8;

-- Volcando datos para la tabla united3.ubi_textos: ~5 rows (aproximadamente)
INSERT INTO `ubi_textos` (`id`, `nombre`, `valor`) VALUES
	(5, 'ubibroker.edc.pdf.footer.1', 'T: 809.807.2000 | 829.956.1341, Rafael Augusto Sánchez, No. 86, Roble Corporate Center, Piso 6 '),
	(6, 'ubibroker.edc.pdf.footer.2', 'Piantini, Santo Domingo, DN 10126, República Dominicana | RNC: 1-30-38912-8 | RM: 51137SD'),
	(7, 'ubibroker.edc.pdf.footer.3', 'www.unitedcapitaldr.com | @unitedcapitaldr'),
	(8, 'ubibroker.edc.pdf.desclaimer', 'Las informaciones que contiene el presente Estado de Cuenta son estrictamente confidenciales, de índole personal y de uso exclusivo del Cliente de UC-United Capital Puesto de Bolsa, S.A. El Cliente declara y reconoce que UC-United Capital Puesto de Bolsa, S.A. no es responsable por el acceso que algún tercero pueda tener sobre el Estado de Cuenta luego de haberse recibido por el Cliente.  El Cliente o el receptor del Estado de Cuenta mantendrá indemne a UC-United Capital Puesto de Bolsa, S.A. de cualquier acceso y uso indebido a su correo electrónico o mensajería personal por parte de terceras personas o por sí mismo. El uso del presente Estado de Cuenta es exclusivo para la persona a quien está expresamente dirigido, si usted ha recibido erróneamente este documento, sírvase eliminarlo o reenviarlo al correo electrónico negocios@unitedcapitaldr.com, y/o notificarlo vía telefónica llamando al 809-807-2000. UC-United Capital Puesto de Bolsa, S.A. no forma parte alguna en acciones tomadas por individuos que, de manera desautorizada, se basen en la información contenida en este documento para cometer actos de ilegalidad.'),
	(9, 'ubibroker.ordenes.contrato', '<p style="text-align:justify"><em>Los presentes t&eacute;rminos y condiciones rigen el uso de las Inversiones en L&iacute;nea en el sitio web de UC &ndash; United Capital Puesto de Bolsa, S.A., [&ldquo;United Capital&rdquo;] por lo cual, el acceso y uso de esta plataforma est&aacute; sujeto a la aceptaci&oacute;n de los presentes t&eacute;rminos y condiciones. Por favor, lea de forma detenida y completa este documento previo a colocar su pre &ndash; orden en l&iacute;nea en este sitio web.</em></p>\r\n\r\n<p style="text-align:justify">Esta plataforma permite que el Usuario pueda colocar una o varias pre &ndash; &oacute;rdenes en l&iacute;nea, dentro de las cuales, el Usuario indicar&aacute; el monto de la inversi&oacute;n que desea realizar, el producto en el que le interesa invertir, el plazo de la inversi&oacute;n y la periodicidad de pago, conforme aplique. Estas pre-&oacute;rdenes ser&aacute;n procesadas por United Capital en horario de mercado, es decir, de 8:00 am a 10:30 am. En ese sentido, las pre &ndash; &oacute;rdenes recibidas por United Capital despu&eacute;s de las 10:30 am, se entender&aacute;n como recibidas el pr&oacute;ximo d&iacute;a laborable.</p>\r\n\r\n<p style="text-align:justify">Una vez procesadas las pre &ndash; &oacute;rdenes, United Capital remitir&aacute; al correo electr&oacute;nico registrado del Usuario, el tradeticket indicativo de los detalles de las pre &ndash; &oacute;rdenes, el cual deber&aacute; ser respondido por el Usuario con un &ldquo;de acuerdo&rdquo; en caso de encontrarse conforme con las informaciones indicadas en dicho documento. El Usuario debe realizar la confirmaci&oacute;n del tradeticket remitido dentro de los horarios establecidos en dicho documento, tomando en cuenta que la orden liquidar&aacute; en un plazo de hasta 3 d&iacute;as laborales despu&eacute;s de recibida (T0 a T+3).</p>\r\n\r\n<p style="text-align:justify">De igual forma, el Usuario deber&aacute; transferir los fondos de las &oacute;rdenes a United Capital al momento de la confirmaci&oacute;n de la transacci&oacute;n o tradeticket y remitir el comprobante de la transferencia de los fondos en respuesta al correo contentivo del tradeticket, para que la inversi&oacute;n sea liquidada. Posteriormente, United Capital remitir&aacute; al Usuario la confirmaci&oacute;n de la orden.</p>\r\n\r\n<p style="text-align:justify">En caso de que el Usuario no responda el tradeticket en el plazo establecido o no transfiera los fondos de su inversi&oacute;n a United Capital de la forma antes indicada, las pre &ndash; &oacute;rdenes se cancelar&aacute;n de forma autom&aacute;tica.</p>\r\n\r\n<p style="text-align:justify"><strong>Sustento de fondos:</strong></p>\r\n\r\n<p style="text-align:justify">De acuerdo con el perfil del Usuario y el origen de los fondos a invertir, este &uacute;ltimo deber&aacute; adjuntar en la plataforma la documentaci&oacute;n sugerida para el sustento de la inversi&oacute;n. A tal efecto, el usuario declara bajo la fe del juramento que todos los documentos y declaraciones que proporcione a United Capital en sustento de sus fondos, son fidedignas, veraces, completas y correctas, por lo cual exime y descarga a United Capital de cualquier tipo de responsabilidad que se derive de dichas informaciones y declaraciones.</p>\r\n\r\n<p style="text-align:justify">En adici&oacute;n, el usuario declara y reconoce que el procesamiento de sus pre &ndash; &oacute;rdenes estar&aacute; sujeta a la verificaci&oacute;n satisfactoria del sustento de sus fondos, por lo que, los corredores de United Capital podr&aacute;n requerir al Usuario aclaraciones o informaciones adicionales conforme las especificaciones de cada inversi&oacute;n.</p>\r\n\r\n<p style="text-align:justify">Con la aceptaci&oacute;n de estos t&eacute;rminos y condiciones, el Usuario reconoce que United Capital es un sujeto obligado de conformidad con la Ley 155 &ndash; 17 contra el lavado de activos y el financiamiento del terrorismo, por lo cual el Usuario admite que United Capital, a trav&eacute;s de sus corredores de valores, lo contacte para requerir informaciones de acuerdo a su perfil y origen de fondos a invertir. Adicionalmente, el Usuario declara a United Capital que los recursos, patrimonio y fondos del Usuario que ser&aacute;n utilizados para sustentar las inversiones dentro del puesto de bolsa provienen de fuentes l&iacute;citas y de entero cr&eacute;dito. De igual forma, el Usuario reconoce que estos fondos est&aacute;n destinados a un fin l&iacute;cito y que no ser&aacute;n destinados a ninguna actividad que constituya alguna violaci&oacute;n o contravenci&oacute;n a las leyes vigentes de la Rep&uacute;blica Dominica.</p>\r\n\r\n<p style="text-align:justify"><strong>Otras consideraciones:</strong></p>\r\n\r\n<ol>\r\n	<li style="text-align:justify">El valor transado de la inversi&oacute;n del Usuario est&aacute; sujeto a variaci&oacute;n conforme el nominal, precio y fecha de liquidaci&oacute;n. El Usuario puede confirmar el valor nominal final en el tradeticket, en la confirmaci&oacute;n, o en la secci&oacute;n &ldquo;mis &oacute;rdenes&rdquo; de esta plataforma.</li>\r\n	<li style="text-align:justify">En caso de que las &oacute;rdenes no procedan, el corredor de valores de United Capital contactar&aacute; al Usuario para modificarla o cancelarla.</li>\r\n	<li style="text-align:justify">Las &oacute;rdenes del Usuario se encuentran regidas en adici&oacute;n, por los t&eacute;rminos y condiciones del Contrato de Corretaje y dem&aacute;s documentos suscritos con United Capital.</li>\r\n	<li style="text-align:justify">El n&uacute;mero asignado al procesar las &oacute;rdenes aparecer&aacute; en la secci&oacute;n &ldquo;mis &oacute;rdenes&rdquo; de esta plataforma.</li>\r\n</ol>\r\n\r\n<p style="text-align:justify">El Usuario reconoce y acepta que United Capital se reserva el derecho de modificar estos t&eacute;rminos y condiciones y que los mismos estar&aacute;n disponibles en la plataforma para ser consultados por parte del Usuario.</p>\r\n\r\n<p style="text-align:justify">El uso de esta plataforma y cualquier situaci&oacute;n que se derive de la misma, se rigen por las disposiciones de derecho com&uacute;n de la Rep&uacute;blica Dominicana.</p>');

-- Volcando estructura para tabla united3.ubi_usuarios
CREATE TABLE IF NOT EXISTS `ubi_usuarios` (
  `id` int(11) NOT NULL AUTO_INCREMENT,
  `id_perfil` int(11) DEFAULT NULL,
  `id_cliente` int(11) DEFAULT NULL,
  `clave` varchar(64) DEFAULT NULL,
  `nombre` varchar(45) DEFAULT NULL,
  `celular` varchar(45) DEFAULT NULL,
  `correo` varchar(45) DEFAULT NULL,
  `estatus` varchar(45) DEFAULT NULL,
  `code` varchar(64) DEFAULT NULL,
  `ldap` int(11) NOT NULL DEFAULT 0,
  `id_ejecutivo` int(5) unsigned DEFAULT NULL,
  `fecha_nacimiento` date DEFAULT NULL,
  `id_session_status` int(11) NOT NULL DEFAULT 0,
  `session_time` datetime DEFAULT NULL,
  `session_id` varchar(64) DEFAULT NULL,
  `intentos` int(1) DEFAULT 0,
  `cookie_value` varchar(64) DEFAULT NULL,
  `otp_intentos` int(1) unsigned DEFAULT NULL,
  `preguntas_intentos` int(1) unsigned DEFAULT NULL,
  `token_registro_date` datetime DEFAULT NULL,
  PRIMARY KEY (`id`),
  UNIQUE KEY `code_UNIQUE` (`code`),
  KEY `fk_cliente_u_idx` (`id_cliente`),
  KEY `id_perfil` (`id_perfil`),
  KEY `estatus` (`estatus`),
  KEY `FK_ubi_session_status` (`id_session_status`),
  CONSTRAINT `fk_clientes` FOREIGN KEY (`id_cliente`) REFERENCES `ubi_cliente` (`id`) ON DELETE NO ACTION ON UPDATE CASCADE,
  CONSTRAINT `ft_perfil` FOREIGN KEY (`id_perfil`) REFERENCES `ubi_perfiles` (`id`) ON UPDATE CASCADE
) ENGINE=InnoDB AUTO_INCREMENT=1334 DEFAULT CHARSET=latin1;

-- Volcando datos para la tabla united3.ubi_usuarios: ~67 rows (aproximadamente)
INSERT INTO `ubi_usuarios` (`id`, `id_perfil`, `id_cliente`, `clave`, `nombre`, `celular`, `correo`, `estatus`, `code`, `ldap`, `id_ejecutivo`, `fecha_nacimiento`, `id_session_status`, `session_time`, `session_id`, `intentos`, `cookie_value`, `otp_intentos`, `preguntas_intentos`, `token_registro_date`) VALUES
	(185, 1, 1, 'c00abb9830c74c2c2a951ef3e7d2f4a541109c9e7da4f3455f8da947dced238c', 'ubibroke admin', 'u989978', 'ubibroker@admin.com', '1', '3a4cc79909858c22361009376b094964b2a24f705e373303068f6ab38162b46e', 0, NULL, '2016-12-01', 1, '2023-06-09 06:34:06', 'fb529041ab6eb4f9da14c4bdeee2', 0, NULL, NULL, NULL, NULL),
	(214, 1, 1, 'c00abb9830c74c2c2a951ef3e7d2f4a541109c9e7da4f3455f8da947dced238c', 'Deilyn Urdaneta', '8492077352', 'durdaneta@unitedcapitaldr.com2', '1', 'b7ffbbbc4b0d14b9e6b5d1472d925f1a3b039d74dc03798a8d4bc5bb07bd4245', 0, NULL, NULL, 0, '2021-04-15 17:40:55', '77a8368f95075f4ea5c90632528f', 0, NULL, NULL, NULL, NULL),
	(246, 1, 1, '7723e55a4b59d85927449dd3d9e048356b50a21bf3443d564da944a801133b59', 'Junior Ortiz', '8297482545', 'jlahoz@unitedcapitaldr.com', '1', 'e210cdd14282df4c4ad60e59fdefea2474ed2c008b50fb9d64c4bf31b94aada7', 0, NULL, NULL, 0, '2019-12-20 12:26:30', '421489326812d10519ff7fcd2751', 3, NULL, NULL, NULL, NULL),
	(249, 1, 1, 'a4c97c1956a35b0c61585be4e7f79b85581160b02affb3755f93ad82290bdf29', 'Angel Diaz', '8491453131', 'adiaz@unitedcapitaldr.com', '1', 'aa493e8b71b5199cbd36bdf38565f47bc8552bd68bbe8b316bfdec897731fa43', 0, NULL, NULL, 0, NULL, NULL, 1, NULL, NULL, NULL, NULL),
	(1155, 2, 1, '60dab313b1b58aca0e17019b005b06476093e51521c9fde63c1b0717afbf445f', 'oscar saladin', '809-5496521', 'osaladin@unitedcapitaldr.com', '1', '6b5286ce13be67c65c90c2c6559631594784d8106a5a139927ff28586c611eed', 0, 57, NULL, 0, NULL, NULL, 0, NULL, NULL, NULL, NULL),
	(1156, 2, 1, '60dab313b1b58aca0e17019b005b06476093e51521c9fde63c1b0717afbf445f', 'rosa espaillat', '1234', 'respaillat@unitedcapitaldr.com', '1', 'e8ed4de1f03c00e249dc1491d412e91ccf3186f94d0fe63ea3a1eb2408bb1abd', 0, 8, NULL, 0, NULL, NULL, 0, NULL, NULL, NULL, NULL),
	(1160, 2, 1, 'c00abb9830c74c2c2a951ef3e7d2f4a541109c9e7da4f3455f8da947dced238c', 'patricia lora', '123456', 'plora@unitedcapitaldr.com', '1', '772f893b20e1933d7245fc84adf122a1e63e1447a41ddbe9280b0c539104431a', 0, 10, NULL, 0, '2021-07-15 12:10:42', 'aeddefc943708b75ce10dbab461c', 0, NULL, NULL, NULL, NULL),
	(1170, 3, 780, '5B5A277F1C907154A6452C99B6470EC81A70B7A5F83E79559F37CC18441010DC', 'Carlos Rafael Alegria Jimenez', '829-6408320', 'admin@admin.com', '1', '5edfa2692bdacc5e6ee805c626c50cb44cebb065f092d9a1067d89f74dacd326', 0, NULL, '1991-05-19', 0, NULL, NULL, 0, NULL, NULL, NULL, NULL),
	(1185, 3, 796, 'c00abb9830c74c2c2a951ef3e7d2f4a541109c9e7da4f3455f8da947dced238c', 'Francisco Alejandro Irizarry Pena', '123456', 'prueba@prueba.com', '3', 'f045dd8a7b07056550916400c1f170f21f7de57e8df1bc05afa891bffdcbf945', 0, NULL, '2021-04-29', 0, NULL, NULL, 0, NULL, NULL, NULL, NULL),
	(1198, 3, 806, '767aac0ecd122c942497b3ff13da608b91d66047297bad2b4e4dfe0460823859', 'Rosa Elena Tejada De Hernandez', '1', 'jescel.romero@gmail.com', '8', '18d4bc902d956c0f725b6637301b0c2c078e8605d527fce84514b2f1502d1e07', 0, NULL, '2021-06-28', 0, NULL, NULL, 2, NULL, NULL, NULL, '2023-06-09 06:31:51'),
	(1220, 3, 827, '2dd8c8948d72711d6cc90ac65930e6d99bfbe63a81e4729c6cc5ed2e3bb3da1b', 'Edmundo Javier Jimenez Tejada', '12221', 'rtest@jim006.com', '8', 'b5390a8b7da39d0defcbef85844c51afb60334f95ebcf97437e07998c93d5153', 0, NULL, '1973-05-08', 0, NULL, NULL, 0, NULL, NULL, NULL, '2023-06-09 06:31:52'),
	(1221, 3, 828, 'c00abb9830c74c2c2a951ef3e7d2f4a541109c9e7da4f3455f8da947dced238c', 'Luis Eduardo Dubocq', '123456', 'alexishadow69@gmail.com', '1', '678e3122d8c334848e2b488aa336903a0d457c58338fe5b737626294b261c2b2', 0, NULL, '2021-11-01', 1, '2023-03-10 06:35:39', 'b16a60fca7e0bf699b9561e0648c', 0, NULL, 0, 0, NULL),
	(1227, 3, 834, '0261660be76ac65000562068296925acb4e9c5378501b7381ee4daa7627b64e4', 'Ana Mercedes Paulino Pena De Palacio', '12456', 'TEST@TEST.DO', '8', '49eca3a58514bb9788656290d0639c74dab6824fb392710b7bfa9555dd91c50b', 0, NULL, '1983-11-09', 0, NULL, NULL, 0, NULL, NULL, NULL, '2023-06-09 06:31:53'),
	(1229, 2, 1, 'f79707ee78f479fd01c237d02016d1ffe39b1422cc351bc3a2fdcb3b521136b9', 'santiago navio', '8098072000', 'snavio@unitedcapitaldr.com', '1', '508d340ce78e0871a79d2b5f26810f18397615ce9c88e4acd988d5456608f139', 0, 6, NULL, 0, NULL, NULL, 0, NULL, NULL, NULL, NULL),
	(1241, 2, 1, 'c00abb9830c74c2c2a951ef3e7d2f4a541109c9e7da4f3455f8da947dced238c', 'penelope rancier', '1234', 'prancier@unitedcapitaldr.com', '1', '71924824c234a659f9d6c20366b4924d4b7fca7ebab66299a60f4344189166c2', 0, 24, NULL, 0, NULL, NULL, 0, NULL, NULL, NULL, NULL),
	(1244, 3, 848, 'aa392b535718ce0210dfb816acd4c6f56a04bfd47509864cb483fbd3569aa01e', 'Alfredo Alexandros Garcia Lopez', '829-5850113', 'alexandros142016@gmail.com', '8', '250dd4af7dbd50bc50b0883d8fc698c30fe400eabc4e3b442603ee7980097112', 0, NULL, '1997-10-29', 0, NULL, NULL, 0, NULL, NULL, NULL, '2021-12-03 19:10:22'),
	(1245, 3, 849, '0329c2eba2eefde9ff2815ad08e64d77ce9fbecbc0b3c7d2dabf15309c0ad1f9', 'Paul Reynier Dumesnil Cordones', '809-4025681', 'pauldumesnil93@gmail.com', '8', '00d85c9959214fc271cc8fc178dadba2ee93836bd04f1b50e781fa51450b3b21', 0, NULL, '1993-11-29', 0, NULL, NULL, 0, NULL, NULL, NULL, '2021-12-03 15:35:09'),
	(1246, 3, 850, '2cc731f101d8f879f54a1fd12211ea2ce6fddf33d9df6ba6b76f4679c47578d5', 'Paloma Llorenis Castillo Moreno', '829-2304109', 'castillop24@hotmail.com', '8', '8eaa996946d2210bbcecb24009a68082014398b19a78b6fcab7e7e7402dc5818', 0, NULL, '2021-09-23', 0, NULL, NULL, 0, NULL, NULL, NULL, '2021-12-03 15:35:13'),
	(1249, 3, 853, '0ea910a3dcdd0176046eb230f8f547982b6234285c1fdc47357502fb4600b2ce', 'Manuel Ignacio Otero Pena', '829-6483044', 'manuelotero26@gmail.com', '8', '813b0683dbf2ae8d5aa2aedeed09f9d5af27f9b7c191bfd92bbdc138239fc772', 0, NULL, '1990-03-26', 0, NULL, NULL, 0, NULL, NULL, NULL, '2021-12-03 15:36:27'),
	(1250, 3, 854, 'cb6fd171338368ccc5a21ce09b90ffce0a7ee98b9eefc252334417318de65f1e', 'Miguel Alberto Correa Gonzalez', '829-2734053', 'hellomacg@gmail.com', '8', '26eb639cebd10749c61d22a455665516d8962744a2b7f05a5b86d1edf8726f28', 0, NULL, '1988-06-08', 0, NULL, NULL, 0, NULL, NULL, NULL, '2021-12-03 15:36:30'),
	(1251, 3, 855, 'ce21643c4a9a81135ef282880c202e25b546e50a84820af9a17b40804b518d86', 'Jassel Adoni Vasquez Francisco', '809-6961014', 'yasselvasquez@gmail.com', '8', 'dfb922686cc0c38ddc666fe1ab0c2f4729062bb128b12072b69e74bdc4b2693c', 0, NULL, '1997-07-26', 0, NULL, NULL, 0, NULL, NULL, NULL, '2021-12-03 15:36:36'),
	(1252, 3, 856, 'f3d1651ba2214d2af23274988b076ce57acf9c7024a3718fa73c8f5e12ef6e9b', 'Jeanette Dalder B  De Cabral', '809-7231819', 'jeanettedecabral@gmail.com', '8', '2947ddc327da6b6ebb9f6d66d2e42846d88bfc5001308123f2b3d8e424bd35bf', 0, NULL, '1953-07-26', 0, NULL, NULL, 0, NULL, NULL, NULL, '2021-12-03 15:36:39'),
	(1253, 3, 857, '63df2c6270c37ed4338063f2f1cf1ecb712fb65db2a38dadbf2eb6270eb062b1', 'Nelys Bictoria Rivas Cid', '829-6419906', 'nelysrivas@gmail.com', '8', '598f6e69a57c5556b1dd4418aee21dd4bc6c9539404146694afd8ae165dee97a', 0, NULL, '1991-07-02', 0, NULL, NULL, 0, NULL, NULL, NULL, '2021-12-03 15:36:43'),
	(1254, 3, 858, '659b5aa957d105114bf2b3f93918621be88116cdbd68084c48bc5f8f76b6c188', 'Carlos Alberto Gomez Rodriguez', '809-8900258', 'albertgr01@gmail.com', '8', '33fba99fbc75890b781e6140cf14eb16f74e4e0aac1ebc4de6a9eb575d96ca55', 0, NULL, '1981-08-16', 0, NULL, NULL, 0, NULL, NULL, NULL, '2021-12-03 15:36:46'),
	(1255, 3, 859, '74ac2cc57b2c9468a843ef2f67cb93c993f6f9deea18824b42b4e1890dd7875d', 'Eddy Bernardo Castillo Lopez', '829-6867500', 'eddycastillo@outlook.com', '8', 'e8584412fb40236d16f6f3ffbeec59b6f4f3ffaaabe3e8ca41884a3d6f0d5d28', 0, NULL, '1989-04-26', 0, NULL, NULL, 0, NULL, NULL, NULL, '2021-12-03 15:36:49'),
	(1260, 3, 864, '406d0386fc82b3608350bf8fc2592b0092314d19832ead00182b34b50889ddb9', 'Deilyn Geraldine Urdaneta Alvarez', '123456', 'DIAZ.JOSE@C-VEN.COM', '8', '5aa413d2f5b4ecb93a62b72d0be05fe7d95d992a99f9b2aa0613d92597d2b59c', 0, NULL, '2021-12-01', 0, NULL, NULL, 0, NULL, NULL, NULL, '2021-12-27 17:03:06'),
	(1263, 3, 867, 'c00abb9830c74c2c2a951ef3e7d2f4a541109c9e7da4f3455f8da947dced238c', 'Yudelka Altagracia Jimenez Tejada', '123456', 'damianinojosa@gmail.com', '1', '2ae6c4ec232c0293be7f7f568bb177bb318c5a3aac7a8c4281d6c7ae08367e0d', 0, NULL, '1986-12-10', 0, '2023-02-27 14:26:12', '41f5509ac734aa5d4952c1e5d221', 0, NULL, NULL, NULL, '2022-01-11 12:01:06'),
	(1269, 3, 873, '6590e7330f3cf31d2e835eda1b8e9501a69517540279c391dab4524b7dcf3320', 'Rosalba Altagracia Arias Cruz', '123456', 'damianinojosa2@gmail.com', '1', '188d6af04f51e452f1970716f7e9e6ea493cc2caad6e0c6158c1a4c078266add', 0, NULL, '1986-12-10', 0, NULL, NULL, 0, NULL, 0, 3, '2021-12-30 14:37:52'),
	(1280, 3, 884, '99532a1b7a9e242a35571c304866e58d4d42b5d51d797f7959ebbba247ad6d43', 'Luis Rafael Valentino Cuenta Cerrada', '123456', 'deilyn.urdaneta@gmail.com', '1', 'ae09f98ea535c2005454fc1a877efe4a9b9abfa23bee123fb8d5ed652d332686', 0, NULL, '2022-01-19', 0, NULL, NULL, 2, NULL, 0, 0, '2022-01-19 17:11:04'),
	(1281, 3, 885, '74e714c5112f3b5f7f1785a50619a89d738e1289ccb73b91b5e48173665ce0bb', 'Marta Patricia Betances Marrero', '123456', 'urdaneta.deilyn@gmail.com', '8', 'dbea47ba2caa2f6c27d1dfa3f4304d4b918f8a78c22ea49a9e5e481a90065f97', 0, NULL, '2022-01-04', 0, NULL, NULL, 0, NULL, NULL, NULL, '2022-01-19 17:11:36'),
	(1282, 3, 886, '6590e7330f3cf31d2e835eda1b8e9501a69517540279c391dab4524b7dcf3320', 'Luis Bienvenido Jimenez Aguilar', '123456', 'angelabrahan290@hotmail.com', '1', '4f0e268ad641d881d01a049e3e049c1c239f04795669cd9b6e4e472d1cb44305', 0, NULL, '2022-01-04', 0, NULL, NULL, 0, NULL, 0, 0, '2022-01-20 11:18:49'),
	(1283, 3, 887, 'b664661138525289c1d51d5b8636ca11aac71e73f80718f4c1b8af237a684f7b', 'Ilonka Mercedes Herrera Rodriguez', '123456', 'i.ucoding@gmail.com', '8', '311d91d5cf1dfd351b376ae9161ad32f7c77ed58fb6f5dddab6931fef118b37a', 0, NULL, '2022-01-04', 0, NULL, NULL, 1, NULL, NULL, NULL, '2022-01-19 17:34:38'),
	(1285, 3, 890, '71344235878131f289cbddaff97e183101eb753ccfc769bb468da3d0da7ff4e9', 'Rafael Miguel Bello Camacho', '809-7076138', 'bellocamacho@hotmail.com', '8', '1df41b57544d9949c399439644cbdfa0deacfd478e6196e5ab0a70eb597e26e7', 0, NULL, '1978-04-01', 0, NULL, NULL, 0, NULL, NULL, NULL, '2022-06-17 17:01:03'),
	(1286, 3, 891, 'bfc6f390111ddd24d202e7907fb27743fc9600dec2ed19d0fde759b100631004', 'Judith Mercedes Milagros Fernandez De Ferrera', '809-7293992', 'fernandezferreras03@gmail.com', '8', 'aa62e9032ae1d5b6a8a5036e2e4aa3046c093ec3c7373ae376e254288663de54', 0, NULL, '1963-09-03', 0, NULL, NULL, 0, NULL, NULL, NULL, '2022-06-17 17:01:05'),
	(1287, 3, 892, 'c33190ee6d4ea983aa9607b8b60759a2ab97a7e1e92858ebc57db9d1afb86371', 'Daniella Ferreras Fernandez', '809-7072311', 'daniferreras.f@gmail.com', '8', '253b32dcb92191f5a6027d29a8d2ce572ac8b1a29692e6b2c270945d2b90c10c', 0, NULL, '1999-05-11', 0, NULL, NULL, 0, NULL, NULL, NULL, '2022-06-17 17:01:08'),
	(1288, 3, 893, 'bfea512361d405a92c2ce41a24edf1a070db825154b46fd690a5f551ab7a21f4', 'Claudia Dipp Demorizi', '809-7561582', 'claudipp@infaca.com', '8', '39e0efd9e5791a4a1d4f1521c46eb37c7ce1a066aab08de52424d11c6d80a96f', 0, NULL, '1982-04-15', 0, NULL, NULL, 0, NULL, NULL, NULL, '2022-06-17 17:01:11'),
	(1289, 3, 894, 'a02851a0a81c9b875f1c1a5d0933330766fa0ebee5480ff69c198cf78abf931b', 'Mayorys Marleny Lopez Bueno', '809-9619083', 'mayorysbueno@gmail.com', '8', 'ac112f86981089e6991c49b3f3bb83763a4185893a666bacda1b25712010cdf2', 0, NULL, '1982-10-03', 0, NULL, NULL, 0, NULL, NULL, NULL, '2022-06-17 17:01:14'),
	(1290, 3, 895, '401c09dbaebb64a0f9b5a59d69578c8a52e231b4f3c7e77ae270555d8c6b9501', 'Gregorio Rivera Morel', '809-9964647', 'profesormorel@hotmail.com', '8', 'ec51c39b5610bdd3f90db76dbbb8af2be9e657bf383cf1bbb804d17e52a8b63a', 0, NULL, '1963-09-03', 0, NULL, NULL, 0, NULL, NULL, NULL, '2022-06-17 17:01:16'),
	(1291, 3, 896, 'f7edf220145e4a2f6aadbadc40734e6145501e521a88521957b3022d94155d66', 'Maximo Jose Lovaton Arzeno', '829-9621453', 'maximojose23@hotmail.com', '8', 'a3e7a151cc465e47311c43d3d56baab886ec91dd1a923574e5aecdb0f91d4a6d', 0, NULL, '1997-01-24', 0, NULL, NULL, 0, NULL, NULL, NULL, '2022-06-17 17:01:18'),
	(1292, 3, 897, '9414b208503bc1b3ccf253f00dd70e2fe8e5a98bd0a558bf2d4ad1707f5331aa', 'Gabriel Andres Garcia Garcia', '809-7476695', 'gabogarcia1124@gmail.com', '8', '20b79faeff88953d06efb1357dfa333a83bcac772872ea50db943cbb79554de8', 0, NULL, '1992-09-11', 0, NULL, NULL, 0, NULL, NULL, NULL, '2022-06-17 17:01:20'),
	(1293, 3, 898, 'be91d416f9cac702b5d0efde44affc5fad360b78c297be9d375c9c0254e28f6c', 'Juan Carlos Mejia Baez', '809-8059889', 'juancarlosmejia3@gmail.com', '8', '01f3bfb9c77b66e6f921147df6a8bf7ed6af8cf5d15888787cb2247648f2c29a', 0, NULL, '1993-09-03', 0, NULL, NULL, 0, NULL, NULL, NULL, '2022-06-17 17:01:23'),
	(1294, 3, 899, 'c8f3634b2a43ae383bbaab4d29b832ffc76c31267ddb13fd1c3edbbed825c60d', 'Jose Rafael Hall Garcia', '809-7290606', 'rafaelproduction@gmail.com', '8', 'a469b91771f4e4fb38e5ba03d4f0f514a020106fbf614a9a804aa9f50abba0d9', 0, NULL, '1995-09-19', 0, NULL, NULL, 0, NULL, NULL, NULL, '2022-06-17 17:01:25'),
	(1295, 3, 900, '6b2c2d07edfd2dce643d24c7366d1ead4393fb38661ef72d214c4cb4389b9b7d', 'Raisa Nicole Rueda Hidalgo', '809-7290606', 'raisanrueda@gmail.com', '8', '354f8e529033cb59f6872160e31ab5dce9e6507bc65b4b4e53f61e20ab7b8975', 0, NULL, '1995-01-31', 0, NULL, NULL, 0, NULL, NULL, NULL, '2022-06-17 17:01:28'),
	(1296, 3, 901, '206271c41e3c535d63e0f20fb3ceeda9ad9aa155a57a6f4f754baf0be65e396f', 'Jacqueline Batista Brache', '829-7195123', 'jbatistaevents@gmail.com', '8', 'fe38ccf6209d26379977efa066b9f2643720648fc6d1eecff271701295f586cb', 0, NULL, '1967-06-28', 0, NULL, NULL, 0, NULL, NULL, NULL, '2022-06-17 17:01:30'),
	(1298, 3, 903, 'c00abb9830c74c2c2a951ef3e7d2f4a541109c9e7da4f3455f8da947dced238c', 'Rashelly Altagracia Almonte Cruzado', '123456', 'archemir@gmail.com', '1', 'c08481e046a98d124fee4ecb38077c5e040d32c530a25788a13f34fbaac1d3b9', 0, NULL, '2022-07-11', 0, '2022-08-02 12:44:24', 'f70887291c1c821284fc1500bd17', 0, NULL, NULL, NULL, '2022-07-12 10:13:57'),
	(1302, 3, 907, 'c23c2d09da59e981c158736e72d7959a954b2529d5cee95af4d4500bf1a262e4', 'Nabil Sojel Lopez Hawa', '123456', 'LOP001@UNI.COM', '8', 'd4bcac140f85d4eb23e4575c93ad9ae451467b37ccb29f1fd30d80bb1e9052c1', 0, NULL, '2022-08-08', 0, NULL, NULL, 0, NULL, NULL, NULL, '2022-08-12 18:19:29'),
	(1304, 1, 1, 'c00abb9830c74c2c2a951ef3e7d2f4a541109c9e7da4f3455f8da947dced238c', 'Angel Nuñes', '123456', 'angelabrahannunez@gmail.com', '1', 'd1975bd702458f7d87b9ad094fe02c44842ea6841e023130ead4a184c3759d4c', 0, NULL, NULL, 0, '2023-02-23 18:56:47', '07e238123a51cb268349db22cda3', 0, NULL, NULL, NULL, NULL),
	(1305, 1, 1, 'c00abb9830c74c2c2a951ef3e7d2f4a541109c9e7da4f3455f8da947dced238c', 'Joan Diaz', '1234', 'joanmarcos@gmail.com', '1', '02db39bba053aefca40fb3fd1a753617bfa97666e38b8ccf59eb78c68663b00e', 0, NULL, NULL, 0, '2023-02-17 18:53:55', '194bb46bcf836ee63fe6e1469a8d', 0, NULL, NULL, NULL, NULL),
	(1306, 1, 1, 'c00abb9830c74c2c2a951ef3e7d2f4a541109c9e7da4f3455f8da947dced238c', 'Maria Rossi', '12345', 'g.rossitroncoso@gmail.com', '1', '1a564a0f4cd0af497882572e26a42bd07c2148fda45de7130d4c1c4c8c312fe7', 0, NULL, NULL, 0, NULL, NULL, 0, NULL, NULL, NULL, NULL),
	(1307, 1, 1, 'f0c17f4a860ff1435acedfa8e738cddaa02d74310abc099044fbfc6bcdc834ce', 'Nicole Pellerano', '8295702729', 'npellerano@unitedcapitaldr.com', '1', 'ba5b858b03d3b438f9727c35054d11462a97678ce83d8af0e7aa13692692ee96', 0, NULL, NULL, 0, '2023-01-25 14:01:06', 'a172d1a9dba038acf12f902134b2', 0, NULL, NULL, NULL, NULL),
	(1308, 3, 908, 'c00abb9830c74c2c2a951ef3e7d2f4a541109c9e7da4f3455f8da947dced238c', 'Olga Berenice Espinola Ruiz', '123456', 'oespinola@unitedcapitaldr.com', '1', '63ec05e37950e1fc2eff1748a052e9d4c324e0415a350a7227723501494ea87f', 0, NULL, '1960-12-22', 0, '2022-12-22 14:15:00', 'b0a3d0b843a2d68dc60cd8f9666e', 0, NULL, NULL, NULL, '2022-12-21 16:35:27'),
	(1309, 3, 909, 'c00abb9830c74c2c2a951ef3e7d2f4a541109c9e7da4f3455f8da947dced238c', 'Rosa Virginia Espaillat Harper', '123456', 'rosaespaillat@gmail.com', '1', '46e93088c2a188802373ea86e2aaf5ddfa7580c66d940832fb1414ee8359e784', 0, NULL, '1961-12-11', 0, '2022-12-29 10:01:14', 'e2b33020fa93f53c4888a3241214', 0, NULL, 0, 0, '2022-12-21 16:36:46'),
	(1310, 3, 910, 'c00abb9830c74c2c2a951ef3e7d2f4a541109c9e7da4f3455f8da947dced238c', 'Angel Abraham Nunez Feliz', '123456', 'alexisv@adverweb.com', '1', '882eda963e85e29b2bec48502e76e0d49b5ab08491a05537f938ffa98f3a7b38', 0, NULL, '1984-01-02', 0, '2023-03-23 15:21:59', 'feb2e9142985ae2b72d7624b11cf', 0, NULL, 0, 0, '2023-02-17 11:21:40'),
	(1311, 3, 911, 'c00abb9830c74c2c2a951ef3e7d2f4a541109c9e7da4f3455f8da947dced238c', 'Joan Marcos Diaz Rodriguez', '12356', 'jdiaz@unitedcapitaldr.com', '1', '1c9ae8b0231c94eed722d5c2c30171c55b63ffd28ce25060ed491f7cd33e0c00', 0, NULL, '1980-07-18', 1, '2023-02-23 18:57:35', '07e89cb1f3d956d7e2c773a5c5c2', 0, NULL, NULL, NULL, '2023-01-05 12:30:17'),
	(1312, 3, 912, 'c00abb9830c74c2c2a951ef3e7d2f4a541109c9e7da4f3455f8da947dced238c', 'Maria Gabriela Rossi Troncoso', '123456', 'mrossi@unitedcapitaldr.com', '1', '3a3bf9b416a6743122ecec779019df4c6e816c08129ea9f8ed588d4f9b575410', 0, NULL, '1977-09-30', 0, NULL, NULL, 0, NULL, NULL, NULL, '2023-01-05 12:35:57'),
	(1313, 3, 913, 'c00abb9830c74c2c2a951ef3e7d2f4a541109c9e7da4f3455f8da947dced238c', 'Enmanuel Jesus Ramirez Salcedo', '123456', 'eramirez@unitedcapitaldr.com', '1', '94dd8d3c73d822ef92911698ba5ea3a85a19c2b5cb0bc877b14dbc3dc7f4bc23', 0, NULL, '1962-05-17', 0, '2023-01-25 14:38:33', 'a38f38583b14041f507d9905a6f7', 0, NULL, NULL, NULL, '2023-01-05 12:37:46'),
	(1317, 3, 917, 'd94aeb5e2a2478e91fdc7b3516b9afd4d04250f0bd45c3921c23df27a2ae218f', 'Parallax Valores Puesto De Bolsa  Parval  S A', '123456', 'jromero@adverweb.com', '8', '91d3a6c7c038eafa1bda1bf261207c2380b2d9926e390377f1472fcb23c2c92c', 0, NULL, '2023-01-30', 0, NULL, NULL, 1, NULL, NULL, NULL, '2023-01-30 09:27:26'),
	(1319, 3, 919, 'c00abb9830c74c2c2a951ef3e7d2f4a541109c9e7da4f3455f8da947dced238c', 'Racheky Valentina Valdez Aquino', '8295702729', 'moreno.julio@c-ven.com', '1', 'dae549193784922130e2df5651bad86ba4ec392298ded5af066fa6ad31382d9a', 0, NULL, '2023-02-08', 1, '2023-02-23 15:34:12', 'fc439ba5370c8b40194e66f63de5', 0, NULL, 0, 0, '2023-02-08 17:06:28'),
	(1320, 6, 1, 'c00abb9830c74c2c2a951ef3e7d2f4a541109c9e7da4f3455f8da947dced238c', 'Atención Cliente', '12345', 'atencion_cliente@adverweb.com', '1', 'bae314241d7e058cb1697ff49e8a1f426cc93ecc51625671c05369892ebc40e6', 0, NULL, NULL, 0, '2023-02-13 15:18:16', 'c328fa07e94f498afcb7f4dbc61a', 0, NULL, NULL, NULL, NULL),
	(1321, 7, 1, 'c00abb9830c74c2c2a951ef3e7d2f4a541109c9e7da4f3455f8da947dced238c', 'Riesgo', '12345', 'riesgo@adverweb.com', '1', '966be7fb590202d7d505d72828be20ddffa82d74764b8e1efe3d161e302821e0', 0, NULL, NULL, 0, '2023-02-10 14:01:05', 'c7cb123f01ab02f548075abf3e0e', 0, NULL, NULL, NULL, NULL),
	(1322, 8, 1, 'c00abb9830c74c2c2a951ef3e7d2f4a541109c9e7da4f3455f8da947dced238c', 'Trading', '12345', 'trading@adverweb.com', '1', 'f2b047b170501a1acb01fb66b1749488aee8ee15653f66b69425bffe3e032e17', 0, NULL, NULL, 0, '2023-02-10 14:01:43', 'c7d3ec04e985567feb5dc08d4ba0', 0, NULL, NULL, NULL, NULL),
	(1323, 7, 1, 'c00abb9830c74c2c2a951ef3e7d2f4a541109c9e7da4f3455f8da947dced238c', 'Riesgo', '8295207981', 'riesgo@unitedcapitaldr.com', '1', 'd6ddedc32262eeda391de9055757512baca68af2a8ab68c004fcc4312129baca', 0, NULL, NULL, 1, '2023-02-17 10:59:00', 'fe128b74090e4502376c043cadd5', 0, NULL, NULL, NULL, NULL),
	(1324, 8, 1, 'c00abb9830c74c2c2a951ef3e7d2f4a541109c9e7da4f3455f8da947dced238c', 'Trading', '8295207981', 'trading@unitedcapitaldr.com', '1', '6e613cc8a2da7417e80de87306a8a81ae15510e741d9b62e4f6916180c2a3eed', 0, NULL, NULL, 1, '2023-02-17 11:30:43', 'fff56a980ba53bf57fb1b02e6de3', 0, NULL, NULL, NULL, NULL),
	(1325, 6, 1, 'c00abb9830c74c2c2a951ef3e7d2f4a541109c9e7da4f3455f8da947dced238c', 'Atencion', '8295207981', 'ac@unitedcapitaldr.com', '1', '76813c04c2c17b989adcc47d1229b609f9d09df559c5f5041b540dff4e7c5e29', 0, NULL, NULL, 2, '2023-02-17 11:32:15', 'ffc2abaf5ee6c0719033abb3a5d0', 0, NULL, NULL, NULL, NULL),
	(1326, 3, 920, 'c00abb9830c74c2c2a951ef3e7d2f4a541109c9e7da4f3455f8da947dced238c', 'Wilber Jose Tapia', '8295207981', 'alexdddisv@adverweb.com', '1', '9f73cf5779e5046b52f6d0c16cc028e7d32d1465248dae3a3f9973bec4b60dd0', 0, NULL, '2023-02-15', 1, '2023-02-28 13:38:31', '919ae5ea0476c43793f6572008da', 0, NULL, NULL, NULL, '2023-02-13 18:15:30'),
	(1329, 1, 1, 'c00abb9830c74c2c2a951ef3e7d2f4a541109c9e7da4f3455f8da947dced238c', 'Wilber Tapia', '8295207981', 'wtapia@unitedcapitaldr.com', '1', '8fb4189b40d24da1a3c31c917d5f5808cea3036621b2056d788d45daec79c263', 0, NULL, NULL, 0, '2023-02-20 08:40:19', 'ed68d4389754cf5c7e7f7e46526c', 0, NULL, NULL, NULL, NULL),
	(1333, 3, 927, 'a5a6852e3483dc7fd3ea4d2743e1947ed321feb159a20679e08ac30180c8a406', 'Salcedo Perez Miguel Angel', NULL, 'jalexisv@adverweb.com', '8', 'aefa7d4f93290a566e6a75862e32168f9fd0be295a54badbafddc6c677315a6f', 0, NULL, '1987-06-29', 0, NULL, NULL, 0, NULL, NULL, NULL, '2023-06-09 06:12:45');

